-- Table structure for table `provinces`
--

CREATE TABLE `provinces` (
  `id` bigint(20) UNSIGNED NOT NULL,
  `province_code` varchar(255) DEFAULT NULL,
  `nepali_name` varchar(255) NOT NULL,
  `english_name` varchar(255) DEFAULT NULL,
  `deleted_at` timestamp NULL DEFAULT NULL,
  `created_at` timestamp NULL DEFAULT NULL,
  `updated_at` timestamp NULL DEFAULT NULL
) ENGINE=InnoDB DEFAULT CHARSET=utf8mb4 COLLATE=utf8mb4_unicode_ci;

--
-- Dumping data for table `provinces`
--

INSERT INTO `provinces` (`id`, `province_code`, `nepali_name`, `english_name`, `deleted_at`, `created_at`, `updated_at`) VALUES
(1, '1', 'कोशि प्रदेश', 'Koshi Province', NULL, NULL, NULL),
(2, '2', 'मधेश प्रदेश', 'Madhesh', NULL, NULL, NULL),
(3, '3', 'बााग्मती प्रदेश', 'Bagmati', NULL, NULL, NULL),
(4, '4', 'गण्डकी प्रदेश', 'Gandaki', NULL, NULL, NULL),
(5, '5', 'लुम्बिनि प्रदेश', 'Lumbini', NULL, NULL, NULL),
(6, '6', 'कर्णाली प्रदेश', 'Karnali', NULL, NULL, NULL),
(7, '7', 'सुदुरपश्चिम प्रदेश', 'Sudurpaschim', NULL, NULL, NULL);

-- --------------------------------------------------------

--
-- Table structure for table `push_notifications`
--

CREATE TABLE `push_notifications` (
  `id` bigint(20) UNSIGNED NOT NULL,
  `sender` int(11) DEFAULT NULL,
  `message` longtext NOT NULL,
  `receiver` int(11) DEFAULT NULL,
  `deleted_at` timestamp NULL DEFAULT NULL,
  `created_at` timestamp NULL DEFAULT NULL,
  `updated_at` timestamp NULL DEFAULT NULL
) ENGINE=InnoDB DEFAULT CHARSET=utf8mb4 COLLATE=utf8mb4_unicode_ci;

--
-- Dumping data for table `push_notifications`
--

INSERT INTO `push_notifications` (`id`, `sender`, `message`, `receiver`, `deleted_at`, `created_at`, `updated_at`) VALUES
(1, NULL, 'Test Message', NULL, NULL, '2024-08-25 03:29:01', '2024-08-25 03:29:01'),
(2, NULL, 'Hello chrome', NULL, NULL, '2024-08-26 02:08:28', '2024-08-26 02:08:28');

-- --------------------------------------------------------

--
-- Table structure for table `roles`
--

CREATE TABLE `roles` (
  `id` bigint(20) UNSIGNED NOT NULL,
  `name` varchar(255) NOT NULL,
  `guard_name` varchar(255) NOT NULL,
  `created_at` timestamp NULL DEFAULT NULL,
  `updated_at` timestamp NULL DEFAULT NULL
) ENGINE=InnoDB DEFAULT CHARSET=utf8mb4 COLLATE=utf8mb4_unicode_ci;

--
-- Dumping data for table `roles`
--

INSERT INTO `roles` (`id`, `name`, `guard_name`, `created_at`, `updated_at`) VALUES
(1, 'Administrator', 'web', '2024-06-25 10:39:42', '2024-06-25 10:39:42');

-- --------------------------------------------------------

--
-- Table structure for table `role_has_permissions`
--

CREATE TABLE `role_has_permissions` (
  `permission_id` bigint(20) UNSIGNED NOT NULL,
  `role_id` bigint(20) UNSIGNED NOT NULL
) ENGINE=InnoDB DEFAULT CHARSET=utf8mb4 COLLATE=utf8mb4_unicode_ci;

--
-- Dumping data for table `role_has_permissions`
--

INSERT INTO `role_has_permissions` (`permission_id`, `role_id`) VALUES
(1, 1),
(2, 1),
(3, 1),
(4, 1),
(5, 1),
(6, 1),
(7, 1),
(8, 1),
(9, 1),
(10, 1),
(11, 1),
(12, 1),
(13, 1),
(14, 1),
(15, 1),
(16, 1),
(17, 1),
(18, 1),
(19, 1),
(20, 1),
(21, 1),
(22, 1),
(23, 1),
(24, 1),
(25, 1),
(26, 1),
(27, 1),
(28, 1),
(29, 1),
(30, 1),
(31, 1),
(32, 1),
(33, 1),
(34, 1),
(35, 1),
(36, 1),
(37, 1),
(38, 1),
(39, 1),
(40, 1),
(41, 1),
(42, 1),
(43, 1),
(44, 1),
(45, 1),
(46, 1),
(47, 1),
(48, 1),
(49, 1),
(50, 1),
(51, 1),
(52, 1),
(53, 1),
(54, 1),
(55, 1),
(56, 1),
(57, 1),
(58, 1),
(59, 1),
(60, 1),
(61, 1);

-- --------------------------------------------------------

--
-- Table structure for table `rosters`
--

CREATE TABLE `rosters` (
  `id` bigint(20) UNSIGNED NOT NULL,
  `fy_id` bigint(20) UNSIGNED DEFAULT NULL,
  `roster_code` varchar(50) DEFAULT NULL,
  `lang` enum('en','np') DEFAULT 'np',
  `org_id` bigint(20) UNSIGNED NOT NULL,
  `roster_title` text NOT NULL,
  `roster_details` longtext DEFAULT NULL,
  `start_date` datetime NOT NULL,
  `end_date` datetime NOT NULL,
  `apply_online` int(11) DEFAULT NULL,
  `apply_offline` int(11) DEFAULT NULL,
  `apply_email` int(11) DEFAULT NULL,
  `view_count` int(11) NOT NULL DEFAULT 0,
  `like_count` int(11) NOT NULL DEFAULT 0,
  `status` int(11) NOT NULL DEFAULT 1,
  `medias` varchar(255) DEFAULT NULL,
  `submission_email` varchar(255) DEFAULT NULL,
  `submission_address` varchar(255) DEFAULT NULL,
  `external_links` varchar(255) DEFAULT NULL,
  `form_type` int(11) NOT NULL,
  `creator_id` bigint(20) UNSIGNED NOT NULL,
  `verifyer_id` bigint(20) UNSIGNED DEFAULT NULL,
  `verified_at` datetime DEFAULT NULL,
  `service_id` bigint(20) UNSIGNED DEFAULT NULL,
  `service_amount` decimal(8,2) NOT NULL DEFAULT 0.00,
  `coupon_id` bigint(20) UNSIGNED DEFAULT NULL,
  `final_amount` decimal(8,2) NOT NULL DEFAULT 0.00,
  `payment_id` bigint(20) UNSIGNED DEFAULT NULL,
  `payment_method` varchar(50) DEFAULT NULL,
  `payment_remarks` text DEFAULT NULL,
  `publish_requested_at` datetime DEFAULT NULL,
  `deleted_at` timestamp NULL DEFAULT NULL,
  `created_at` timestamp NULL DEFAULT NULL,
  `updated_at` timestamp NULL DEFAULT NULL,
  `roster_slug` varchar(255) DEFAULT NULL
) ENGINE=InnoDB DEFAULT CHARSET=utf8mb4 COLLATE=utf8mb4_unicode_ci;

--
-- Dumping data for table `rosters`
--

INSERT INTO `rosters` (`id`, `fy_id`, `roster_code`, `lang`, `org_id`, `roster_title`, `roster_details`, `start_date`, `end_date`, `apply_online`, `apply_offline`, `apply_email`, `view_count`, `like_count`, `status`, `medias`, `submission_email`, `submission_address`, `external_links`, `form_type`, `creator_id`, `verifyer_id`, `verified_at`, `service_id`, `service_amount`, `coupon_id`, `final_amount`, `payment_id`, `payment_method`, `payment_remarks`, `publish_requested_at`, `deleted_at`, `created_at`, `updated_at`, `roster_slug`) VALUES
(1, NULL, '1', 'np', 1, 'Suchidarta', '<p>Roster Details</p>', '2024-06-26 00:00:00', '2024-06-27 00:00:00', 1, NULL, NULL, 0, 0, 4, NULL, NULL, NULL, NULL, 2, 1, NULL, NULL, 4, 2000.00, 1, 0.00, NULL, NULL, NULL, NULL, NULL, '2024-06-25 21:01:00', '2024-07-29 23:37:10', '1'),
(2, NULL, '2', 'np', 1, 'Suchidarta', '<p>Roster details</p>', '2024-06-13 00:00:00', '2024-06-26 00:00:00', 1, NULL, NULL, 0, 0, 2, NULL, NULL, NULL, NULL, 2, 1, NULL, NULL, 3, 5000.00, NULL, 5000.00, NULL, NULL, NULL, NULL, NULL, '2024-06-27 06:13:25', '2024-06-27 11:11:09', '2'),
(3, NULL, '3', 'np', 2, 'Suchidarta', '<p>Roster details here</p>', '2024-06-27 00:00:00', '2024-07-06 00:00:00', 1, 1, 1, 0, 0, 5, 'storage/rosters/3-1719559868.pdf', 'info@youngminds.com.np', 'office address here', NULL, 2, 2, NULL, NULL, 3, 5000.00, 3, 0.00, NULL, NULL, NULL, NULL, NULL, '2024-06-28 01:46:07', '2024-06-28 01:47:37', '3'),
(4, NULL, '4', 'np', 1, 'Suchidarta', '<p>test</p>', '2024-06-06 00:00:00', '2024-06-26 00:00:00', 1, NULL, NULL, 1, 0, 1, NULL, NULL, NULL, NULL, 1, 1, NULL, NULL, NULL, 0.00, NULL, 0.00, NULL, NULL, NULL, NULL, NULL, '2024-06-30 03:38:26', '2024-08-25 03:13:01', '4'),
(5, NULL, '5', 'np', 4, 'मौजुदा सूची दर्ता गर्ने सम्बन्धी सूचना', '<p>﻿<strong>﻿दलित जनजाती उत्थान केन्द्र, बारा</strong></p>\r\n\r\n<p><strong>मौजुदा सूची दर्ता गर्ने सम्बन्धी सूचना</strong></p>\r\n\r\n<p><strong>प्रथम पटक प्रकाशित मिति २०८१/०३/१६</strong></p>\r\n\r\n<p>यस संस्थालाइ चालु आ.ब.२०८१/०८२ का लागी आवश्यक पर्ने तपसिलका वस्तु तथा सेबा कार्यहरु उपलब्ध गराउन इच्छुक इजाजत प्राप्त व्यक्ति, फर्म, कम्पनी, संस्था, आपुर्तीकर्ता, निर्माण, व्यवसायी/परामर्शदाता/सेवाप्रदायक संस्थाबाट आर्थिक व्यवस्थापन नियमावली अन्तिम संशोधन २०८० को दफा २८.२ अनुसार मौजुदा सूची Standing list दर्ता गर्न सम्बन्धित सबैको जानकारीका लागि यो सूचना प्रकाशन गरिएको छ ।&nbsp;<strong>सूचना प्रकाशित भएको मितिले १५ दिनभित्र आफुले&nbsp;</strong>उपलब्ध गराउने वस्तु तथा/सेवा कार्यहरु अनुसार अलग अलग सूची तयार गरी यस कार्यालयमा रितपूर्वक निबेदन पेश गर्न हुन जानकारी गराईन्छ । मौजुदा सूचिको मान्य अबधि २०८१/०८२ को लागी मात्र रहनेछ भने उक्त सूचिमा समाबेश गर्ने वा नगर्ने सम्पूर्ण अधिकार यस कार्यलयमा सुरक्षित रहनेछ ।</p>\r\n\r\n<p><strong>तपसिल</strong></p>\r\n\r\n<p>१) स्टेशनरी, मसलन्द, कार्यालय सामान, ब्यानर तथा टिसर्ट छपाई, फर्निचर, होडिङ्ग बोर्ड प्रिन्ट, फलेक्स प्रिन्ट सम्बन्धि कार्य ।</p>\r\n\r\n<p>२) कम्प्यूटर सफ्टवेयर निर्माण, इन्टरनेट सेवा तथा सूचना प्रबिधि सम्बन्धि आपुर्ति तथा मर्मत सम्बन्धि कार्य ।</p>\r\n\r\n<p>३) पत्र-पत्रिका, सूचना तथा विज्ञापन प्रकाशन तथा प्रशारण सम्बन्धि कार्य ।</p>\r\n\r\n<p>४) कुरियर तथा ढुवानी सम्बन्धी कार्यहरू ।</p>\r\n\r\n<p>५) सबारी साधन (मोटरसाईकल, जिप) का लागी पार्टपुर्जा आपुर्ति तथा मर्मत सम्बन्धी कार्य ।</p>\r\n\r\n<p>६) कम्प्युटर, ल्यापटप, प्रिन्टर, फोटोकपी मेशिन, क्यामरा, फयाक्स मेसिन, सि.सि.टि.भि, UPS, epabx, प्रर्णाली, विभिन्न प्रकारका सोलार ब्याट्री, टिभी प्रोजेक्टर, टेलिफोन, सेट एवं तिनका पार्टपुर्जाहरु खरिद तथा मर्मत सम्बन्धि कार्य साथै यसका लागी आबश्यक पर्ने टोनर, मसीहरु र विद्युतीय सामानहरु खरीद तथा मर्मत कार्य ।</p>\r\n\r\n<p>७) हाउस किपिङ् तथा सरसफाई सम्बन्धी सामग्री तथा सेवा ।</p>\r\n\r\n<p>८) रंगरोगन सम्बन्धीका कार्यहरु ।</p>\r\n\r\n<p>९) सार्बजनिक निर्माण सामग्रीहरु खरिद सम्बन्धि कार्य ।</p>\r\n\r\n<p>१०) अध्ययन, अनुसन्धान, गोष्ठी, सेमिनार, तालिम तथा परामर्श सेवा संचालन सम्बन्धीका कार्य ।</p>\r\n\r\n<p>११) श्रब्य दृश्य सामग्री निर्माण तथा प्रशारण ।</p>\r\n\r\n<p>१२) औषधी तथा उपकरण सम्बन्धी कार्य ।</p>\r\n\r\n<p>१३) विभिन्न प्रकारका कृषिजन्य विउहरु, रसायनिक औषधी तथा कृषि उपकरणहरु ।</p>\r\n\r\n<p>१४) विभिन्न प्रकारका पशुजन्य विउहरु, रसायनिक औषधी तथा कृषि उपकरणहरु ।</p>\r\n\r\n<p>१५) यूवा तथा वालवालिकाहरुको लागि खेल सामग्री, खेलौना तथा अन्य शैक्षिक सामग्रीहरु ।</p>\r\n\r\n<p>१६) प्रिन्ट तथा फोटोकपी सम्बन्धी कार्यहरु ।</p>\r\n\r\n<p>१७) खाद्यान तथा खुद्रा समानहरुको बिक्री वितरण सम्बन्धी कार्यहरु ।</p>\r\n\r\n<p>१८) सवारी साधन तथा ढुवानी सम्बन्धी कार्यहरु ।</p>\r\n\r\n<p>१९) बस, हवाई टिकट बुकिङ सम्बन्धी कार्य ।</p>\r\n\r\n<p>२०) विभिन्न प्रकारका बिमा सम्बन्धी कार्यहरु ।</p>\r\n\r\n<p>२१) फर्निचर सम्बन्धी कार्यहरु ।</p>\r\n\r\n<p>२२) खाना, नास्ता, होटल, बास तथा तालिम हल सम्बन्धी कार्य ।</p>\r\n\r\n<p>२३) लेखा परिक्षण सेवा</p>\r\n\r\n<p>२४) अन्य परामर्श सेवाहरू (जस्तै भाषा अनुवाद, सम्पादन, तालिम, प्रशिक्षण आदि) , व्यवसायिक सिपमुलक तालिमहरु</p>\r\n\r\n<p>२५) प्राविधिक सम्बन्धि उपकरणहरु जस्तै (Total Station, GPS Measuring tape amni level auto leva high level scale ) आदी ।</p>\r\n\r\n<p>२६) नर्सरीजन्य कार्यहरु ।</p>\r\n\r\n<p>२७) कानुनी रुपमा मान्यता प्राप्त पशुपन्छी सम्बन्धी कार्यहरु ।</p>\r\n\r\n<p><strong>निबेदन साथ पेश गनु पर्ने कागजातहरु</strong></p>\r\n\r\n<ul>\r\n	<li>निवेदन</li>\r\n	<li>निबेदकले उपलब्ध गराउने सेवा/सामग्री</li>\r\n	<li>व्यवसाय दर्ता प्रमाण पत्र</li>\r\n	<li>स्थाई लेखा नम्बर प्यान वा मुल्य अभिवृद्धिकर भ्याट दर्ता प्रमाण पत्र</li>\r\n	<li>कर चुक्ता प्रमाण पत्र २०७९/०८०</li>\r\n	<li>प्रोप्राईटरको नागरिकताको प्रमाण पत्र</li>\r\n	<li>कालो सूचीमा नपरेको स्व:घोषणा</li>\r\n</ul>\r\n\r\n<p>आवेदकहरू मध्येबाट योग्य ठहरिएका विक्रेता, फर्म तथा कम्पनीहरूलाई मात्र सूचिकृत गरिने छ । यसरी सूचिकरण गर्दा पेश हुन आएको विवरण, क्षमता, अनुभव तथा दक्षतालाई छनौटको आधार मानिने छ । छनौटमा परेका कम्पनी तथा फर्मले सन्तोषजनक सेवा तथा समयमा सामान आपूर्ति नगरेको खण्डमा सूचीबाट विना सूचना नाम हटाउन सकिने छ । यस उपर कुनै दावी विरोध गर्न पाईने छैन ।</p>\r\n\r\n<p><strong>निबेदन पेस गर्ने प्रक्रिया</strong></p>\r\n\r\n<p>संचालक स्वयम कार्यालयमा उपस्थित भई हार्डकपी दर्ता गराउन सकिने, उपस्थित हुन नसकेको अवस्थामा दलित जनजाती उत्थान केन्द्र, बाराको ईमेल मार्फत पनि पठाउन सकिनेछ ।</p>\r\n\r\n<p><strong>इमेल:&nbsp;<a href=\"https://gmail.com/\">jobs.deuc@gmail.com</a></strong></p>\r\n\r\n<p>&nbsp;</p>\r\n\r\n<p>आवेदन आइतबार देखि शुक्रबार विहान १०:०० बजेदेखि बेलुका ५:०० बजेसम्म बुझाउन सकिने छ ।</p>\r\n\r\n<p>सूचिकरण गर्ने वा नगर्ने सम्बन्धी सम्पूर्ण अधिकार यस संस्थामा निहित रहने छ ।</p>\r\n\r\n<p><strong>थप जानकारीका लागि:</strong></p>\r\n\r\n<p><strong>दलित जनजाती उत्थान केन्द्र</strong></p>\r\n\r\n<p><strong>कलैया उ.म.न.पा. ६ बारा, मधेश प्रदेश</strong></p>\r\n\r\n<p><strong>टेलिफोन: +९७७&ndash;५३&ndash;५५१९०९</strong></p>', '2024-07-05 00:00:00', '2024-07-19 00:00:00', 1, NULL, 1, 0, 2, 3, NULL, 'jobs.deuc@gmail.com', NULL, NULL, 2, 4, NULL, NULL, 3, 5000.00, 4, 0.00, NULL, NULL, NULL, NULL, NULL, '2024-07-05 09:34:28', '2024-08-21 06:18:22', '5'),
(6, NULL, '6', 'np', 4, 'मौजुदा सूची दर्ता गर्ने सम्बन्धी सूचना-2', '<p>﻿<strong>﻿दलित जनजाती उत्थान केन्द्र, बारा</strong></p>\r\n\r\n<p><strong>मौजुदा सूची दर्ता गर्ने सम्बन्धी सूचना</strong></p>\r\n\r\n<p><strong>प्रथम पटक प्रकाशित मिति २०८१/०३/१६</strong></p>\r\n\r\n<p>यस संस्थालाइ चालु आ.ब.२०८१/०८२ का लागी आवश्यक पर्ने तपसिलका वस्तु तथा सेबा कार्यहरु उपलब्ध गराउन इच्छुक इजाजत प्राप्त व्यक्ति, फर्म, कम्पनी, संस्था, आपुर्तीकर्ता, निर्माण, व्यवसायी/परामर्शदाता/सेवाप्रदायक संस्थाबाट आर्थिक व्यवस्थापन नियमावली अन्तिम संशोधन २०८० को दफा २८.२ अनुसार मौजुदा सूची Standing list दर्ता गर्न सम्बन्धित सबैको जानकारीका लागि यो सूचना प्रकाशन गरिएको छ ।&nbsp;<strong>सूचना प्रकाशित भएको मितिले १५ दिनभित्र आफुले&nbsp;</strong>उपलब्ध गराउने वस्तु तथा/सेवा कार्यहरु अनुसार अलग अलग सूची तयार गरी यस कार्यालयमा रितपूर्वक निबेदन पेश गर्न हुन जानकारी गराईन्छ । मौजुदा सूचिको मान्य अबधि २०८१/०८२ को लागी मात्र रहनेछ भने उक्त सूचिमा समाबेश गर्ने वा नगर्ने सम्पूर्ण अधिकार यस कार्यलयमा सुरक्षित रहनेछ ।</p>\r\n\r\n<p><strong>तपसिल</strong></p>\r\n\r\n<p>१) स्टेशनरी, मसलन्द, कार्यालय सामान, ब्यानर तथा टिसर्ट छपाई, फर्निचर, होडिङ्ग बोर्ड प्रिन्ट, फलेक्स प्रिन्ट सम्बन्धि कार्य ।</p>\r\n\r\n<p>२) कम्प्यूटर सफ्टवेयर निर्माण, इन्टरनेट सेवा तथा सूचना प्रबिधि सम्बन्धि आपुर्ति तथा मर्मत सम्बन्धि कार्य ।</p>\r\n\r\n<p>३) पत्र-पत्रिका, सूचना तथा विज्ञापन प्रकाशन तथा प्रशारण सम्बन्धि कार्य ।</p>\r\n\r\n<p>४) कुरियर तथा ढुवानी सम्बन्धी कार्यहरू ।</p>\r\n\r\n<p>५) सबारी साधन (मोटरसाईकल, जिप) का लागी पार्टपुर्जा आपुर्ति तथा मर्मत सम्बन्धी कार्य ।</p>\r\n\r\n<p>६) कम्प्युटर, ल्यापटप, प्रिन्टर, फोटोकपी मेशिन, क्यामरा, फयाक्स मेसिन, सि.सि.टि.भि, UPS, epabx, प्रर्णाली, विभिन्न प्रकारका सोलार ब्याट्री, टिभी प्रोजेक्टर, टेलिफोन, सेट एवं तिनका पार्टपुर्जाहरु खरिद तथा मर्मत सम्बन्धि कार्य साथै यसका लागी आबश्यक पर्ने टोनर, मसीहरु र विद्युतीय सामानहरु खरीद तथा मर्मत कार्य ।</p>\r\n\r\n<p>७) हाउस किपिङ् तथा सरसफाई सम्बन्धी सामग्री तथा सेवा ।</p>\r\n\r\n<p>८) रंगरोगन सम्बन्धीका कार्यहरु ।</p>\r\n\r\n<p>९) सार्बजनिक निर्माण सामग्रीहरु खरिद सम्बन्धि कार्य ।</p>\r\n\r\n<p>१०) अध्ययन, अनुसन्धान, गोष्ठी, सेमिनार, तालिम तथा परामर्श सेवा संचालन सम्बन्धीका कार्य ।</p>\r\n\r\n<p>११) श्रब्य दृश्य सामग्री निर्माण तथा प्रशारण ।</p>\r\n\r\n<p>१२) औषधी तथा उपकरण सम्बन्धी कार्य ।</p>\r\n\r\n<p>१३) विभिन्न प्रकारका कृषिजन्य विउहरु, रसायनिक औषधी तथा कृषि उपकरणहरु ।</p>\r\n\r\n<p>१४) विभिन्न प्रकारका पशुजन्य विउहरु, रसायनिक औषधी तथा कृषि उपकरणहरु ।</p>\r\n\r\n<p>१५) यूवा तथा वालवालिकाहरुको लागि खेल सामग्री, खेलौना तथा अन्य शैक्षिक सामग्रीहरु ।</p>\r\n\r\n<p>१६) प्रिन्ट तथा फोटोकपी सम्बन्धी कार्यहरु ।</p>\r\n\r\n<p>१७) खाद्यान तथा खुद्रा समानहरुको बिक्री वितरण सम्बन्धी कार्यहरु ।</p>\r\n\r\n<p>१८) सवारी साधन तथा ढुवानी सम्बन्धी कार्यहरु ।</p>\r\n\r\n<p>१९) बस, हवाई टिकट बुकिङ सम्बन्धी कार्य ।</p>\r\n\r\n<p>२०) विभिन्न प्रकारका बिमा सम्बन्धी कार्यहरु ।</p>\r\n\r\n<p>२१) फर्निचर सम्बन्धी कार्यहरु ।</p>\r\n\r\n<p>२२) खाना, नास्ता, होटल, बास तथा तालिम हल सम्बन्धी कार्य ।</p>\r\n\r\n<p>२३) लेखा परिक्षण सेवा</p>\r\n\r\n<p>२४) अन्य परामर्श सेवाहरू (जस्तै भाषा अनुवाद, सम्पादन, तालिम, प्रशिक्षण आदि) , व्यवसायिक सिपमुलक तालिमहरु</p>\r\n\r\n<p>२५) प्राविधिक सम्बन्धि उपकरणहरु जस्तै (Total Station, GPS Measuring tape amni level auto leva high level scale ) आदी ।</p>\r\n\r\n<p>२६) नर्सरीजन्य कार्यहरु ।</p>\r\n\r\n<p>२७) कानुनी रुपमा मान्यता प्राप्त पशुपन्छी सम्बन्धी कार्यहरु ।</p>\r\n\r\n<p><strong>निबेदन साथ पेश गनु पर्ने कागजातहरु</strong></p>\r\n\r\n<ul>\r\n	<li>निवेदन</li>\r\n	<li>निबेदकले उपलब्ध गराउने सेवा/सामग्री</li>\r\n	<li>व्यवसाय दर्ता प्रमाण पत्र</li>\r\n	<li>स्थाई लेखा नम्बर प्यान वा मुल्य अभिवृद्धिकर भ्याट दर्ता प्रमाण पत्र</li>\r\n	<li>कर चुक्ता प्रमाण पत्र २०७९/०८०</li>\r\n	<li>प्रोप्राईटरको नागरिकताको प्रमाण पत्र</li>\r\n	<li>कालो सूचीमा नपरेको स्व:घोषणा</li>\r\n</ul>\r\n\r\n<p>आवेदकहरू मध्येबाट योग्य ठहरिएका विक्रेता, फर्म तथा कम्पनीहरूलाई मात्र सूचिकृत गरिने छ । यसरी सूचिकरण गर्दा पेश हुन आएको विवरण, क्षमता, अनुभव तथा दक्षतालाई छनौटको आधार मानिने छ । छनौटमा परेका कम्पनी तथा फर्मले सन्तोषजनक सेवा तथा समयमा सामान आपूर्ति नगरेको खण्डमा सूचीबाट विना सूचना नाम हटाउन सकिने छ । यस उपर कुनै दावी विरोध गर्न पाईने छैन ।</p>\r\n\r\n<p><strong>निबेदन पेस गर्ने प्रक्रिया</strong></p>\r\n\r\n<p>संचालक स्वयम कार्यालयमा उपस्थित भई हार्डकपी दर्ता गराउन सकिने, उपस्थित हुन नसकेको अवस्थामा दलित जनजाती उत्थान केन्द्र, बाराको ईमेल मार्फत पनि पठाउन सकिनेछ ।</p>\r\n\r\n<p><strong>इमेल:&nbsp;<a href=\"https://gmail.com/\">jobs.deuc@gmail.com</a></strong></p>\r\n\r\n<p>&nbsp;</p>\r\n\r\n<p>आवेदन आइतबार देखि शुक्रबार विहान १०:०० बजेदेखि बेलुका ५:०० बजेसम्म बुझाउन सकिने छ ।</p>\r\n\r\n<p>सूचिकरण गर्ने वा नगर्ने सम्बन्धी सम्पूर्ण अधिकार यस संस्थामा निहित रहने छ ।</p>\r\n\r\n<p><strong>थप जानकारीका लागि:</strong></p>\r\n\r\n<p><strong>दलित जनजाती उत्थान केन्द्र</strong></p>\r\n\r\n<p><strong>कलैया उ.म.न.पा. ६ बारा, मधेश प्रदेश</strong></p>\r\n\r\n<p><strong>टेलिफोन: +९७७&ndash;५३&ndash;५५१९०९</strong></p>', '2024-07-05 00:00:00', '2024-07-17 00:00:00', 1, NULL, NULL, 0, 0, 2, NULL, NULL, NULL, NULL, 1, 4, NULL, NULL, 3, 5000.00, NULL, 5000.00, NULL, NULL, NULL, NULL, NULL, '2024-07-05 09:38:56', '2024-07-06 02:55:24', '6'),
(7, NULL, '7', 'np', 4, 'मौजुदा सूची दर्ता गर्ने सम्बन्धी सूचना', '<p style=\"text-align:center\"><strong>Dalit Janajati Utthan Kendra,भोजपुर</strong></p>\n\n<p style=\"text-align:center\"><strong>मौजुदा सूची दर्ता गर्ने सम्बन्धी सूचना</strong></p>\n\n<p style=\"text-align:center\"><strong>प्रथम पटक प्रकाशित मिति 2024-07-11 00:00:00</strong></p>\n\n<p>यस संस्थालाइ चालु आ.ब.२०८१/०८२ का लागी आवश्यक पर्ने तपसिलका वस्तु तथा सेबा कार्यहरु उपलब्ध गराउन इच्छुक इजाजत प्राप्त व्यक्ति, फर्म, कम्पनी, संस्था, आपुर्तीकर्ता, निर्माण, व्यवसायी/परामर्शदाता/सेवाप्रदायक संस्थाहरु&nbsp;लाई&nbsp; मौजुदा सूची Standing list दर्ता गर्न सम्बन्धित सबैको जानकारीका लागि यो सूचना प्रकाशन गरिएको छ ।&nbsp;<strong>सूचना प्रकाशित भएको मितिले 6 दिन (2024-07-16 00:00:00 गते) भित्र आफुले&nbsp;</strong>उपलब्ध गराउने वस्तु तथा/सेवा कार्यहरु tal ulekhit bidhit baat निबेदन पेश गर्न हुन जानकारी गराईन्छ । मौजुदा सूचिको मान्य अबधि २०८१/०८२ को लागी मात्र रहनेछ भने उक्त सूचिमा समाबेश गर्ने वा नगर्ने सम्पूर्ण अधिकार यस कार्यलयमा सुरक्षित रहनेछ ।</p>\n<p>आवेदकहरू मध्येबाट योग्य ठहरिएका विक्रेता, फर्म तथा कम्पनीहरूलाई मात्र सूचिकृत गरिने छ । यसरी सूचिकरण गर्दा पेश हुन आएको विवरण, क्षमता, अनुभव तथा दक्षतालाई छनौटको आधार मानिने छ । छनौटमा परेका कम्पनी तथा फर्मले सन्तोषजनक सेवा तथा समयमा सामान आपूर्ति नगरेको खण्डमा सूचीबाट विना सूचना नाम हटाउन सकिने छ । यस उपर कुनै दावी विरोध गर्न पाईने छैन ।</p>', '2024-07-11 00:00:00', '2024-07-16 00:00:00', NULL, 1, 1, 4, 1, 1, 'storage/rosters/7-1720416795.docx', 'info@youngminds.com.np', 'office address', NULL, 2, 4, NULL, NULL, NULL, 0.00, NULL, 0.00, NULL, NULL, NULL, NULL, NULL, '2024-07-07 23:36:19', '2024-08-26 02:52:10', '7'),
(8, NULL, '8', 'np', 4, 'मौजुदा सूची दर्ता गर्ने सम्बन्धी सूचना', NULL, '2024-07-17 00:00:00', '2024-07-26 00:00:00', 1, NULL, NULL, 0, 0, 1, NULL, 'org4@youngminds.com.np', 'भोजपुर, फिदिम नगरपालिका ,address here', NULL, 1, 4, NULL, NULL, NULL, 0.00, NULL, 0.00, NULL, NULL, NULL, NULL, NULL, '2024-07-08 05:22:43', '2024-07-08 05:22:43', '8'),
(9, NULL, '9', 'np', 4, 'मौजुदा सूची दर्ता गर्ने सम्बन्धी सूचना', NULL, '2024-07-10 00:00:00', '2024-07-10 00:00:00', 1, 1, 1, 0, 0, 1, NULL, 'org4@youngminds.com.np', 'भोजपुर, फिदिम नगरपालिका ,address here', NULL, 1, 4, NULL, NULL, NULL, 0.00, NULL, 0.00, NULL, NULL, NULL, NULL, NULL, '2024-07-08 05:46:39', '2024-07-08 05:46:39', '9'),
(10, NULL, '10', 'np', 4, 'मौजुदा सूची दर्ता गर्ने सम्बन्धी सूचना', NULL, '2024-07-10 00:00:00', '2024-07-11 00:00:00', 1, 1, 1, 0, 0, 1, NULL, 'org4@youngminds.com.np', 'भोजपुर, फिदिम नगरपालिका ,address here', NULL, 1, 4, NULL, NULL, NULL, 0.00, NULL, 0.00, NULL, NULL, NULL, NULL, NULL, '2024-07-08 05:47:46', '2024-07-08 05:47:46', '10'),
(11, NULL, '11', 'np', 4, 'मौजुदा सूची दर्ता गर्ने सम्बन्धी सूचना', NULL, '2024-07-09 00:00:00', '2024-08-21 00:00:00', 1, 1, 1, 44, 5, 1, NULL, 'org4@youngminds.com.np', 'भोजपुर, फिदिम नगरपालिका ,address here', NULL, 1, 4, NULL, NULL, 3, 0.00, NULL, 0.00, NULL, NULL, NULL, NULL, NULL, '2024-07-08 05:49:33', '2024-09-02 10:17:48', '11'),
(12, NULL, '12', '', 4, 'मौजुदा सूची दर्ता गर्ने सम्बन्धी सूचना', '<p style=\"text-align:center\">Dalit Janajati Utthan Kendra,Bhojpur</p>\n\n<p style=\"text-align:center\"><strong>Call for Expression of Interest (EOI)- For Vendor Enlistment</strong></p>\n\n<p style=\"text-align:center\"><strong>First Date of Publication&nbsp; 2024-07-09 00:00:00</strong></p>\n\n<p>We invite eligible firms, suppliers, companies and individuals to express their interest in participating in our vendor listing for the fiscal year 2025. Your expertise is valued across various categories, and we look forward to your active participation. <strong>Please apply before 2024-07-09 00:00:00 .</strong></p>\n', '2024-07-09 00:00:00', '2024-07-09 00:00:00', 1, 1, 1, 35, 13, 1, NULL, 'org4@youngminds.com.np', 'भोजपुर, फिदिम नगरपालिका ,address here', NULL, 1, 4, NULL, NULL, 3, 0.00, NULL, 0.00, NULL, NULL, NULL, NULL, NULL, '2024-07-08 05:54:05', '2024-09-02 10:17:54', '12'),
(13, NULL, '13', 'en', 4, 'मौजुदा सूची दर्ता गर्ने सम्बन्धी सूचना', '<p style=\"text-align:center\">Dalit Janajati Utthan Kendra,Bhojpur</p>\n\n<p style=\"text-align:center\"><strong>Call for Expression of Interest (EOI)- For Vendor Enlistment</strong></p>\n\n<p style=\"text-align:center\"><strong>First Date of Publication&nbsp; 2024-07-09 00:00:00</strong></p>\n\n<p>We invite eligible firms, suppliers, companies and individuals to express their interest in participating in our vendor listing for the fiscal year 2025. Your expertise is valued across various categories, and we look forward to your active participation. <strong>Please apply before 2024-07-09 00:00:00 .</strong></p>\n', '2024-07-09 00:00:00', '2024-07-09 00:00:00', 1, 1, 1, 0, 0, 1, NULL, 'org4@youngminds.com.np', 'भोजपुर, फिदिम नगरपालिका ,address here', NULL, 1, 4, NULL, NULL, NULL, 0.00, NULL, 0.00, NULL, NULL, NULL, NULL, NULL, '2024-07-08 09:24:58', '2024-07-08 09:28:41', '13'),
(14, NULL, '14', '', 4, 'मौजुदा सूची दर्ता गर्ने सम्बन्धी सूचना', '<p style=\"text-align:center\">Dalit Janajati Utthan Kendra,Bhojpur</p>\n\n<p style=\"text-align:center\"><strong>Call for Expression of Interest (EOI)- For Vendor Enlistment</strong></p>\n\n<p style=\"text-align:center\"><strong>First Date of Publication&nbsp; 2024-07-10 00:00:00</strong></p>\n\n<p>We invite eligible firms, suppliers, companies and individuals to express their interest in participating in our vendor listing for the fiscal year 2025. Your expertise is valued across various categories, and we look forward to your active participation. <strong>Please apply before 2024-07-17 00:00:00 .</strong></p>\n', '2024-07-10 00:00:00', '2024-07-17 00:00:00', 1, 1, 1, 3, 1, 1, NULL, 'org4@youngminds.com.np', 'भोजपुर, फिदिम नगरपालिका ,address here', NULL, 1, 4, NULL, NULL, NULL, 0.00, NULL, 0.00, NULL, NULL, NULL, NULL, NULL, '2024-07-08 09:32:55', '2024-09-02 21:40:05', '14'),
(15, NULL, '15', '', 4, 'मौजुदा सूची दर्ता गर्ने सम्बन्धी सूचना', '<p style=\"text-align:center\">Dalit Janajati Utthan Kendra,Bhojpur</p>\n\n<p style=\"text-align:center\"><strong>Call for Expression of Interest (EOI)- For Vendor Enlistment</strong></p>\n\n<p style=\"text-align:center\"><strong>First Date of Publication&nbsp; 2024-07-09 00:00:00</strong></p>\n\n<p>We invite eligible firms, suppliers, companies and individuals to express their interest in participating in our vendor listing for the fiscal year 2025. Your expertise is valued across various categories, and we look forward to your active participation. <strong>Please apply before 2024-07-09 00:00:00 .</strong></p>\n', '2024-07-09 00:00:00', '2024-07-09 00:00:00', 1, 1, 1, 0, 0, 1, NULL, 'org4@youngminds.com.np', 'भोजपुर, फिदिम नगरपालिका ,address here', NULL, 1, 4, NULL, NULL, NULL, 0.00, NULL, 0.00, NULL, NULL, NULL, NULL, '2024-07-08 09:42:17', '2024-07-08 09:35:03', '2024-07-08 09:42:17', '15'),
(16, NULL, '16', '', 4, 'मौजुदा सूची दर्ता गर्ने सम्बन्धी सूचना', NULL, '2024-07-10 00:00:00', '2024-07-25 00:00:00', 1, NULL, NULL, 0, 0, 1, NULL, 'org4@youngminds.com.np', 'भोजपुर, फिदिम नगरपालिका ,address here', NULL, 2, 4, NULL, NULL, NULL, 0.00, NULL, 0.00, NULL, NULL, NULL, NULL, '2024-07-08 09:42:12', '2024-07-08 09:37:44', '2024-07-08 09:42:12', '16'),
(17, NULL, '17', 'en', 4, 'Schidarta', '<p style=\"text-align:center\">Dalit Janajati Utthan Kendra,Bhojpur</p>\n\n<p style=\"text-align:center\"><strong>Call for Expression of Interest (EOI)- For Vendor Enlistment</strong></p>\n\n<p style=\"text-align:center\"><strong>First Date of Publication&nbsp; 2024-07-09 00:00:00</strong></p>\n\n<p>We invite eligible firms, suppliers, companies and individuals to express their interest in participating in our vendor listing for the fiscal year 2025. Your expertise is valued across various categories, and we look forward to your active participation. <strong>Please apply before 2024-08-01 00:00:00 .</strong></p>\n', '2024-07-09 00:00:00', '2024-08-01 00:00:00', 1, 1, 1, 0, 0, 1, NULL, 'org4@youngminds.com.np', 'भोजपुर, फिदिम नगरपालिका ,address here', NULL, 2, 4, NULL, NULL, NULL, 0.00, NULL, 0.00, NULL, NULL, NULL, NULL, '2024-07-08 09:42:01', '2024-07-08 09:38:08', '2024-07-08 09:42:01', '17'),
(18, NULL, '18', 'en', 1, 'Suchidarta', NULL, '2024-07-11 00:00:00', '2024-07-24 00:00:00', 1, 1, 1, 0, 0, 1, NULL, 'org4@youngminds.com.np', 'भोजपुर, फिदिम नगरपालिका ,address here', NULL, 1, 4, NULL, NULL, NULL, 0.00, NULL, 0.00, NULL, NULL, NULL, NULL, '2024-07-08 09:42:07', '2024-07-08 09:39:26', '2024-07-08 09:42:07', '18'),
(19, NULL, '19', 'np', 4, 'Suchidarta', '<p style=\"text-align:center\">Dalit Janajati Utthan Kendra,Bhojpur</p>\r\n\r\n<p style=\"text-align:center\"><strong>Call for Expression of Interest (EOI)- For Vendor Enlistment</strong></p>\r\n\r\n<p style=\"text-align:center\"><strong>First Date of Publication&nbsp; 2024-07-11 00:00:00</strong></p>\r\n\r\n<p>We invite eligible firms, suppliers, companies and individuals to express their interest in participating in our vendor listing for the fiscal year 2025. Your expertise is valued across various categories, and we look forward to your active participation. <strong>Please apply before 2024-07-24 00:00:00 .</strong></p>', '2024-07-11 00:00:00', '2024-07-24 00:00:00', 1, 1, 1, 0, 0, 5, NULL, 'org4@youngminds.com.np', 'भोजपुर, फिदिम नगरपालिका ,address here', NULL, 1, 4, NULL, NULL, NULL, 0.00, NULL, 0.00, NULL, NULL, NULL, NULL, NULL, '2024-07-08 09:39:39', '2024-07-08 23:52:42', '19'),
(20, NULL, '20', 'en', 1, 'मौजुदा सूची दर्ता गर्ने सम्बन्धी सूचना', NULL, '2024-07-10 00:00:00', '2024-07-17 00:00:00', 1, 1, 1, 0, 0, 5, NULL, 'org4@youngminds.com.np', 'भोजपुर, फिदिम नगरपालिका ,address here', NULL, 1, 4, NULL, NULL, NULL, 0.00, NULL, 0.00, NULL, NULL, NULL, NULL, NULL, '2024-07-09 01:56:37', '2024-07-09 01:56:37', '20'),
(21, NULL, '21', 'en', 1, 'मौजुदा सूची दर्ता गर्ने सम्बन्धी सूचना', '<p style=\"text-align:center\">Dalit Janajati Utthan Kendra,Bhojpur</p>\r\n\r\n<p style=\"text-align:center\"><strong>Call for Expression of Interest (EOI)- For Vendor Enlistment</strong></p>\r\n\r\n<p style=\"text-align:center\"><strong>First Date of Publication&nbsp; 2024-07-10</strong></p>\r\n\r\n<p>We invite eligible firms, suppliers, companies and individuals to express their interest in participating in our vendor listing for the fiscal year 2025. Your expertise is valued across various categories, and we look forward to your active participation. <strong>Please apply before 2024-07-17 00:00:00 .</strong></p>', '2024-07-14 00:00:00', '2024-07-18 00:00:00', 1, 1, 1, 0, 0, 5, 'storage/rosters/21-1720854628.PNG', 'org4@youngminds.com.np', 'भोजपुर, फिदिम नगरपालिका ,address here', NULL, 1, 4, NULL, NULL, NULL, 0.00, NULL, 0.00, NULL, NULL, NULL, NULL, NULL, '2024-07-09 01:57:30', '2024-07-13 01:25:29', '21'),
(22, NULL, '22', 'en', 4, 'Advance Form मौजुदा सूची दर्ता गर्ने सम्बन्धी सूचना', '<p style=\"text-align:center\">Dalit Janajati Utthan Kendra,Bhojpur</p>\n\n<p style=\"text-align:center\"><strong>Call for Expression of Interest (EOI)- For Vendor Enlistment</strong></p>\n\n<p style=\"text-align:center\"><strong>First Date of Publication&nbsp; 2024-07-13</strong></p>\n\n<p>We invite eligible firms, suppliers, companies and individuals to express their interest in participating in our vendor listing for the fiscal year 2025. Your expertise is valued across various categories, and we look forward to your active participation. <strong>Please apply before 2024-07-26 00:00:00 .</strong></p>\n', '2024-07-13 00:00:00', '2024-08-23 00:00:00', 1, 1, 1, 0, 0, 5, 'storage/rosters/22-1720867190.PNG', 'org4@youngminds.com.np', 'भोजपुर, फिदिम नगरपालिका ,address here', NULL, 1, 4, NULL, NULL, 3, 5000.00, NULL, 5000.00, NULL, 'P&PL', 'payment', '2024-07-31 10:50:39', NULL, '2024-07-13 04:54:50', '2024-07-31 05:07:20', '22'),
(23, NULL, '23', 'np', 1, 'मौजुदा सूची दर्ता गर्ने सम्बन्धी सूचना', '<p style=\"text-align:center\"><strong>Dalit Janajati Utthan Kendra,भोजपुर</strong></p>\n\n<p style=\"text-align:center\"><strong>मौजुदा सूची दर्ता गर्ने सम्बन्धी सूचना</strong></p>\n\n<p style=\"text-align:center\"><strong>प्रथम पटक प्रकाशित मिति 2024-07-14', '2024-07-14 00:00:00', '2024-07-24 00:00:00', 1, 1, 1, 0, 0, 3, NULL, 'org4@youngminds.com.np', 'भोजपुर, फिदिम नगरपालिका ,address here', NULL, 1, 4, NULL, NULL, 3, 5000.00, 4, 0.00, NULL, NULL, NULL, NULL, NULL, '2024-07-14 00:32:03', '2024-07-14 00:34:10', '23'),
(24, NULL, '24', 'np', 4, 'मौजुदा सूची दर्ता गर्ने सम्बन्धी सूचना', '<p style=\"text-align:center\"><strong>Dalit Janajati Utthan Kendra,भोजपुर</strong></p>\n\n<p style=\"text-align:center\"><strong>मौजुदा सूची दर्ता गर्ने सम्बन्धी सूचना</strong></p>\n\n<p style=\"text-align:center\"><strong>प्रथम पटक प्रकाशित मिति 2024-07-18', '2024-07-18 00:00:00', '2024-07-24 00:00:00', 1, 1, 1, 0, 0, 2, NULL, 'org4@youngminds.com.np', 'भोजपुर, फिदिम नगरपालिका ,address here', NULL, 1, 4, NULL, NULL, 3, 5000.00, NULL, 5000.00, NULL, NULL, NULL, NULL, NULL, '2024-07-14 00:54:17', '2024-07-16 01:26:01', '24'),
(25, NULL, '25', 'np', 1, 'मौजुदा सूची दर्ता गर्ने सम्बन्धी सूचना', '<p style=\"text-align:center\"><strong>Dalit Janajati Utthan Kendra,भोजपुर</strong></p>\n\n<p style=\"text-align:center\"><strong>मौजुदा सूची दर्ता गर्ने सम्बन्धी सूचना</strong></p>\n\n<p style=\"text-align:center\"><strong>प्रथम पटक प्रकाशित मिति 2024-07-17</strong></p>\n\n<p>यस संस्थालाइ चालु आ.ब.२०८१/०८२ का लागी आवश्यक पर्ने तपसिलका वस्तु तथा सेबा कार्यहरु उपलब्ध गराउन इच्छुक इजाजत प्राप्त व्यक्ति, फर्म, कम्पनी, संस्था, आपुर्तीकर्ता, निर्माण, व्यवसायी/परामर्शदाता/सेवाप्रदायक संस्थाहरु&nbsp;लाई&nbsp; मौजुदा सूची Standing list दर्ता गर्न सम्बन्धित सबैको जानकारीका लागि यो सूचना प्रकाशन गरिएको छ ।&nbsp;<strong>सूचना प्रकाशित भएको मितिले 9 दिन (2024-07-25 00:00:00 गते) भित्र आफुले&nbsp;</strong>उपलब्ध गराउने वस्तु तथा/सेवा कार्यहरु tal ulekhit bidhit baat निबेदन पेश गर्न हुन जानकारी गराईन्छ । मौजुदा सूचिको मान्य अबधि २०८१/०८२ को लागी मात्र रहनेछ भने उक्त सूचिमा समाबेश गर्ने वा नगर्ने सम्पूर्ण अधिकार यस कार्यलयमा सुरक्षित रहनेछ ।</p>\n<p>आवेदकहरू मध्येबाट योग्य ठहरिएका विक्रेता, फर्म तथा कम्पनीहरूलाई मात्र सूचिकृत गरिने छ । यसरी सूचिकरण गर्दा पेश हुन आएको विवरण, क्षमता, अनुभव तथा दक्षतालाई छनौटको आधार मानिने छ । छनौटमा परेका कम्पनी तथा फर्मले सन्तोषजनक सेवा तथा समयमा सामान आपूर्ति नगरेको खण्डमा सूचीबाट विना सूचना नाम हटाउन सकिने छ । यस उपर कुनै दावी विरोध गर्न पाईने छैन ।</p>', '2024-07-17 00:00:00', '2024-07-25 00:00:00', 1, 1, 1, 0, 0, 5, NULL, 'org4@youngminds.com.np', 'भोजपुर, फिदिम नगरपालिका ,address here', NULL, 1, 4, NULL, NULL, NULL, 0.00, NULL, 0.00, NULL, NULL, NULL, NULL, NULL, '2024-07-14 00:56:38', '2024-07-14 00:56:38', '25'),
(26, NULL, '26', 'np', 4, 'मौजुदा सूची दर्ता गर्ने सम्बन्धी सूचना', '<p style=\"text-align:center\">﻿<strong>Dalit Janajati Utthan Kendra,भोजपुर</strong></p>\r\n\r\n<p style=\"text-align:center\"><strong>मौजुदा सूची दर्ता गर्ने सम्बन्धी सूचना</strong></p>\r\n\r\n<p style=\"text-align:center\"><strong>प्रथम पटक प्रकाशित मिति 2024-07-17</strong></p>\r\n\r\n<p>यस संस्थालाइ चालु आ.ब.२०८१/०८२ का लागी आवश्यक पर्ने तपसिलका वस्तु तथा सेबा कार्यहरु उपलब्ध गराउन इच्छुक इजाजत प्राप्त व्यक्ति, फर्म, कम्पनी, संस्था, आपुर्तीकर्ता, निर्माण, व्यवसायी/परामर्शदाता/सेवाप्रदायक संस्थाहरु&nbsp;लाई&nbsp; मौजुदा सूची Standing list दर्ता गर्न सम्बन्धित सबैको जानकारीका लागि यो सूचना प्रकाशन गरिएको छ ।&nbsp;<strong>सूचना प्रकाशित भएको मितिले 9 दिन (2024-07-25 गते) भित्र आफुले&nbsp;</strong>उपलब्ध गराउने वस्तु तथा/सेवा कार्यहरु tal ulekhit bidhit baat निबेदन पेश गर्न हुन जानकारी गराईन्छ । मौजुदा सूचिको मान्य अबधि २०८१/०८२ को लागी मात्र रहनेछ भने उक्त सूचिमा समाबेश गर्ने वा नगर्ने सम्पूर्ण अधिकार यस कार्यलयमा सुरक्षित रहनेछ ।</p>\r\n\r\n<p><strong>तपसिल</strong></p>\r\n\r\n<p>१) कार्यालय प्रयोजनका लागि मसलन्द तथा स्टेशनरी सामग्रीहरु,&nbsp;प्रिन्ट तथा फोटोकपी, ब्यानर तथा टिसर्ट छपाई, होडिङ्ग बोर्ड प्रिन्ट, फलेक्स प्रिन्ट सम्बन्धि कार्य ।</p>\r\n\r\n<p>२) कम्प्यूटर सफ्टवेयर निर्माण, इन्टरनेट सेवा तथा सूचना प्रबिधि सम्बन्धि आपुर्ति तथा मर्मत सम्बन्धि कार्य ।</p>\r\n\r\n<p>६) कम्प्युटर, ल्यापटप, प्रिन्टर, फोटोकपी मेशिन, क्यामरा, फयाक्स मेसिन, सि.सि.टि.भि, UPS, epabx, प्रर्णाली खरिद तथा मर्मत सम्बन्धि कार्य ।</p>\r\n\r\n<p>५) सबारी साधन (मोटरसाईकल, जिप) का लागी पार्टपुर्जा आपुर्ति तथा मर्मत सम्बन्धी कार्य ।</p>\r\n\r\n<p>८) रंगरोगन सम्बन्धीका कार्यहरु ।</p>\r\n\r\n<p>३) पत्र-पत्रिका, सूचना तथा विज्ञापन प्रकाशन तथा प्रशारण सम्बन्धि कार्य ।</p>\r\n\r\n<p>४) कुरियर तथा ढुवानी सम्बन्धी कार्यहरू ।</p>\r\n\r\n<p>२१) फर्निचर सम्बन्धी कार्यहरु ।</p>\r\n\r\n<p>९) सार्बजनिक निर्माण सामग्रीहरु खरिद सम्बन्धि कार्य ।</p>\r\n\r\n<p>७) हाउस किपिङ् तथा सरसफाई सम्बन्धी सामग्री तथा सेवा ।</p>\r\n\r\n<p>११) श्रब्य दृश्य सामग्री निर्माण तथा प्रशारण ।</p>\r\n\r\n<p>१०) अध्ययन, अनुसन्धान, गोष्ठी, सेमिनार, तालिम तथा परामर्श सेवा संचालन सम्बन्धीका कार्य ।</p>\r\n\r\n<p>२०) विभिन्न प्रकारका बिमा सम्बन्धी कार्यहरु ।</p>\r\n\r\n<p>१८) सवारी साधन तथा ढुवानी सम्बन्धी कार्यहरु ।</p>\r\n\r\n<p>१९) बस, हवाई टिकट(आन्तरिक र अन्तर्राष्ट्रिय) बुकिङ सम्बन्धी कार्य ।</p>\r\n\r\n<p>२२) खाना, नास्ता, होटल, बास तथा तालिम हल सम्बन्धी कार्य ।</p>\r\n\r\n<p>२४) कर्मचारी पदपुर्ती सम्बन्धि कार्य</p>\r\n\r\n<p>२३) लेखा परिक्षण सेवा</p>\r\n\r\n<p>२४) अन्य परामर्श सेवाहरू (जस्तै भाषा अनुवाद, सम्पादन, तालिम, प्रशिक्षण आदि) , व्यवसायिक सिपमुलक तालिमहरु</p>\r\n\r\n<p><strong>निबेदन साथ पेश गनु पर्ने कागजातहरु</strong></p>\r\n\r\n<ul>\r\n	<li>निवेदन</li>\r\n	<li>निबेदकले उपलब्ध गराउने सेवा/सामग्री</li>\r\n	<li>व्यवसाय दर्ता प्रमाण पत्र</li>\r\n	<li>स्थाई लेखा नम्बर प्यान वा मुल्य अभिवृद्धिकर भ्याट दर्ता प्रमाण पत्र</li>\r\n	<li>कर चुक्ता प्रमाण पत्र २०७९/०८०</li>\r\n	<li>कालो सूचीमा नपरेको स्व:घोषणा</li>\r\n</ul>\r\n\r\n<p><strong>निबेदन पेस गर्ने प्रक्रिया</strong></p>\r\n\r\n<ul>\r\n	<li>www.relayant.com बाट सोझै आबेदन दिन सकिने।</li>\r\n	<li><strong>org4@youngminds.com.np</strong> मा इमेलमा आबेदन पठाउन सकिने।</li>\r\n	<li>स्वयम कार्यालयमा उपस्थित भई आबेदन दर्ता गराउन सकिने ।</li>\r\n</ul>\r\n\r\n<p><strong>कार्यालय ठेगाना</strong><br />\r\nDalit Janajati Utthan Kendra,भोजपुर,फिदिम नगरपालिका,address here</p>\r\n\r\n<p>आवेदकहरू मध्येबाट योग्य ठहरिएका विक्रेता, फर्म तथा कम्पनीहरूलाई मात्र सूचिकृत गरिने छ । यसरी सूचिकरण गर्दा पेश हुन आएको विवरण, क्षमता, अनुभव तथा दक्षतालाई छनौटको आधार मानिने छ । छनौटमा परेका कम्पनी तथा फर्मले सन्तोषजनक सेवा तथा समयमा सामान आपूर्ति नगरेको खण्डमा सूचीबाट विना सूचना नाम हटाउन सकिने छ । यस उपर कुनै दावी विरोध गर्न पाईने छैन ।</p>', '2024-07-17 00:00:00', '2024-07-25 00:00:00', 1, 1, 1, 0, 0, 1, NULL, 'org4@youngminds.com.np', 'भोजपुर, फिदिम नगरपालिका ,address here', NULL, 2, 4, NULL, NULL, NULL, 0.00, NULL, 0.00, NULL, NULL, NULL, NULL, NULL, '2024-07-16 04:12:08', '2024-07-16 04:12:08', '26'),
(27, NULL, '27', 'en', 1, 'Suchidarta', '<p style=\"text-align:center\">Dalit Janajati Utthan Kendra,Bhojpur</p>\n\n<p style=\"text-align:center\"><strong>Call for Expression of Interest (EOI)- For Vendor Enlistment</strong></p>\n\n<p style=\"text-align:center\"><strong>First Date of Publication&nbsp; 2024-07-18</strong></p>\n\n<p>We invite eligible firms, suppliers, companies and individuals to express their interest in participating in our vendor listing for the fiscal year 2025. Your expertise is valued across various categories, and we look forward to your active participation. <strong>Please apply before 2024-07-19 00:00:00 .</strong></p>\n', '2024-07-18 00:00:00', '2024-07-19 00:00:00', 1, 1, 1, 0, 0, 5, NULL, 'org4@youngminds.com.np', 'भोजपुर, फिदिम नगरपालिका ,address here', NULL, 1, 4, NULL, NULL, 3, 5000.00, NULL, 5000.00, NULL, NULL, NULL, NULL, NULL, '2024-07-16 04:12:52', '2024-07-16 04:14:03', '27'),
(28, NULL, '28', 'en', 4, 'मौजुदा सूची दर्ता गर्ने सम्बन्धी सूचना', '<p style=\"text-align:center\">﻿Dalit Janajati Utthan Kendra,Bhojpur</p>\r\n\r\n<p style=\"text-align:center\">﻿<strong>﻿Call for Expression of Interest (EOI)- For Vendor Enlistment</strong></p>\r\n\r\n<p style=\"text-align:center\"><strong>First Date of Publication&nbsp; 2024-07-23</strong></p>\r\n\r\n<p>We invite eligible firms, suppliers, companies and individuals to express their interest in participating in our vendor listing for the fiscal year 2025. Your expertise is valued across various categories, and we look forward to your active participation. <strong>Please apply before 2024-07-31 .</strong></p>\r\n\r\n<p><strong>Vendor Enlistment for</strong></p>\r\n\r\n<p>1) IT services, Website and Software Development and hosting services.</p>\r\n\r\n<p>2) Domestic and International Air Ticketing and Facilitation on visa processing.</p>\r\n\r\n<p>3) Hotel services inside and outside Kathmandu valley.</p>\r\n\r\n<p>4) Vehicle hiring Services inside and outside Kathmandu valley</p>\r\n\r\n<p>5)&nbsp;Cargo and land transportation</p>\r\n\r\n<p>6) IT Supply and services (Computer, Laptop, Printer and Photocopy Machine, Cartridge, and IT accessories)</p>\r\n\r\n<p>7) Supply of Office furniture, fixtures and furnishing</p>\r\n\r\n<p>8) Maintenance (furniture, office plumbing and electricity maintenance)</p>\r\n\r\n<p>9) Insurance services (vehicle, medical, accidental, GPA etc.)</p>\r\n\r\n<p>10) Printing and publication (Visiting Card, notebook, annual report, books, t-shirts, cap, bags, winter wears, etc.)</p>\r\n\r\n<p>11) Advertisement agencies (online and print media)</p>\r\n\r\n<p>12) Office Supplies (Stationaries, and so on)</p>\r\n\r\n<p>13) Service Providers in office maintenance (computers, electricity, and plumbing)</p>\r\n\r\n<p>14) Construction Materials</p>\r\n\r\n<p>15) Legal Services</p>\r\n\r\n<p>16) Audit Services</p>\r\n\r\n<p>17) Internet Services</p>\r\n\r\n<p>२४) Human Resource Suplly Services</p>\r\n\r\n<p>२३)&nbsp;Other Consultancy Sservices (eg Translation, Editing, Training)</p>\r\n\r\n<p><strong>Required document to be submitted</strong></p>\r\n\r\n<ul>\r\n	<li>Cover Letter</li>\r\n	<li>A copy of firm Registration certificate</li>\r\n	<li>Copy of VAT/ PAN certificate</li>\r\n	<li>Latest tax clearance</li>\r\n	<li>Vendor profile</li>\r\n</ul>\r\n\r\n<p><strong>Application Method</strong></p>\r\n\r\n<ul>\r\n	<li>Apply directly from www.tornepal.com.</li>\r\n	<li>Send your application at <strong>org4@youngminds.com.np</strong></li>\r\n	<li>Submit your hard copy in the office</li>\r\n</ul>\r\n\r\n<p><strong>Office Address : </strong><br />\r\nDalit Janajati Utthan Kendra,Bhojpur,Phidim Municipality,address here</p>\r\n\r\n<p>No telephone calls, written inquiries, or personal inquiries will be entertained in this regard. We reserve the right to accept or reject all responses without incurring any obligation to any or all firms and without assigning any reason whatsoever.</p>', '2024-07-23 00:00:00', '2024-07-31 00:00:00', 1, 1, 1, 0, 0, 1, NULL, 'org4@youngminds.com.np', 'भोजपुर, फिदिम नगरपालिका ,address here', NULL, 2, 4, NULL, NULL, NULL, 0.00, NULL, 0.00, NULL, NULL, NULL, NULL, NULL, '2024-07-21 01:58:43', '2024-07-21 01:58:43', '28'),
(29, NULL, '29', 'en', 4, 'मौजुदा सूची दर्ता गर्ने सम्बन्धी सूचना', '<p style=\"text-align:center\">Dalit Janajati Utthan Kendra,Bhojpur</p>\r\n\r\n<p style=\"text-align:center\"><strong>Call for Expression of Interest (EOI)- For Vendor Enlistment</strong></p>\r\n\r\n<p style=\"text-align:center\"><strong>First Date of Publication&nbsp; 2024-07-25</strong></p>\r\n\r\n<p>We invite eligible firms, suppliers, companies and individuals to express their interest in participating in our vendor listing for the fiscal year 2025. Your expertise is valued across various categories, and we look forward to your active participation. <strong>Please apply before 2024-08-06 00:00:00 .</strong></p>', '2024-07-29 00:00:00', '2024-08-06 00:00:00', 1, 1, 1, 1, 0, 1, NULL, 'org4@youngminds.com.np', 'भोजपुर, फिदिम नगरपालिका ,address here', NULL, 1, 4, NULL, NULL, NULL, 0.00, NULL, 0.00, NULL, NULL, NULL, NULL, NULL, '2024-07-21 01:59:14', '2024-08-25 05:45:45', '29'),
(30, NULL, '30', 'np', 4, 'मौजुदा सूची दर्ता गर्ने सम्बन्धी सूचना', '<p style=\"text-align:center\">﻿<strong>Dalit Janajati Utthan Kendra,भोजपुर</strong></p>\r\n\r\n<p style=\"text-align:center\"><strong>मौजुदा सूची दर्ता गर्ने सम्बन्धी सूचना</strong></p>\r\n\r\n<p style=\"text-align:center\"><strong>प्रथम पटक प्रकाशित मिति 2024-07-24</strong></p>\r\n\r\n<p>यस संस्थालाइ चालु आ.ब.२०८१/०८२ का लागी आवश्यक पर्ने तपसिलका वस्तु तथा सेबा कार्यहरु उपलब्ध गराउन इच्छुक इजाजत प्राप्त व्यक्ति, फर्म, कम्पनी, संस्था, आपुर्तीकर्ता, निर्माण, व्यवसायी/परामर्शदाता/सेवाप्रदायक संस्थाहरु&nbsp;लाई&nbsp; मौजुदा सूची Standing list दर्ता गर्न सम्बन्धित सबैको जानकारीका लागि यो सूचना प्रकाशन गरिएको छ ।&nbsp;<strong>सूचना प्रकाशित भएको मितिले 2 दिन (2024-07-25 गते) भित्र आफुले&nbsp;</strong>उपलब्ध गराउने वस्तु तथा/सेवा कार्यहरु tal ulekhit bidhit baat निबेदन पेश गर्न हुन जानकारी गराईन्छ । मौजुदा सूचिको मान्य अबधि २०८१/०८२ को लागी मात्र रहनेछ भने उक्त सूचिमा समाबेश गर्ने वा नगर्ने सम्पूर्ण अधिकार यस कार्यलयमा सुरक्षित रहनेछ ।</p>\r\n\r\n<p><strong>तपसिल</strong></p>\r\n\r\n<p>१) कार्यालय प्रयोजनका लागि मसलन्द तथा स्टेशनरी सामग्रीहरु,&nbsp;प्रिन्ट तथा फोटोकपी, ब्यानर तथा टिसर्ट छपाई, होडिङ्ग बोर्ड प्रिन्ट, फलेक्स प्रिन्ट सम्बन्धि कार्य ।</p>\r\n\r\n<p>२) कम्प्यूटर सफ्टवेयर निर्माण, इन्टरनेट सेवा तथा सूचना प्रबिधि सम्बन्धि आपुर्ति तथा मर्मत सम्बन्धि कार्य ।</p>\r\n\r\n<p>६) कम्प्युटर, ल्यापटप, प्रिन्टर, फोटोकपी मेशिन, क्यामरा, फयाक्स मेसिन, सि.सि.टि.भि, UPS, epabx, प्रर्णाली खरिद तथा मर्मत सम्बन्धि कार्य ।</p>\r\n\r\n<p>५) सबारी साधन (मोटरसाईकल, जिप) का लागी पार्टपुर्जा आपुर्ति तथा मर्मत सम्बन्धी कार्य ।</p>\r\n\r\n<p>८) रंगरोगन सम्बन्धीका कार्यहरु ।</p>\r\n\r\n<p>३) पत्र-पत्रिका, सूचना तथा विज्ञापन प्रकाशन तथा प्रशारण सम्बन्धि कार्य ।</p>\r\n\r\n<p>४) कुरियर तथा ढुवानी सम्बन्धी कार्यहरू ।</p>\r\n\r\n<p>२१) फर्निचर सम्बन्धी कार्यहरु ।</p>\r\n\r\n<p>९) सार्बजनिक निर्माण सामग्रीहरु खरिद सम्बन्धि कार्य ।</p>\r\n\r\n<p>७) हाउस किपिङ् तथा सरसफाई सम्बन्धी सामग्री तथा सेवा ।</p>\r\n\r\n<p>११) श्रब्य दृश्य सामग्री निर्माण तथा प्रशारण ।</p>\r\n\r\n<p>१०) अध्ययन, अनुसन्धान, गोष्ठी, सेमिनार, तालिम तथा परामर्श सेवा संचालन सम्बन्धीका कार्य ।</p>\r\n\r\n<p>२०) विभिन्न प्रकारका बिमा सम्बन्धी कार्यहरु ।</p>\r\n\r\n<p>१८) सवारी साधन तथा ढुवानी सम्बन्धी कार्यहरु ।</p>\r\n\r\n<p>१९) बस, हवाई टिकट(आन्तरिक र अन्तर्राष्ट्रिय) बुकिङ सम्बन्धी कार्य ।</p>\r\n\r\n<p>२२) खाना, नास्ता, होटल, बास तथा तालिम हल सम्बन्धी कार्य ।</p>\r\n\r\n<p>२४) कर्मचारी पदपुर्ती सम्बन्धि कार्य</p>\r\n\r\n<p>२३) लेखा परिक्षण सेवा</p>\r\n\r\n<p>२४) अन्य परामर्श सेवाहरू (जस्तै भाषा अनुवाद, सम्पादन, तालिम, प्रशिक्षण आदि) , व्यवसायिक सिपमुलक तालिमहरु</p>\r\n\r\n<p><strong>निबेदन साथ पेश गनु पर्ने कागजातहरु</strong></p>\r\n\r\n<ul>\r\n	<li>निवेदन</li>\r\n	<li>निबेदकले उपलब्ध गराउने सेवा/सामग्री</li>\r\n	<li>व्यवसाय दर्ता प्रमाण पत्र</li>\r\n	<li>स्थाई लेखा नम्बर प्यान वा मुल्य अभिवृद्धिकर भ्याट दर्ता प्रमाण पत्र</li>\r\n	<li>कर चुक्ता प्रमाण पत्र २०७९/०८०</li>\r\n	<li>कालो सूचीमा नपरेको स्व:घोषणा</li>\r\n</ul>\r\n\r\n<p><strong>निबेदन पेस गर्ने प्रक्रिया</strong></p>\r\n\r\n<ul>\r\n	<li>www.relayant.com बाट सोझै आबेदन दिन सकिने।</li>\r\n	<li><strong>org4@youngminds.com.np</strong> मा इमेलमा आबेदन पठाउन सकिने।</li>\r\n	<li>स्वयम कार्यालयमा उपस्थित भई आबेदन दर्ता गराउन सकिने ।</li>\r\n</ul>\r\n\r\n<p><strong>कार्यालय ठेगाना</strong><br />\r\nDalit Janajati Utthan Kendra,भोजपुर,फिदिम नगरपालिका,address here</p>\r\n\r\n<p>आवेदकहरू मध्येबाट योग्य ठहरिएका विक्रेता, फर्म तथा कम्पनीहरूलाई मात्र सूचिकृत गरिने छ । यसरी सूचिकरण गर्दा पेश हुन आएको विवरण, क्षमता, अनुभव तथा दक्षतालाई छनौटको आधार मानिने छ । छनौटमा परेका कम्पनी तथा फर्मले सन्तोषजनक सेवा तथा समयमा सामान आपूर्ति नगरेको खण्डमा सूचीबाट विना सूचना नाम हटाउन सकिने छ । यस उपर कुनै दावी विरोध गर्न पाईने छैन ।</p>', '2024-07-24 00:00:00', '2024-07-25 00:00:00', 1, 1, 1, 0, 0, 5, NULL, 'org4@youngminds.com.np', 'भोजपुर, फिदिम नगरपालिका ,address here', NULL, 2, 4, NULL, NULL, 3, 5000.00, 4, 0.00, NULL, NULL, NULL, NULL, NULL, '2024-07-21 04:43:22', '2024-07-21 04:44:45', '30'),
(31, NULL, '31', 'en', 1, 'मौजुदा सूची दर्ता गर्ने सम्बन्धी सूचना', '<p style=\"text-align:center\">﻿Dalit Janajati Utthan Kendra,Bhojpur</p>\r\n\r\n<p style=\"text-align:center\">﻿<strong>﻿Call for Expression of Interest (EOI)- For Vendor Enlistment</strong></p>\r\n\r\n<p style=\"text-align:center\"><strong>First Date of Publication&nbsp; 2024-07-30</strong></p>\r\n\r\n<p>We invite eligible firms, suppliers, companies and individuals to express their interest in participating in our vendor listing for the fiscal year 2025. Your expertise is valued across various categories, and we look forward to your active participation. <strong>Please apply before 2024-08-02 .</strong></p>\r\n\r\n<p><strong>Vendor Enlistment for</strong></p>\r\n\r\n<p>1) IT services, Website and Software Development and hosting services.</p>\r\n\r\n<p>2) Domestic and International Air Ticketing and Facilitation on visa processing.</p>\r\n\r\n<p>3) Hotel services inside and outside Kathmandu valley.</p>\r\n\r\n<p>4) Vehicle hiring Services inside and outside Kathmandu valley</p>\r\n\r\n<p>5)&nbsp;Cargo and land transportation</p>\r\n\r\n<p>6) IT Supply and services (Computer, Laptop, Printer and Photocopy Machine, Cartridge, and IT accessories)</p>\r\n\r\n<p>7) Supply of Office furniture, fixtures and furnishing</p>\r\n\r\n<p>8) Maintenance (furniture, office plumbing and electricity maintenance)</p>\r\n\r\n<p>9) Insurance services (vehicle, medical, accidental, GPA etc.)</p>\r\n\r\n<p>10) Printing and publication (Visiting Card, notebook, annual report, books, t-shirts, cap, bags, winter wears, etc.)</p>\r\n\r\n<p>11) Advertisement agencies (online and print media)</p>\r\n\r\n<p>12) Office Supplies (Stationaries, and so on)</p>\r\n\r\n<p>13) Service Providers in office maintenance (computers, electricity, and plumbing)</p>\r\n\r\n<p>14) Construction Materials</p>\r\n\r\n<p>15) Legal Services</p>\r\n\r\n<p>16) Audit Services</p>\r\n\r\n<p>17) Internet Services</p>\r\n\r\n<p>२४) Human Resource Suplly Services</p>\r\n\r\n<p>२३)&nbsp;Other Consultancy Sservices (eg Translation, Editing, Training)</p>\r\n\r\n<p><strong>Required document to be submitted</strong></p>\r\n\r\n<ul>\r\n	<li>Cover Letter</li>\r\n	<li>A copy of firm Registration certificate</li>\r\n	<li>Copy of VAT/ PAN certificate</li>\r\n	<li>Latest tax clearance</li>\r\n	<li>Vendor profile</li>\r\n</ul>\r\n\r\n<p><strong>Application Method</strong></p>\r\n\r\n<ul>\r\n	<li>Apply directly from www.tornepal.com.</li>\r\n	<li>Send your application at <strong>org4@youngminds.com.np</strong></li>\r\n	<li>Submit your hard copy in the office</li>\r\n</ul>\r\n\r\n<p><strong>Office Address : </strong><br />\r\nDalit Janajati Utthan Kendra,Bhojpur,Phidim Municipality,address here</p>\r\n\r\n<p>No telephone calls, written inquiries, or personal inquiries will be entertained in this regard. We reserve the right to accept or reject all responses without incurring any obligation to any or all firms and without assigning any reason whatsoever.</p>', '2024-07-30 00:00:00', '2024-08-02 00:00:00', 1, 1, 1, 0, 0, 5, 'storage/rosters/31-1722221135.jpg', 'org4@youngminds.com.np', 'भोजपुर, फिदिम नगरपालिका ,address here', NULL, 2, 4, NULL, NULL, 4, 2000.00, NULL, 2000.00, NULL, 'BankDeposit', 'your details bank deposit', '2024-07-29 05:33:29', NULL, '2024-07-28 21:00:35', '2024-07-29 23:38:17', '31'),
(32, NULL, '32', 'en', 8, 'मौजुदा सूची दर्ता गर्ने सम्बन्धी सूचना', '<p style=\"text-align:center\">﻿RFP Nepal.com,</p>\r\n\r\n<p style=\"text-align:center\">﻿<strong>﻿Call for Expression of Interest (EOI)- For Vendor Enlistment</strong></p>\r\n\r\n<p style=\"text-align:center\"><strong>First Date of Publication&nbsp; 2024-08-07</strong></p>\r\n\r\n<p>We invite eligible firms, suppliers, companies and individuals to express their interest in participating in our vendor listing for the fiscal year 2025. Your expertise is valued across various categories, and we look forward to your active participation. <strong>Please apply before 2024-08-10 .</strong></p>\r\n\r\n<p><strong>Vendor Enlistment for</strong></p>\r\n\r\n<p>1) IT services, Website and Software Development and hosting services.</p>\r\n\r\n<p>2) Domestic and International Air Ticketing and Facilitation on visa processing.</p>\r\n\r\n<p>3) Hotel services inside and outside Kathmandu valley.</p>\r\n\r\n<p>4) Vehicle hiring Services inside and outside Kathmandu valley</p>\r\n\r\n<p>5)&nbsp;Cargo and land transportation</p>\r\n\r\n<p>6) IT Supply and services (Computer, Laptop, Printer and Photocopy Machine, Cartridge, and IT accessories)</p>\r\n\r\n<p>7) Supply of Office furniture, fixtures and furnishing</p>\r\n\r\n<p>8) Maintenance (furniture, office plumbing and electricity maintenance)</p>\r\n\r\n<p>9) Insurance services (vehicle, medical, accidental, GPA etc.)</p>\r\n\r\n<p>10) Printing and publication (Visiting Card, notebook, annual report, books, t-shirts, cap, bags, winter wears, etc.)</p>\r\n\r\n<p>11) Advertisement agencies (online and print media)</p>\r\n\r\n<p>12) Office Supplies (Stationaries, and so on)</p>\r\n\r\n<p>13) Service Providers in office maintenance (computers, electricity, and plumbing)</p>\r\n\r\n<p>14) Construction Materials</p>\r\n\r\n<p>15) Legal Services</p>\r\n\r\n<p>16) Audit Services</p>\r\n\r\n<p>17) Internet Services</p>\r\n\r\n<p>२४) Human Resource Suplly Services</p>\r\n\r\n<p>२३)&nbsp;Other Consultancy Sservices (eg Translation, Editing, Training)</p>\r\n\r\n<p><strong>Required document to be submitted</strong></p>\r\n\r\n<ul>\r\n	<li>Cover Letter</li>\r\n	<li>A copy of firm Registration certificate</li>\r\n	<li>Copy of VAT/ PAN certificate</li>\r\n	<li>Latest tax clearance</li>\r\n	<li>Vendor profile</li>\r\n</ul>\r\n\r\n<p><strong>Application Method</strong></p>\r\n\r\n<ul>\r\n	<li>Apply directly from www.tornepal.com.</li>\r\n	<li>Send your application at <strong>org6@youngminds.com.np</strong></li>\r\n	<li>Submit your hard copy in the office</li>\r\n</ul>\r\n\r\n<p><strong>Office Address : </strong><br />\r\nRFP Nepal.com,,,address</p>\r\n\r\n<p>No telephone calls, written inquiries, or personal inquiries will be entertained in this regard. We reserve the right to accept or reject all responses without incurring any obligation to any or all firms and without assigning any reason whatsoever.</p>', '2024-08-07 00:00:00', '2024-08-10 00:00:00', 1, 1, 1, 0, 0, 5, 'storage/rosters/32-1722319724.docx', 'org6@youngminds.com.np', ',  ,address', NULL, 2, 8, NULL, NULL, 3, 5000.00, NULL, 5000.00, NULL, 'P&PL', 'Publish and pay later notice', '2024-07-30 06:10:00', NULL, '2024-07-30 00:23:43', '2024-07-30 00:28:46', '32'),
(33, NULL, '33', 'np', 8, 'मौजुदा सूची दर्ता गर्ने सम्बन्धी सूचना', '<p style=\"text-align:center\"><strong>RFP Nepal.com,</strong></p>\n\n<p style=\"text-align:center\"><strong>मौजुदा सूची दर्ता गर्ने सम्बन्धी सूचना</strong></p>\n\n<p style=\"text-align:center\"><strong>प्रथम पटक प्रकाशित मिति 2024-08-01</strong></p>\n\n<p>यस संस्थालाइ चालु आ.ब.२०८१/०८२ का लागी आवश्यक पर्ने तपसिलका वस्तु तथा सेबा कार्यहरु उपलब्ध गराउन इच्छुक इजाजत प्राप्त व्यक्ति, फर्म, कम्पनी, संस्था, आपुर्तीकर्ता, निर्माण, व्यवसायी/परामर्शदाता/सेवाप्रदायक संस्थाहरु&nbsp;लाई&nbsp; मौजुदा सूची Standing list दर्ता गर्न सम्बन्धित सबैको जानकारीका लागि यो सूचना प्रकाशन गरिएको छ ।&nbsp;<strong>सूचना प्रकाशित भएको मितिले 8 दिन (2024-08-08 00:00:00 गते) भित्र आफुले&nbsp;</strong>उपलब्ध गराउने वस्तु तथा/सेवा कार्यहरु tal ulekhit bidhit baat निबेदन पेश गर्न हुन जानकारी गराईन्छ । मौजुदा सूचिको मान्य अबधि २०८१/०८२ को लागी मात्र रहनेछ भने उक्त सूचिमा समाबेश गर्ने वा नगर्ने सम्पूर्ण अधिकार यस कार्यलयमा सुरक्षित रहनेछ ।</p>\n<p>आवेदकहरू मध्येबाट योग्य ठहरिएका विक्रेता, फर्म तथा कम्पनीहरूलाई मात्र सूचिकृत गरिने छ । यसरी सूचिकरण गर्दा पेश हुन आएको विवरण, क्षमता, अनुभव तथा दक्षतालाई छनौटको आधार मानिने छ । छनौटमा परेका कम्पनी तथा फर्मले सन्तोषजनक सेवा तथा समयमा सामान आपूर्ति नगरेको खण्डमा सूचीबाट विना सूचना नाम हटाउन सकिने छ । यस उपर कुनै दावी विरोध गर्न पाईने छैन ।</p>', '2024-08-01 00:00:00', '2024-08-08 00:00:00', 1, 1, 1, 0, 1, 1, NULL, 'org6@youngminds.com.np', ',  ,address', NULL, 1, 8, NULL, NULL, NULL, 0.00, NULL, 0.00, NULL, NULL, NULL, NULL, NULL, '2024-07-30 02:48:14', '2024-08-19 08:32:53', '33');

-- --------------------------------------------------------

--
-- Table structure for table `roster_applications`
--

CREATE TABLE `roster_applications` (
  `id` bigint(20) UNSIGNED NOT NULL,
  `roster_id` bigint(20) UNSIGNED NOT NULL,
  `org_id` bigint(20) UNSIGNED NOT NULL,
  `apply_date` datetime NOT NULL,
  `tech_document` longtext DEFAULT NULL,
  `cover_letter` longtext DEFAULT NULL,
  `tech_document_file` varchar(255) DEFAULT NULL,
  `cover_letter_file` varchar(255) DEFAULT NULL,
  `application_fee` decimal(8,2) DEFAULT NULL,
  `payment_method` varchar(255) DEFAULT NULL,
  `payment_details` longtext DEFAULT NULL,
  `payment_status` int(11) DEFAULT NULL,
  `payment_paid_date` datetime DEFAULT NULL,
  `org_user_id` bigint(20) UNSIGNED DEFAULT NULL COMMENT 'org apply user id',
  `app_status` int(11) NOT NULL,
  `deleted_at` timestamp NULL DEFAULT NULL,
  `created_at` timestamp NULL DEFAULT NULL,
  `updated_at` timestamp NULL DEFAULT NULL
) ENGINE=InnoDB DEFAULT CHARSET=utf8mb4 COLLATE=utf8mb4_unicode_ci;

--
-- Dumping data for table `roster_applications`
--

INSERT INTO `roster_applications` (`id`, `roster_id`, `org_id`, `apply_date`, `tech_document`, `cover_letter`, `tech_document_file`, `cover_letter_file`, `application_fee`, `payment_method`, `payment_details`, `payment_status`, `payment_paid_date`, `org_user_id`, `app_status`, `deleted_at`, `created_at`, `updated_at`) VALUES
(1, 25, 4, '2024-07-14 00:00:00', NULL, '<p>This is my application details</p>', NULL, NULL, NULL, NULL, NULL, NULL, NULL, NULL, 2, NULL, '2024-07-14 01:51:46', '2024-07-21 02:01:51'),
(2, 25, 4, '2024-07-14 00:00:00', NULL, '<p>This is my application details</p>', NULL, NULL, NULL, NULL, NULL, NULL, NULL, NULL, 1, NULL, '2024-07-14 01:52:45', '2024-07-14 01:52:45'),
(3, 21, 4, '2024-07-14 00:00:00', NULL, NULL, NULL, NULL, NULL, NULL, NULL, NULL, NULL, 5, 1, NULL, '2024-07-14 09:06:45', '2024-07-14 09:06:45'),
(4, 20, 4, '2024-07-14 14:52:45', NULL, '<p>cover letter</p>', NULL, NULL, NULL, NULL, NULL, NULL, NULL, 5, 2, NULL, '2024-07-14 09:07:45', '2024-07-23 01:23:18'),
(5, 25, 4, '2024-07-14 00:00:00', NULL, '<p>app details here</p>', NULL, NULL, NULL, NULL, NULL, NULL, NULL, NULL, 2, NULL, '2024-07-14 09:33:48', '2024-07-14 09:33:48'),
(6, 3, 4, '2024-07-14 15:46:49', NULL, NULL, NULL, NULL, NULL, NULL, NULL, NULL, NULL, 5, 1, NULL, '2024-07-14 10:01:49', '2024-07-14 10:01:49'),
(7, 27, 4, '2024-07-16 10:01:58', NULL, NULL, NULL, NULL, NULL, NULL, NULL, NULL, NULL, 5, 1, NULL, '2024-07-16 04:16:58', '2024-07-16 04:16:58'),
(8, 30, 8, '2024-07-21 10:30:48', NULL, NULL, NULL, NULL, NULL, NULL, NULL, NULL, NULL, 8, 1, NULL, '2024-07-21 04:45:48', '2024-07-21 04:45:48'),
(9, 31, 4, '2024-07-30 05:28:21', NULL, '<p>application details</p>', NULL, NULL, NULL, NULL, NULL, NULL, NULL, 4, 2, NULL, '2024-07-29 23:43:21', '2024-07-31 05:02:55'),
(10, 31, 8, '2024-07-31 10:49:57', NULL, NULL, NULL, NULL, NULL, NULL, NULL, NULL, NULL, 8, 1, NULL, '2024-07-31 05:04:57', '2024-07-31 05:04:57'),
(11, 22, 8, '2024-07-31 10:54:27', NULL, '<p>Application Details goes here</p>', NULL, NULL, NULL, NULL, NULL, NULL, NULL, 8, 4, NULL, '2024-07-31 05:09:27', '2024-07-31 05:12:16'),
(12, 32, 4, '2024-08-02 06:18:45', NULL, NULL, NULL, NULL, NULL, NULL, NULL, NULL, NULL, 4, 1, NULL, '2024-08-02 00:33:45', '2024-08-02 00:33:45');

-- --------------------------------------------------------

--
-- Table structure for table `roster_application_documents`
--

CREATE TABLE `roster_application_documents` (
  `id` bigint(20) UNSIGNED NOT NULL,
  `app_id` bigint(20) UNSIGNED NOT NULL,
  `doc_type_id` bigint(20) UNSIGNED DEFAULT NULL,
  `document_title` varchar(255) DEFAULT NULL,
  `document_file` varchar(255) DEFAULT NULL,
  `document_external_link` varchar(255) DEFAULT NULL,
  `remarks` varchar(255) DEFAULT NULL,
  `deleted_at` timestamp NULL DEFAULT NULL,
  `created_at` timestamp NULL DEFAULT NULL,
  `updated_at` timestamp NULL DEFAULT NULL
) ENGINE=InnoDB DEFAULT CHARSET=utf8mb4 COLLATE=utf8mb4_unicode_ci;

--
-- Dumping data for table `roster_application_documents`
--

INSERT INTO `roster_application_documents` (`id`, `app_id`, `doc_type_id`, `document_title`, `document_file`, `document_external_link`, `remarks`, `deleted_at`, `created_at`, `updated_at`) VALUES
(1, 2, NULL, 'स्थाई लेखा नम्बर प्यान वा मुल्य अभिवृद्धिकर भ्याट दर्ता प्रमाण पत्र', 'storage/roster_applications/2-0-1720942665.PNG', NULL, NULL, NULL, '2024-07-14 01:52:45', '2024-07-14 01:52:45'),
(2, 2, NULL, 'पछिल्लो आर्थिक वर्ष कर चुक्ता प्रमाण पत्र', 'storage/roster_applications/2-1-1720942665.PNG', NULL, NULL, NULL, '2024-07-14 01:52:45', '2024-07-14 01:52:45'),
(3, 2, NULL, 'व्यवसाय दर्ता प्रमाण पत्र', 'storage/roster_applications/2-2-1720942665.PNG', NULL, NULL, NULL, '2024-07-14 01:52:45', '2024-07-14 01:52:45'),
(4, 2, NULL, 'Gharelu/Small Industry Registration Certificate', 'storage/roster_applications/2-3-1720942665.PNG', NULL, NULL, NULL, '2024-07-14 01:52:45', '2024-07-14 01:52:45'),
(5, 2, NULL, 'Trade and Commerce Registration Certificate', 'storage/roster_applications/2-4-1720942665.PNG', NULL, NULL, NULL, '2024-07-14 01:52:45', '2024-07-14 01:52:45'),
(6, 2, NULL, 'Ward/Municipality Office Registration', 'storage/roster_applications/2-5-1720942665.PNG', NULL, NULL, NULL, '2024-07-14 01:52:45', '2024-07-14 01:52:45'),
(7, 2, NULL, 'ISO प्रमाणीकरण', 'storage/roster_applications/2-6-1720942665.PNG', NULL, NULL, NULL, '2024-07-14 01:52:45', '2024-07-14 01:52:45'),
(8, 2, NULL, 'कालो सूचीमा नपरेको स्व:घोषणा', 'storage/roster_applications/2-7-1720942665.PNG', NULL, NULL, NULL, '2024-07-14 01:52:45', '2024-07-14 01:52:45'),
(9, 2, NULL, 'कम्पनी प्रोफाइल', 'storage/roster_applications/2-8-1720942665.PNG', NULL, NULL, NULL, '2024-07-14 01:52:45', '2024-07-14 01:52:45'),
(10, 2, NULL, 'निबेदन', 'storage/roster_applications/2-9-1720942665.PNG', NULL, NULL, NULL, '2024-07-14 01:52:45', '2024-07-14 01:52:45'),
(11, 5, NULL, 'व्यवसाय दर्ता प्रमाण पत्र', 'storage/roster_applications/5-0-1720970328.png', NULL, NULL, NULL, '2024-07-14 09:33:49', '2024-07-14 09:33:49'),
(12, 5, NULL, 'कम्पनी प्रोफाइल', 'storage/roster_applications/5-1-1720970329.PNG', NULL, NULL, NULL, '2024-07-14 09:33:49', '2024-07-14 09:33:49'),
(13, 1, NULL, 'व्यवसाय दर्ता प्रमाण पत्र', 'storage/roster_application_documents/13-1721547997.png', NULL, NULL, NULL, '2024-07-21 02:00:29', '2024-07-21 02:01:37'),
(14, 1, NULL, 'कम्पनी प्रोफाइल', 'storage/roster_application_documents/14-1721547992.PNG', NULL, NULL, NULL, '2024-07-21 02:00:35', '2024-07-21 02:01:32'),
(15, 4, NULL, 'VAT/PAN Certificate', 'storage/roster_application_documents/15-1721718273.png', NULL, NULL, NULL, '2024-07-23 01:19:33', '2024-07-23 01:19:34'),
(16, 4, NULL, 'Lastest fiscal year Tax Clearance Certificate', 'storage/roster_application_documents/16-1721718276.png', NULL, NULL, NULL, '2024-07-23 01:19:36', '2024-07-23 01:19:36'),
(17, 4, NULL, 'Company Registration Certificate', 'storage/roster_application_documents/17-1721718280.png', NULL, NULL, NULL, '2024-07-23 01:19:40', '2024-07-23 01:19:40'),
(18, 4, NULL, 'Gharelu/Small Industry Registration Certificate', 'storage/roster_application_documents/18-1721718283.png', NULL, NULL, NULL, '2024-07-23 01:19:43', '2024-07-23 01:19:43'),
(19, 4, NULL, 'Trade and Commerce Registration Certificate', 'storage/roster_application_documents/19-1721718290.png', NULL, NULL, NULL, '2024-07-23 01:19:50', '2024-07-23 01:19:50'),
(20, 4, NULL, 'Ward/Municipality Office Registration', 'storage/roster_application_documents/20-1721718292.png', NULL, NULL, NULL, '2024-07-23 01:19:52', '2024-07-23 01:19:52'),
(21, 4, NULL, 'ISO Certification', 'storage/roster_application_documents/21-1721718294.png', NULL, NULL, NULL, '2024-07-23 01:19:54', '2024-07-23 01:19:54'),
(22, 4, NULL, 'Self-Declaration Letter', 'storage/roster_application_documents/22-1721718296.png', NULL, NULL, NULL, '2024-07-23 01:19:56', '2024-07-23 01:19:56'),
(23, 4, NULL, 'Company Profile', 'storage/roster_application_documents/23-1721718298.png', NULL, NULL, NULL, '2024-07-23 01:19:58', '2024-07-23 01:19:58'),
(24, 4, NULL, 'Cover Letter', 'storage/roster_application_documents/24-1721718301.png', NULL, NULL, NULL, '2024-07-23 01:20:01', '2024-07-23 01:20:01'),
(25, 11, NULL, 'VAT/PAN Certificate', 'storage/roster_application_documents/25-1722423341.jpg', NULL, NULL, NULL, '2024-07-31 05:10:41', '2024-07-31 05:10:42'),
(26, 11, NULL, 'Lastest fiscal year Tax Clearance Certificate', 'storage/roster_application_documents/26-1722423343.png', NULL, NULL, NULL, '2024-07-31 05:10:43', '2024-07-31 05:10:43'),
(27, 11, NULL, 'Company Profile', 'storage/roster_application_documents/27-1722423346.png', NULL, NULL, NULL, '2024-07-31 05:10:46', '2024-07-31 05:10:46'),
(28, 11, NULL, 'Cover Letter', 'storage/roster_application_documents/28-1722423348.png', NULL, NULL, NULL, '2024-07-31 05:10:48', '2024-07-31 05:10:48');

-- --------------------------------------------------------

--
-- Table structure for table `roster_application_services`
--

CREATE TABLE `roster_application_services` (
  `id` bigint(20) UNSIGNED NOT NULL,
  `app_id` bigint(20) UNSIGNED NOT NULL,
  `roster_open_id` bigint(20) UNSIGNED NOT NULL,
  `org_id` bigint(20) UNSIGNED NOT NULL,
  `internal_note` text DEFAULT NULL COMMENT 'for internal purpose',
  `remarks` text DEFAULT NULL,
  `roster_status` int(11) NOT NULL DEFAULT 1,
  `deleted_at` timestamp NULL DEFAULT NULL,
  `created_at` timestamp NULL DEFAULT NULL,
  `updated_at` timestamp NULL DEFAULT NULL
) ENGINE=InnoDB DEFAULT CHARSET=utf8mb4 COLLATE=utf8mb4_unicode_ci;

--
-- Dumping data for table `roster_application_services`
--

INSERT INTO `roster_application_services` (`id`, `app_id`, `roster_open_id`, `org_id`, `internal_note`, `remarks`, `roster_status`, `deleted_at`, `created_at`, `updated_at`) VALUES
(14, 2, 360, 4, NULL, NULL, 1, NULL, '2024-07-14 01:52:45', '2024-07-14 01:52:45'),
(15, 2, 363, 4, NULL, NULL, 1, NULL, '2024-07-14 01:52:45', '2024-07-14 01:52:45'),
(16, 2, 366, 4, NULL, NULL, 1, NULL, '2024-07-14 01:52:45', '2024-07-14 01:52:45'),
(17, 2, 367, 4, NULL, NULL, 1, NULL, '2024-07-14 01:52:45', '2024-07-14 01:52:45'),
(18, 2, 368, 4, NULL, NULL, 1, NULL, '2024-07-14 01:52:45', '2024-07-14 01:52:45'),
(19, 2, 375, 4, NULL, NULL, 1, NULL, '2024-07-14 01:52:45', '2024-07-14 01:52:45'),
(20, 2, 369, 4, NULL, NULL, 1, NULL, '2024-07-14 01:52:45', '2024-07-14 01:52:45'),
(21, 2, 370, 4, NULL, NULL, 1, NULL, '2024-07-14 01:52:45', '2024-07-14 01:52:45'),
(22, 2, 372, 4, NULL, NULL, 1, NULL, '2024-07-14 01:52:45', '2024-07-14 01:52:45'),
(23, 2, 374, 4, NULL, NULL, 1, NULL, '2024-07-14 01:52:45', '2024-07-14 01:52:45'),
(24, 2, 376, 4, NULL, NULL, 1, NULL, '2024-07-14 01:52:45', '2024-07-14 01:52:45'),
(25, 2, 378, 4, NULL, NULL, 1, NULL, '2024-07-14 01:52:45', '2024-07-14 01:52:45'),
(26, 2, 379, 4, NULL, NULL, 1, NULL, '2024-07-14 01:52:45', '2024-07-14 01:52:45'),
(27, 5, 360, 4, NULL, NULL, 1, NULL, '2024-07-14 09:33:48', '2024-07-14 09:33:48'),
(28, 5, 361, 4, NULL, NULL, 1, NULL, '2024-07-14 09:33:48', '2024-07-14 09:33:48'),
(29, 5, 362, 4, NULL, NULL, 1, NULL, '2024-07-14 09:33:48', '2024-07-14 09:33:48'),
(30, 5, 369, 4, NULL, NULL, 1, NULL, '2024-07-14 09:33:48', '2024-07-14 09:33:48'),
(31, 5, 370, 4, NULL, NULL, 1, NULL, '2024-07-14 09:33:48', '2024-07-14 09:33:48'),
(32, 5, 372, 4, NULL, NULL, 1, NULL, '2024-07-14 09:33:48', '2024-07-14 09:33:48'),
(33, 5, 373, 4, NULL, NULL, 1, NULL, '2024-07-14 09:33:48', '2024-07-14 09:33:48'),
(34, 5, 376, 4, NULL, NULL, 1, NULL, '2024-07-14 09:33:48', '2024-07-14 09:33:48'),
(35, 5, 377, 4, NULL, NULL, 1, NULL, '2024-07-14 09:33:48', '2024-07-14 09:33:48'),
(36, 5, 378, 4, NULL, NULL, 1, NULL, '2024-07-14 09:33:48', '2024-07-14 09:33:48'),
(37, 1, 360, 4, NULL, NULL, 1, NULL, '2024-07-21 02:00:16', '2024-07-21 02:00:16'),
(38, 1, 361, 4, NULL, NULL, 1, NULL, '2024-07-21 02:00:16', '2024-07-21 02:00:16'),
(39, 1, 363, 4, NULL, NULL, 1, NULL, '2024-07-21 02:00:16', '2024-07-21 02:00:16'),
(40, 1, 366, 4, NULL, NULL, 1, NULL, '2024-07-21 02:00:16', '2024-07-21 02:00:16'),
(41, 1, 367, 4, NULL, NULL, 1, NULL, '2024-07-21 02:00:16', '2024-07-21 02:00:16'),
(42, 1, 368, 4, NULL, NULL, 1, NULL, '2024-07-21 02:00:16', '2024-07-21 02:00:16'),
(43, 1, 375, 4, NULL, NULL, 1, NULL, '2024-07-21 02:00:16', '2024-07-21 02:00:16'),
(44, 1, 369, 4, NULL, NULL, 1, NULL, '2024-07-21 02:00:16', '2024-07-21 02:00:16'),
(45, 1, 370, 4, NULL, NULL, 1, NULL, '2024-07-21 02:00:16', '2024-07-21 02:00:16'),
(46, 1, 372, 4, NULL, NULL, 1, NULL, '2024-07-21 02:00:16', '2024-07-21 02:00:16'),
(47, 1, 374, 4, NULL, NULL, 1, NULL, '2024-07-21 02:00:16', '2024-07-21 02:00:16'),
(48, 1, 376, 4, NULL, NULL, 1, NULL, '2024-07-21 02:00:16', '2024-07-21 02:00:16'),
(49, 1, 378, 4, NULL, NULL, 1, NULL, '2024-07-21 02:00:16', '2024-07-21 02:00:16'),
(50, 1, 379, 4, NULL, NULL, 1, NULL, '2024-07-21 02:00:16', '2024-07-21 02:00:16'),
(90, 4, 250, 4, NULL, NULL, 1, NULL, '2024-07-23 01:23:16', '2024-07-23 01:23:16'),
(91, 4, 254, 4, NULL, NULL, 1, NULL, '2024-07-23 01:23:16', '2024-07-23 01:23:16'),
(92, 4, 255, 4, NULL, NULL, 1, NULL, '2024-07-23 01:23:16', '2024-07-23 01:23:16'),
(93, 4, 256, 4, NULL, NULL, 1, NULL, '2024-07-23 01:23:16', '2024-07-23 01:23:16'),
(94, 4, 263, 4, NULL, NULL, 1, NULL, '2024-07-23 01:23:16', '2024-07-23 01:23:16'),
(95, 4, 257, 4, NULL, NULL, 1, NULL, '2024-07-23 01:23:16', '2024-07-23 01:23:16'),
(96, 4, 262, 4, NULL, NULL, 1, NULL, '2024-07-23 01:23:16', '2024-07-23 01:23:16'),
(97, 4, 264, 4, NULL, NULL, 1, NULL, '2024-07-23 01:23:16', '2024-07-23 01:23:16'),
(98, 4, 267, 4, NULL, NULL, 1, NULL, '2024-07-23 01:23:16', '2024-07-23 01:23:16'),
(144, 11, 288, 8, NULL, NULL, 0, NULL, '2024-07-31 05:09:36', '2024-07-31 05:12:16'),
(145, 11, 291, 8, NULL, NULL, 0, NULL, '2024-07-31 05:09:36', '2024-07-31 05:12:16'),
(146, 11, 293, 8, NULL, NULL, 0, NULL, '2024-07-31 05:09:36', '2024-07-31 05:12:16'),
(147, 11, 295, 8, NULL, NULL, 0, NULL, '2024-07-31 05:09:36', '2024-07-31 05:12:16'),
(148, 11, 296, 8, NULL, NULL, 1, NULL, '2024-07-31 05:09:36', '2024-07-31 05:12:16'),
(149, 11, 303, 8, NULL, NULL, 0, NULL, '2024-07-31 05:09:36', '2024-07-31 05:12:16'),
(150, 11, 298, 8, NULL, NULL, 1, NULL, '2024-07-31 05:09:36', '2024-07-31 05:12:16'),
(151, 11, 301, 8, NULL, NULL, 1, NULL, '2024-07-31 05:09:36', '2024-07-31 05:12:16'),
(152, 11, 305, 8, NULL, NULL, 1, NULL, '2024-07-31 05:09:36', '2024-07-31 05:12:16'),
(153, 11, 307, 8, NULL, NULL, 1, NULL, '2024-07-31 05:09:36', '2024-07-31 05:12:16');

-- --------------------------------------------------------

--
-- Table structure for table `roster_documents`
--

CREATE TABLE `roster_documents` (
  `id` bigint(20) UNSIGNED NOT NULL,
  `roster_id` bigint(20) UNSIGNED NOT NULL,
  `doc_type_id` bigint(20) UNSIGNED DEFAULT NULL,
  `document_title` varchar(255) DEFAULT NULL,
  `document_title_np` varchar(255) DEFAULT NULL,
  `remarks` varchar(255) DEFAULT NULL,
  `is_require` tinyint(1) NOT NULL DEFAULT 0,
  `deleted_at` timestamp NULL DEFAULT NULL,
  `created_at` timestamp NULL DEFAULT NULL,
  `updated_at` timestamp NULL DEFAULT NULL
) ENGINE=InnoDB DEFAULT CHARSET=utf8mb4 COLLATE=utf8mb4_unicode_ci;

--
-- Dumping data for table `roster_documents`
--

INSERT INTO `roster_documents` (`id`, `roster_id`, `doc_type_id`, `document_title`, `document_title_np`, `remarks`, `is_require`, `deleted_at`, `created_at`, `updated_at`) VALUES
(1, 6, NULL, 'VAT/PAN Certificate', NULL, NULL, 0, '2024-07-05 10:05:40', '2024-07-05 09:40:07', '2024-07-05 10:05:40'),
(2, 6, NULL, 'Company Profile', NULL, NULL, 0, '2024-07-05 10:05:40', '2024-07-05 09:40:07', '2024-07-05 10:05:40'),
(3, 6, NULL, 'Ward/Municipality Office Registration', NULL, NULL, 0, '2024-07-05 10:05:40', '2024-07-05 09:40:07', '2024-07-05 10:05:40'),
(4, 6, NULL, 'Ward/Municipality Office Registration', NULL, NULL, 0, '2024-07-05 10:05:40', '2024-07-05 09:40:07', '2024-07-05 10:05:40'),
(5, 6, NULL, 'Ward/Municipality Office Registration', NULL, NULL, 0, '2024-07-05 10:05:40', '2024-07-05 09:40:07', '2024-07-05 10:05:40'),
(6, 6, NULL, 'Cover Letter', NULL, NULL, 0, '2024-07-05 10:05:40', '2024-07-05 09:40:07', '2024-07-05 10:05:40'),
(7, 6, NULL, 'Cover Letter', NULL, NULL, 0, '2024-07-05 10:05:40', '2024-07-05 09:40:07', '2024-07-05 10:05:40'),
(8, 6, NULL, 'VAT/PAN Certificate', NULL, NULL, 0, '2024-07-05 10:05:40', '2024-07-05 09:40:07', '2024-07-05 10:05:40'),
(9, 6, NULL, 'VAT/PAN Certificate', NULL, NULL, 0, '2024-07-05 10:23:02', '2024-07-05 10:05:40', '2024-07-05 10:23:02'),
(10, 6, NULL, 'VAT/PAN Certificate', NULL, NULL, 0, '2024-07-05 10:25:07', '2024-07-05 10:23:02', '2024-07-05 10:25:07'),
(11, 6, NULL, 'Gharelu/Small Industry Registration Certificate', NULL, NULL, 0, '2024-07-05 10:25:07', '2024-07-05 10:23:02', '2024-07-05 10:25:07'),
(12, 6, NULL, 'Company Registration Certificate', NULL, NULL, 0, '2024-07-05 10:25:07', '2024-07-05 10:23:02', '2024-07-05 10:25:07'),
(13, 6, NULL, 'Lastest fiscal year Tax Clearance Certificate', NULL, NULL, 0, '2024-07-05 10:25:07', '2024-07-05 10:23:02', '2024-07-05 10:25:07'),
(14, 6, NULL, 'Cover Letter', NULL, NULL, 0, '2024-07-05 10:25:07', '2024-07-05 10:23:02', '2024-07-05 10:25:07'),
(15, 6, NULL, 'Lastest fiscal year Tax Clearance Certificate', NULL, NULL, 0, '2024-07-05 10:25:07', '2024-07-05 10:23:02', '2024-07-05 10:25:07'),
(16, 6, NULL, 'ISO Certification', NULL, NULL, 0, '2024-07-05 10:25:07', '2024-07-05 10:23:02', '2024-07-05 10:25:07'),
(17, 6, NULL, 'Cover Letter', NULL, NULL, 0, '2024-07-05 10:25:07', '2024-07-05 10:23:02', '2024-07-05 10:25:07'),
(18, 6, NULL, 'VAT/PAN Certificate', NULL, NULL, 0, NULL, '2024-07-05 10:25:07', '2024-07-05 10:25:07'),
(19, 6, NULL, 'Gharelu/Small Industry Registration Certificate', NULL, NULL, 0, NULL, '2024-07-05 10:25:07', '2024-07-05 10:25:07'),
(20, 6, NULL, 'Company Registration Certificate', NULL, NULL, 0, NULL, '2024-07-05 10:25:07', '2024-07-05 10:25:07'),
(21, 6, NULL, 'Lastest fiscal year Tax Clearance Certificate', NULL, NULL, 0, NULL, '2024-07-05 10:25:07', '2024-07-05 10:25:07'),
(22, 6, NULL, 'Cover Letter', NULL, NULL, 0, NULL, '2024-07-05 10:25:07', '2024-07-05 10:25:07'),
(23, 6, NULL, 'Lastest fiscal year Tax Clearance Certificate', NULL, NULL, 0, NULL, '2024-07-05 10:25:07', '2024-07-05 10:25:07'),
(24, 6, NULL, 'ISO Certification', NULL, NULL, 0, NULL, '2024-07-05 10:25:07', '2024-07-05 10:25:07'),
(25, 6, NULL, 'Cover Letter', NULL, NULL, 0, NULL, '2024-07-05 10:25:07', '2024-07-05 10:25:07'),
(26, 7, NULL, NULL, NULL, NULL, 0, NULL, NULL, NULL),
(27, 7, NULL, NULL, NULL, NULL, 0, NULL, NULL, NULL),
(28, 7, NULL, NULL, NULL, NULL, 0, NULL, NULL, NULL),
(29, 7, NULL, NULL, NULL, NULL, 0, NULL, NULL, NULL),
(30, 7, NULL, NULL, NULL, NULL, 0, NULL, NULL, NULL),
(31, 7, NULL, NULL, NULL, NULL, 0, NULL, NULL, NULL),
(32, 7, NULL, NULL, NULL, NULL, 0, NULL, NULL, NULL),
(33, 7, NULL, NULL, NULL, NULL, 0, NULL, NULL, NULL),
(34, 7, NULL, NULL, NULL, NULL, 0, NULL, NULL, NULL),
(35, 7, NULL, NULL, NULL, NULL, 0, NULL, NULL, NULL),
(36, 12, NULL, NULL, NULL, NULL, 0, NULL, NULL, NULL),
(37, 12, NULL, NULL, NULL, NULL, 0, NULL, NULL, NULL),
(38, 12, NULL, NULL, NULL, NULL, 0, NULL, NULL, NULL),
(39, 12, NULL, NULL, NULL, NULL, 0, NULL, NULL, NULL),
(40, 12, NULL, NULL, NULL, NULL, 0, NULL, NULL, NULL),
(41, 12, NULL, NULL, NULL, NULL, 0, NULL, NULL, NULL),
(42, 12, NULL, NULL, NULL, NULL, 0, NULL, NULL, NULL),
(43, 12, NULL, NULL, NULL, NULL, 0, NULL, NULL, NULL),
(44, 12, NULL, NULL, NULL, NULL, 0, NULL, NULL, NULL),
(45, 12, NULL, NULL, NULL, NULL, 0, NULL, NULL, NULL),
(46, 13, NULL, 'VAT/PAN Certificate', NULL, NULL, 0, NULL, NULL, NULL),
(47, 13, NULL, 'Lastest fiscal year Tax Clearance Certificate', NULL, NULL, 0, NULL, NULL, NULL),
(48, 13, NULL, 'Company Registration Certificate', NULL, NULL, 0, NULL, NULL, NULL),
(49, 13, NULL, 'Gharelu/Small Industry Registration Certificate', NULL, NULL, 0, NULL, NULL, NULL),
(50, 13, NULL, 'Trade and Commerce Registration Certificate', NULL, NULL, 0, NULL, NULL, NULL),
(51, 13, NULL, 'Ward/Municipality Office Registration', NULL, NULL, 0, NULL, NULL, NULL),
(52, 13, NULL, 'ISO Certification', NULL, NULL, 0, NULL, NULL, NULL),
(53, 13, NULL, 'Self-Declaration Letter', NULL, NULL, 0, NULL, NULL, NULL),
(54, 13, NULL, 'Company Profile', NULL, NULL, 0, NULL, NULL, NULL),
(55, 13, NULL, 'Cover Letter', NULL, NULL, 0, NULL, NULL, NULL),
(56, 14, NULL, 'VAT/PAN Certificate', NULL, NULL, 0, '2024-07-08 10:11:31', NULL, '2024-07-08 10:11:31'),
(57, 14, NULL, 'Lastest fiscal year Tax Clearance Certificate', NULL, NULL, 0, '2024-07-08 10:11:31', NULL, '2024-07-08 10:11:31'),
(58, 14, NULL, 'Company Registration Certificate', NULL, NULL, 0, '2024-07-08 10:11:31', NULL, '2024-07-08 10:11:31'),
(59, 14, NULL, 'Gharelu/Small Industry Registration Certificate', NULL, NULL, 0, '2024-07-08 10:11:31', NULL, '2024-07-08 10:11:31'),
(60, 14, NULL, 'Trade and Commerce Registration Certificate', NULL, NULL, 0, '2024-07-08 10:11:31', NULL, '2024-07-08 10:11:31'),
(61, 14, NULL, 'Ward/Municipality Office Registration', NULL, NULL, 0, '2024-07-08 10:11:31', NULL, '2024-07-08 10:11:31'),
(62, 14, NULL, 'ISO Certification', NULL, NULL, 0, '2024-07-08 10:11:31', NULL, '2024-07-08 10:11:31'),
(63, 14, NULL, 'Self-Declaration Letter', NULL, NULL, 0, '2024-07-08 10:11:31', NULL, '2024-07-08 10:11:31'),
(64, 14, NULL, 'Company Profile', NULL, NULL, 0, '2024-07-08 10:11:31', NULL, '2024-07-08 10:11:31'),
(65, 14, NULL, 'Cover Letter', NULL, NULL, 0, '2024-07-08 10:11:31', NULL, '2024-07-08 10:11:31'),
(66, 15, NULL, 'VAT/PAN Certificate', NULL, NULL, 0, NULL, NULL, NULL),
(67, 15, NULL, 'Lastest fiscal year Tax Clearance Certificate', NULL, NULL, 0, NULL, NULL, NULL),
(68, 15, NULL, 'Company Registration Certificate', NULL, NULL, 0, NULL, NULL, NULL),
(69, 15, NULL, 'Gharelu/Small Industry Registration Certificate', NULL, NULL, 0, NULL, NULL, NULL),
(70, 15, NULL, 'Trade and Commerce Registration Certificate', NULL, NULL, 0, NULL, NULL, NULL),
(71, 15, NULL, 'Ward/Municipality Office Registration', NULL, NULL, 0, NULL, NULL, NULL),
(72, 15, NULL, 'ISO Certification', NULL, NULL, 0, NULL, NULL, NULL),
(73, 15, NULL, 'Self-Declaration Letter', NULL, NULL, 0, NULL, NULL, NULL),
(74, 15, NULL, 'Company Profile', NULL, NULL, 0, NULL, NULL, NULL),
(75, 15, NULL, 'Cover Letter', NULL, NULL, 0, NULL, NULL, NULL),
(76, 17, NULL, 'VAT/PAN Certificate', NULL, NULL, 0, NULL, NULL, NULL),
(77, 17, NULL, 'Lastest fiscal year Tax Clearance Certificate', NULL, NULL, 0, NULL, NULL, NULL),
(78, 17, NULL, 'Company Registration Certificate', NULL, NULL, 0, NULL, NULL, NULL),
(79, 17, NULL, 'Gharelu/Small Industry Registration Certificate', NULL, NULL, 0, NULL, NULL, NULL),
(80, 17, NULL, 'Trade and Commerce Registration Certificate', NULL, NULL, 0, NULL, NULL, NULL),
(81, 17, NULL, 'Ward/Municipality Office Registration', NULL, NULL, 0, NULL, NULL, NULL),
(82, 17, NULL, 'ISO Certification', NULL, NULL, 0, NULL, NULL, NULL),
(83, 17, NULL, 'Self-Declaration Letter', NULL, NULL, 0, NULL, NULL, NULL),
(84, 17, NULL, 'Company Profile', NULL, NULL, 0, NULL, NULL, NULL),
(85, 17, NULL, 'Cover Letter', NULL, NULL, 0, NULL, NULL, NULL),
(86, 19, NULL, 'VAT/PAN Certificate', NULL, NULL, 0, '2024-07-08 10:12:14', NULL, '2024-07-08 10:12:14'),
(87, 19, NULL, 'Lastest fiscal year Tax Clearance Certificate', NULL, NULL, 0, '2024-07-08 10:12:14', NULL, '2024-07-08 10:12:14'),
(88, 19, NULL, 'Company Registration Certificate', NULL, NULL, 0, '2024-07-08 10:12:14', NULL, '2024-07-08 10:12:14'),
(89, 19, NULL, 'Gharelu/Small Industry Registration Certificate', NULL, NULL, 0, '2024-07-08 10:12:14', NULL, '2024-07-08 10:12:14'),
(90, 19, NULL, 'Trade and Commerce Registration Certificate', NULL, NULL, 0, '2024-07-08 10:12:14', NULL, '2024-07-08 10:12:14'),
(91, 19, NULL, 'Ward/Municipality Office Registration', NULL, NULL, 0, '2024-07-08 10:12:14', NULL, '2024-07-08 10:12:14'),
(92, 19, NULL, 'ISO Certification', NULL, NULL, 0, '2024-07-08 10:12:14', NULL, '2024-07-08 10:12:14'),
(93, 19, NULL, 'Self-Declaration Letter', NULL, NULL, 0, '2024-07-08 10:12:14', NULL, '2024-07-08 10:12:14'),
(94, 19, NULL, 'Company Profile', NULL, NULL, 0, '2024-07-08 10:12:14', NULL, '2024-07-08 10:12:14'),
(95, 19, NULL, 'Cover Letter', NULL, NULL, 0, '2024-07-08 10:12:14', NULL, '2024-07-08 10:12:14'),
(96, 14, NULL, 'VAT/PAN Certificate', NULL, NULL, 0, NULL, '2024-07-08 10:11:31', '2024-07-08 10:11:31'),
(97, 14, NULL, 'Lastest fiscal year Tax Clearance Certificate', NULL, NULL, 0, NULL, '2024-07-08 10:11:31', '2024-07-08 10:11:31'),
(98, 14, NULL, 'Company Registration Certificate', NULL, NULL, 0, NULL, '2024-07-08 10:11:31', '2024-07-08 10:11:31'),
(99, 14, NULL, 'Ward/Municipality Office Registration', NULL, NULL, 0, NULL, '2024-07-08 10:11:31', '2024-07-08 10:11:31'),
(100, 14, NULL, 'ISO Certification', NULL, NULL, 0, NULL, '2024-07-08 10:11:31', '2024-07-08 10:11:31'),
(101, 14, NULL, 'Self-Declaration Letter', NULL, NULL, 0, NULL, '2024-07-08 10:11:31', '2024-07-08 10:11:31'),
(102, 14, NULL, 'Cover Letter', NULL, NULL, 0, NULL, '2024-07-08 10:11:31', '2024-07-08 10:11:31'),
(103, 19, NULL, 'VAT/PAN Certificate', NULL, NULL, 0, NULL, '2024-07-08 10:12:14', '2024-07-08 10:12:14'),
(104, 19, NULL, 'Lastest fiscal year Tax Clearance Certificate', NULL, NULL, 0, NULL, '2024-07-08 10:12:14', '2024-07-08 10:12:14'),
(105, 19, NULL, 'Company Registration Certificate', NULL, NULL, 0, NULL, '2024-07-08 10:12:14', '2024-07-08 10:12:14'),
(106, 19, NULL, 'Self-Declaration Letter', NULL, NULL, 0, NULL, '2024-07-08 10:12:14', '2024-07-08 10:12:14'),
(107, 19, NULL, 'Company Profile', NULL, NULL, 0, NULL, '2024-07-08 10:12:14', '2024-07-08 10:12:14'),
(108, 19, NULL, 'Cover Letter', NULL, NULL, 0, NULL, '2024-07-08 10:12:14', '2024-07-08 10:12:14'),
(109, 20, NULL, 'VAT/PAN Certificate', NULL, NULL, 0, NULL, NULL, NULL),
(110, 20, NULL, 'Lastest fiscal year Tax Clearance Certificate', NULL, NULL, 0, NULL, NULL, NULL),
(111, 20, NULL, 'Company Registration Certificate', NULL, NULL, 0, NULL, NULL, NULL),
(112, 20, NULL, 'Gharelu/Small Industry Registration Certificate', NULL, NULL, 0, NULL, NULL, NULL),
(113, 20, NULL, 'Trade and Commerce Registration Certificate', NULL, NULL, 0, NULL, NULL, NULL),
(114, 20, NULL, 'Ward/Municipality Office Registration', NULL, NULL, 0, NULL, NULL, NULL),
(115, 20, NULL, 'ISO Certification', NULL, NULL, 0, NULL, NULL, NULL),
(116, 20, NULL, 'Self-Declaration Letter', NULL, NULL, 0, NULL, NULL, NULL),
(117, 20, NULL, 'Company Profile', NULL, NULL, 0, NULL, NULL, NULL),
(118, 20, NULL, 'Cover Letter', NULL, NULL, 0, NULL, NULL, NULL),
(119, 21, NULL, 'VAT/PAN Certificate', NULL, NULL, 0, '2024-07-09 02:39:57', NULL, '2024-07-09 02:39:57'),
(120, 21, NULL, 'Lastest fiscal year Tax Clearance Certificate', NULL, NULL, 0, '2024-07-09 02:39:57', NULL, '2024-07-09 02:39:57'),
(121, 21, NULL, 'Company Registration Certificate', NULL, NULL, 0, '2024-07-09 02:39:57', NULL, '2024-07-09 02:39:57'),
(122, 21, NULL, 'Gharelu/Small Industry Registration Certificate', NULL, NULL, 0, '2024-07-09 02:39:57', NULL, '2024-07-09 02:39:57'),
(123, 21, NULL, 'Trade and Commerce Registration Certificate', NULL, NULL, 0, '2024-07-09 02:39:57', NULL, '2024-07-09 02:39:57'),
(124, 21, NULL, 'Ward/Municipality Office Registration', NULL, NULL, 0, '2024-07-09 02:39:57', NULL, '2024-07-09 02:39:57'),
(125, 21, NULL, 'ISO Certification', NULL, NULL, 0, '2024-07-09 02:39:57', NULL, '2024-07-09 02:39:57'),
(126, 21, NULL, 'Self-Declaration Letter', NULL, NULL, 0, '2024-07-09 02:39:57', NULL, '2024-07-09 02:39:57'),
(127, 21, NULL, 'Company Profile', NULL, NULL, 0, '2024-07-09 02:39:57', NULL, '2024-07-09 02:39:57'),
(128, 21, NULL, 'Cover Letter', NULL, NULL, 0, '2024-07-09 02:39:57', NULL, '2024-07-09 02:39:57'),
(129, 21, NULL, 'VAT/PAN Certificate', NULL, NULL, 0, NULL, '2024-07-09 02:39:57', '2024-07-09 02:39:57'),
(130, 21, NULL, 'Lastest fiscal year Tax Clearance Certificate', NULL, NULL, 0, NULL, '2024-07-09 02:39:57', '2024-07-09 02:39:57'),
(131, 21, NULL, 'Company Registration Certificate', NULL, NULL, 0, NULL, '2024-07-09 02:39:57', '2024-07-09 02:39:57'),
(132, 21, NULL, 'ISO Certification', NULL, NULL, 0, NULL, '2024-07-09 02:39:57', '2024-07-09 02:39:57'),
(133, 21, NULL, 'Self-Declaration Letter', NULL, NULL, 0, NULL, '2024-07-09 02:39:57', '2024-07-09 02:39:57'),
(134, 21, NULL, 'Company Profile', NULL, NULL, 0, NULL, '2024-07-09 02:39:57', '2024-07-09 02:39:57'),
(135, 21, NULL, 'Cover Letter', NULL, NULL, 0, NULL, '2024-07-09 02:39:57', '2024-07-09 02:39:57'),
(136, 22, NULL, 'VAT/PAN Certificate', NULL, NULL, 0, NULL, NULL, NULL),
(137, 22, NULL, 'Lastest fiscal year Tax Clearance Certificate', NULL, NULL, 0, NULL, NULL, NULL),
(144, 22, NULL, 'Company Profile', NULL, NULL, 0, NULL, NULL, NULL),
(145, 22, NULL, 'Cover Letter', NULL, NULL, 0, NULL, NULL, NULL),
(146, 23, NULL, 'स्थाई लेखा नम्बर प्यान वा मुल्य अभिवृद्धिकर भ्याट दर्ता प्रमाण पत्र', NULL, NULL, 0, '2024-07-14 00:32:48', NULL, '2024-07-14 00:32:48'),
(147, 23, NULL, 'पछिल्लो आर्थिक वर्ष कर चुक्ता प्रमाण पत्र', NULL, NULL, 0, '2024-07-14 00:32:48', NULL, '2024-07-14 00:32:48'),
(148, 23, NULL, 'व्यवसाय दर्ता प्रमाण पत्र', NULL, NULL, 0, '2024-07-14 00:32:48', NULL, '2024-07-14 00:32:48'),
(149, 23, NULL, 'Gharelu/Small Industry Registration Certificate', NULL, NULL, 0, '2024-07-14 00:32:48', NULL, '2024-07-14 00:32:48'),
(150, 23, NULL, 'Trade and Commerce Registration Certificate', NULL, NULL, 0, '2024-07-14 00:32:48', NULL, '2024-07-14 00:32:48'),
(151, 23, NULL, 'Ward/Municipality Office Registration', NULL, NULL, 0, '2024-07-14 00:32:48', NULL, '2024-07-14 00:32:48'),
(152, 23, NULL, 'ISO प्रमाणीकरण', NULL, NULL, 0, '2024-07-14 00:32:48', NULL, '2024-07-14 00:32:48'),
(153, 23, NULL, 'कालो सूचीमा नपरेको स्व:घोषणा', NULL, NULL, 0, '2024-07-14 00:32:48', NULL, '2024-07-14 00:32:48'),
(154, 23, NULL, 'कम्पनी प्रोफाइल', NULL, NULL, 0, '2024-07-14 00:32:48', NULL, '2024-07-14 00:32:48'),
(155, 23, NULL, 'निबेदन', NULL, NULL, 0, '2024-07-14 00:32:48', NULL, '2024-07-14 00:32:48'),
(156, 23, NULL, 'व्यवसाय दर्ता प्रमाण पत्र', NULL, NULL, 0, '2024-07-14 00:33:05', '2024-07-14 00:32:48', '2024-07-14 00:33:05'),
(157, 23, NULL, 'Trade and Commerce Registration Certificate', NULL, NULL, 0, '2024-07-14 00:33:05', '2024-07-14 00:32:48', '2024-07-14 00:33:05'),
(158, 23, NULL, 'ISO प्रमाणीकरण', NULL, NULL, 0, '2024-07-14 00:33:05', '2024-07-14 00:32:48', '2024-07-14 00:33:05'),
(159, 23, NULL, 'कम्पनी प्रोफाइल', NULL, NULL, 0, '2024-07-14 00:33:05', '2024-07-14 00:32:48', '2024-07-14 00:33:05'),
(160, 23, NULL, 'Trade and Commerce Registration Certificate', NULL, NULL, 0, '2024-07-14 00:33:05', '2024-07-14 00:32:48', '2024-07-14 00:33:05'),
(161, 23, NULL, 'Ward/Municipality Office Registration', NULL, NULL, 0, '2024-07-14 00:33:05', '2024-07-14 00:32:48', '2024-07-14 00:33:05'),
(162, 23, NULL, 'कालो सूचीमा नपरेको स्व:घोषणा', NULL, NULL, 0, '2024-07-14 00:33:05', '2024-07-14 00:32:48', '2024-07-14 00:33:05'),
(163, 23, NULL, 'new list', NULL, NULL, 0, '2024-07-14 00:33:05', '2024-07-14 00:32:48', '2024-07-14 00:33:05'),
(164, 23, NULL, 'व्यवसाय दर्ता प्रमाण पत्र', NULL, NULL, 0, NULL, '2024-07-14 00:33:05', '2024-07-14 00:33:05'),
(165, 23, NULL, 'Trade and Commerce Registration Certificate', NULL, NULL, 0, NULL, '2024-07-14 00:33:05', '2024-07-14 00:33:05'),
(166, 23, NULL, 'ISO प्रमाणीकरण', NULL, NULL, 0, NULL, '2024-07-14 00:33:05', '2024-07-14 00:33:05'),
(167, 23, NULL, 'कम्पनी प्रोफाइल', NULL, NULL, 0, NULL, '2024-07-14 00:33:05', '2024-07-14 00:33:05'),
(168, 23, NULL, 'Trade and Commerce Registration Certificate', NULL, NULL, 0, NULL, '2024-07-14 00:33:05', '2024-07-14 00:33:05'),
(169, 23, NULL, 'Ward/Municipality Office Registration', NULL, NULL, 0, NULL, '2024-07-14 00:33:05', '2024-07-14 00:33:05'),
(170, 23, NULL, 'कालो सूचीमा नपरेको स्व:घोषणा', NULL, NULL, 0, NULL, '2024-07-14 00:33:05', '2024-07-14 00:33:05'),
(171, 23, NULL, 'new list', NULL, NULL, 0, NULL, '2024-07-14 00:33:05', '2024-07-14 00:33:05'),
(172, 24, NULL, 'स्थाई लेखा नम्बर प्यान वा मुल्य अभिवृद्धिकर भ्याट दर्ता प्रमाण पत्र', NULL, NULL, 0, NULL, NULL, NULL),
(173, 24, NULL, 'पछिल्लो आर्थिक वर्ष कर चुक्ता प्रमाण पत्र', NULL, NULL, 0, NULL, NULL, NULL),
(174, 24, NULL, 'व्यवसाय दर्ता प्रमाण पत्र', NULL, NULL, 0, NULL, NULL, NULL),
(175, 24, NULL, 'Gharelu/Small Industry Registration Certificate', NULL, NULL, 0, NULL, NULL, NULL),
(176, 24, NULL, 'Trade and Commerce Registration Certificate', NULL, NULL, 0, NULL, NULL, NULL),
(177, 24, NULL, 'Ward/Municipality Office Registration', NULL, NULL, 0, NULL, NULL, NULL),
(178, 24, NULL, 'ISO प्रमाणीकरण', NULL, NULL, 0, NULL, NULL, NULL),
(179, 24, NULL, 'कालो सूचीमा नपरेको स्व:घोषणा', NULL, NULL, 0, NULL, NULL, NULL),
(180, 24, NULL, 'कम्पनी प्रोफाइल', NULL, NULL, 0, NULL, NULL, NULL),
(181, 24, NULL, 'निबेदन', NULL, NULL, 0, NULL, NULL, NULL),
(182, 25, NULL, 'स्थाई लेखा नम्बर प्यान वा मुल्य अभिवृद्धिकर भ्याट दर्ता प्रमाण पत्र', NULL, NULL, 0, '2024-07-14 09:32:40', NULL, '2024-07-14 09:32:40'),
(183, 25, NULL, 'पछिल्लो आर्थिक वर्ष कर चुक्ता प्रमाण पत्र', NULL, NULL, 0, '2024-07-14 09:32:40', NULL, '2024-07-14 09:32:40'),
(184, 25, NULL, 'व्यवसाय दर्ता प्रमाण पत्र', NULL, NULL, 0, '2024-07-14 09:32:40', NULL, '2024-07-14 09:32:40'),
(185, 25, NULL, 'Gharelu/Small Industry Registration Certificate', NULL, NULL, 0, '2024-07-14 09:32:40', NULL, '2024-07-14 09:32:40'),
(186, 25, NULL, 'Trade and Commerce Registration Certificate', NULL, NULL, 0, '2024-07-14 09:32:40', NULL, '2024-07-14 09:32:40'),
(187, 25, NULL, 'Ward/Municipality Office Registration', NULL, NULL, 0, '2024-07-14 09:32:40', NULL, '2024-07-14 09:32:40'),
(188, 25, NULL, 'ISO प्रमाणीकरण', NULL, NULL, 0, '2024-07-14 09:32:40', NULL, '2024-07-14 09:32:40'),
(189, 25, NULL, 'कालो सूचीमा नपरेको स्व:घोषणा', NULL, NULL, 0, '2024-07-14 09:32:40', NULL, '2024-07-14 09:32:40'),
(190, 25, NULL, 'कम्पनी प्रोफाइल', NULL, NULL, 0, '2024-07-14 09:32:40', NULL, '2024-07-14 09:32:40'),
(191, 25, NULL, 'निबेदन', NULL, NULL, 0, '2024-07-14 09:32:40', NULL, '2024-07-14 09:32:40'),
(192, 25, NULL, 'व्यवसाय दर्ता प्रमाण पत्र', NULL, NULL, 0, NULL, '2024-07-14 09:32:40', '2024-07-14 09:32:40'),
(193, 25, NULL, 'कम्पनी प्रोफाइल', NULL, NULL, 0, NULL, '2024-07-14 09:32:40', '2024-07-14 09:32:40'),
(194, 27, NULL, 'VAT/PAN Certificate', NULL, NULL, 0, '2024-07-16 04:13:46', NULL, '2024-07-16 04:13:46'),
(195, 27, NULL, 'Lastest fiscal year Tax Clearance Certificate', NULL, NULL, 0, '2024-07-16 04:13:46', NULL, '2024-07-16 04:13:46'),
(196, 27, NULL, 'Company Registration Certificate', NULL, NULL, 0, '2024-07-16 04:13:46', NULL, '2024-07-16 04:13:46'),
(197, 27, NULL, 'Gharelu/Small Industry Registration Certificate', NULL, NULL, 0, '2024-07-16 04:13:46', NULL, '2024-07-16 04:13:46'),
(198, 27, NULL, 'Trade and Commerce Registration Certificate', NULL, NULL, 0, '2024-07-16 04:13:46', NULL, '2024-07-16 04:13:46'),
(199, 27, NULL, 'Ward/Municipality Office Registration', NULL, NULL, 0, '2024-07-16 04:13:46', NULL, '2024-07-16 04:13:46'),
(200, 27, NULL, 'ISO Certification', NULL, NULL, 0, '2024-07-16 04:13:46', NULL, '2024-07-16 04:13:46'),
(201, 27, NULL, 'Self-Declaration Letter', NULL, NULL, 0, '2024-07-16 04:13:46', NULL, '2024-07-16 04:13:46'),
(202, 27, NULL, 'Company Profile', NULL, NULL, 0, '2024-07-16 04:13:46', NULL, '2024-07-16 04:13:46'),
(203, 27, NULL, 'Cover Letter', NULL, NULL, 0, '2024-07-16 04:13:46', NULL, '2024-07-16 04:13:46'),
(204, 27, NULL, 'Lastest fiscal year Tax Clearance Certificate', NULL, NULL, 0, NULL, '2024-07-16 04:13:46', '2024-07-16 04:13:46'),
(205, 27, NULL, 'Self-Declaration Letter', NULL, NULL, 0, NULL, '2024-07-16 04:13:46', '2024-07-16 04:13:46'),
(206, 27, NULL, 'Company Registration Certificate', NULL, NULL, 0, NULL, '2024-07-16 04:13:46', '2024-07-16 04:13:46'),
(207, 27, NULL, 'Company Registration Certificate', NULL, NULL, 0, NULL, '2024-07-16 04:13:46', '2024-07-16 04:13:46'),
(208, 29, NULL, 'VAT/PAN Certificate', NULL, NULL, 0, NULL, NULL, NULL),
(209, 29, NULL, 'Lastest fiscal year Tax Clearance Certificate', NULL, NULL, 0, NULL, NULL, NULL),
(210, 29, NULL, 'Company Registration Certificate', NULL, NULL, 0, NULL, NULL, NULL),
(211, 29, NULL, 'Gharelu/Small Industry Registration Certificate', NULL, NULL, 0, NULL, NULL, NULL),
(212, 29, NULL, 'Trade and Commerce Registration Certificate', NULL, NULL, 0, NULL, NULL, NULL),
(213, 29, NULL, 'Ward/Municipality Office Registration', NULL, NULL, 0, NULL, NULL, NULL),
(214, 29, NULL, 'ISO Certification', NULL, NULL, 0, NULL, NULL, NULL),
(215, 29, NULL, 'Self-Declaration Letter', NULL, NULL, 0, NULL, NULL, NULL),
(216, 29, NULL, 'Company Profile', NULL, NULL, 0, NULL, NULL, NULL),
(217, 29, NULL, 'Cover Letter', NULL, NULL, 0, NULL, NULL, NULL),
(218, 33, NULL, 'स्थाई लेखा नम्बर प्यान वा मुल्य अभिवृद्धिकर भ्याट दर्ता प्रमाण पत्र', NULL, NULL, 0, NULL, NULL, NULL),
(219, 33, NULL, 'पछिल्लो आर्थिक वर्ष कर चुक्ता प्रमाण पत्र', NULL, NULL, 0, NULL, NULL, NULL),
(220, 33, NULL, 'व्यवसाय दर्ता प्रमाण पत्र', NULL, NULL, 0, NULL, NULL, NULL),
(221, 33, NULL, 'Gharelu/Small Industry Registration Certificate', NULL, NULL, 0, NULL, NULL, NULL),
(222, 33, NULL, 'Trade and Commerce Registration Certificate', NULL, NULL, 0, NULL, NULL, NULL),
(223, 33, NULL, 'Ward/Municipality Office Registration', NULL, NULL, 0, NULL, NULL, NULL),
(224, 33, NULL, 'ISO प्रमाणीकरण', NULL, NULL, 0, NULL, NULL, NULL),
(225, 33, NULL, 'कालो सूचीमा नपरेको स्व:घोषणा', NULL, NULL, 0, NULL, NULL, NULL),
(226, 33, NULL, 'कम्पनी प्रोफाइल', NULL, NULL, 0, NULL, NULL, NULL),
(227, 33, NULL, 'निबेदन', NULL, NULL, 0, NULL, NULL, NULL);

-- --------------------------------------------------------

--
-- Table structure for table `roster_opens`
--

CREATE TABLE `roster_opens` (
  `id` bigint(20) UNSIGNED NOT NULL,
  `roster_id` bigint(20) UNSIGNED NOT NULL,
  `roster_service_id` bigint(20) UNSIGNED DEFAULT NULL,
  `other_service` varchar(255) DEFAULT NULL,
  `status` tinyint(1) NOT NULL DEFAULT 1,
  `category_id` int(11) NOT NULL,
  `deleted_at` timestamp NULL DEFAULT NULL,
  `created_at` timestamp NULL DEFAULT NULL,
  `updated_at` timestamp NULL DEFAULT NULL
) ENGINE=InnoDB DEFAULT CHARSET=utf8mb4 COLLATE=utf8mb4_unicode_ci;

--
-- Dumping data for table `roster_opens`
--

INSERT INTO `roster_opens` (`id`, `roster_id`, `roster_service_id`, `other_service`, `status`, `category_id`, `deleted_at`, `created_at`, `updated_at`) VALUES
(1, 6, 1, NULL, 1, 1, '2024-07-05 10:05:05', '2024-07-05 09:39:17', '2024-07-05 10:05:05'),
(2, 6, 2, NULL, 1, 1, '2024-07-05 10:05:05', '2024-07-05 09:39:17', '2024-07-05 10:05:05'),
(3, 6, 3, NULL, 1, 1, '2024-07-05 10:05:05', '2024-07-05 09:39:17', '2024-07-05 10:05:05'),
(4, 6, 4, NULL, 1, 1, '2024-07-05 10:05:05', '2024-07-05 09:39:17', '2024-07-05 10:05:05'),
(5, 6, 5, NULL, 1, 1, '2024-07-05 10:05:05', '2024-07-05 09:39:17', '2024-07-05 10:05:05'),
(6, 6, 6, NULL, 1, 1, '2024-07-05 10:05:05', '2024-07-05 09:39:17', '2024-07-05 10:05:05'),
(7, 6, 9, NULL, 1, 1, '2024-07-05 10:05:05', '2024-07-05 09:39:17', '2024-07-05 10:05:05'),
(8, 6, 10, NULL, 1, 2, '2024-07-05 10:05:05', '2024-07-05 09:39:17', '2024-07-05 10:05:05'),
(9, 6, 13, NULL, 1, 2, '2024-07-05 10:05:05', '2024-07-05 09:39:17', '2024-07-05 10:05:05'),
(10, 6, 17, NULL, 1, 3, '2024-07-05 10:05:05', '2024-07-05 09:39:17', '2024-07-05 10:05:05'),
(11, 6, 20, NULL, 1, 3, '2024-07-05 10:05:05', '2024-07-05 09:39:17', '2024-07-05 10:05:05'),
(12, 6, 1, NULL, 1, 1, NULL, '2024-07-05 10:05:05', '2024-07-05 10:05:05'),
(13, 6, 2, NULL, 1, 1, NULL, '2024-07-05 10:05:06', '2024-07-05 10:05:06'),
(14, 6, 3, NULL, 1, 1, NULL, '2024-07-05 10:05:06', '2024-07-05 10:05:06'),
(15, 6, 4, NULL, 1, 1, NULL, '2024-07-05 10:05:06', '2024-07-05 10:05:06'),
(16, 6, 5, NULL, 1, 1, NULL, '2024-07-05 10:05:06', '2024-07-05 10:05:06'),
(17, 6, 6, NULL, 1, 1, NULL, '2024-07-05 10:05:06', '2024-07-05 10:05:06'),
(18, 6, 7, NULL, 1, 1, NULL, '2024-07-05 10:05:06', '2024-07-05 10:05:06'),
(19, 6, 8, NULL, 1, 1, NULL, '2024-07-05 10:05:06', '2024-07-05 10:05:06'),
(20, 6, 9, NULL, 1, 1, NULL, '2024-07-05 10:05:06', '2024-07-05 10:05:06'),
(21, 6, 10, NULL, 1, 2, NULL, '2024-07-05 10:05:06', '2024-07-05 10:05:06'),
(22, 6, 11, NULL, 1, 2, NULL, '2024-07-05 10:05:06', '2024-07-05 10:05:06'),
(23, 6, 12, NULL, 1, 2, NULL, '2024-07-05 10:05:06', '2024-07-05 10:05:06'),
(24, 6, 13, NULL, 1, 2, NULL, '2024-07-05 10:05:06', '2024-07-05 10:05:06'),
(25, 6, 17, NULL, 1, 3, NULL, '2024-07-05 10:05:06', '2024-07-05 10:05:06'),
(26, 6, 18, NULL, 1, 3, NULL, '2024-07-05 10:05:06', '2024-07-05 10:05:06'),
(27, 6, 20, NULL, 1, 3, NULL, '2024-07-05 10:05:06', '2024-07-05 10:05:06'),
(28, 5, 20, NULL, 1, 3, NULL, '2024-07-08 04:03:19', '2024-07-08 04:03:19'),
(29, 5, 20, NULL, 1, 3, NULL, '2024-07-08 04:03:26', '2024-07-08 04:03:26'),
(30, 5, 1, NULL, 1, 1, NULL, NULL, NULL),
(31, 5, 2, NULL, 1, 1, NULL, NULL, NULL),
(32, 5, 3, NULL, 1, 1, NULL, NULL, NULL),
(33, 5, 4, NULL, 1, 1, NULL, NULL, NULL),
(34, 5, 5, NULL, 1, 1, NULL, NULL, NULL),
(35, 5, 6, NULL, 1, 1, NULL, NULL, NULL),
(36, 5, 7, NULL, 1, 1, NULL, NULL, NULL),
(37, 5, 8, NULL, 1, 1, NULL, NULL, NULL),
(38, 5, 9, NULL, 1, 1, NULL, NULL, NULL),
(39, 5, 10, NULL, 1, 2, NULL, NULL, NULL),
(40, 5, 11, NULL, 1, 2, NULL, NULL, NULL),
(41, 5, 12, NULL, 1, 2, NULL, NULL, NULL),
(42, 5, 13, NULL, 1, 2, NULL, NULL, NULL),
(43, 5, 14, NULL, 1, 2, NULL, NULL, NULL),
(44, 5, 15, NULL, 1, 2, NULL, NULL, NULL),
(45, 5, 16, NULL, 1, 1, NULL, NULL, NULL),
(46, 5, 17, NULL, 1, 3, NULL, NULL, NULL),
(47, 5, 18, NULL, 1, 3, NULL, NULL, NULL),
(48, 5, 19, NULL, 1, 3, NULL, NULL, NULL),
(49, 5, 20, NULL, 1, 3, NULL, NULL, NULL),
(50, 5, 1, NULL, 1, 1, NULL, NULL, NULL),
(51, 5, 2, NULL, 1, 1, NULL, NULL, NULL),
(52, 5, 3, NULL, 1, 1, NULL, NULL, NULL),
(53, 5, 4, NULL, 1, 1, NULL, NULL, NULL),
(54, 5, 5, NULL, 1, 1, NULL, NULL, NULL),
(55, 5, 6, NULL, 1, 1, NULL, NULL, NULL),
(56, 5, 7, NULL, 1, 1, NULL, NULL, NULL),
(57, 5, 8, NULL, 1, 1, NULL, NULL, NULL),
(58, 5, 9, NULL, 1, 1, NULL, NULL, NULL),
(59, 5, 10, NULL, 1, 2, NULL, NULL, NULL),
(60, 5, 11, NULL, 1, 2, NULL, NULL, NULL),
(61, 5, 12, NULL, 1, 2, NULL, NULL, NULL),
(62, 5, 13, NULL, 1, 2, NULL, NULL, NULL),
(63, 5, 14, NULL, 1, 2, NULL, NULL, NULL),
(64, 5, 15, NULL, 1, 2, NULL, NULL, NULL),
(65, 5, 16, NULL, 1, 1, NULL, NULL, NULL),
(66, 5, 17, NULL, 1, 3, NULL, NULL, NULL),
(67, 5, 18, NULL, 1, 3, NULL, NULL, NULL),
(68, 5, 19, NULL, 1, 3, NULL, NULL, NULL),
(69, 5, 20, NULL, 1, 3, NULL, NULL, NULL),
(70, 7, 1, NULL, 1, 1, NULL, NULL, NULL),
(71, 7, 2, NULL, 1, 1, NULL, NULL, NULL),
(72, 7, 3, NULL, 1, 1, NULL, NULL, NULL),
(73, 7, 4, NULL, 1, 1, NULL, NULL, NULL),
(74, 7, 5, NULL, 1, 1, NULL, NULL, NULL),
(75, 7, 6, NULL, 1, 1, NULL, NULL, NULL),
(76, 7, 7, NULL, 1, 1, NULL, NULL, NULL),
(77, 7, 8, NULL, 1, 1, NULL, NULL, NULL),
(78, 7, 9, NULL, 1, 1, NULL, NULL, NULL),
(79, 7, 10, NULL, 1, 2, NULL, NULL, NULL),
(80, 7, 11, NULL, 1, 2, NULL, NULL, NULL),
(81, 7, 12, NULL, 1, 2, NULL, NULL, NULL),
(82, 7, 13, NULL, 1, 2, NULL, NULL, NULL),
(83, 7, 14, NULL, 1, 2, NULL, NULL, NULL),
(84, 7, 15, NULL, 1, 2, NULL, NULL, NULL),
(85, 7, 16, NULL, 1, 1, NULL, NULL, NULL),
(86, 7, 17, NULL, 1, 3, NULL, NULL, NULL),
(87, 7, 18, NULL, 1, 3, NULL, NULL, NULL),
(88, 7, 19, NULL, 1, 3, NULL, NULL, NULL),
(89, 7, 20, NULL, 1, 3, NULL, NULL, NULL),
(90, 7, 1, NULL, 1, 1, NULL, NULL, NULL),
(91, 7, 2, NULL, 1, 1, NULL, NULL, NULL),
(92, 7, 3, NULL, 1, 1, NULL, NULL, NULL),
(93, 7, 4, NULL, 1, 1, NULL, NULL, NULL),
(94, 7, 5, NULL, 1, 1, NULL, NULL, NULL),
(95, 7, 6, NULL, 1, 1, NULL, NULL, NULL),
(96, 7, 7, NULL, 1, 1, NULL, NULL, NULL),
(97, 7, 8, NULL, 1, 1, NULL, NULL, NULL),
(98, 7, 9, NULL, 1, 1, NULL, NULL, NULL),
(99, 7, 10, NULL, 1, 2, NULL, NULL, NULL),
(100, 7, 11, NULL, 1, 2, NULL, NULL, NULL),
(101, 7, 12, NULL, 1, 2, NULL, NULL, NULL),
(102, 7, 13, NULL, 1, 2, NULL, NULL, NULL),
(103, 7, 14, NULL, 1, 2, NULL, NULL, NULL),
(104, 7, 15, NULL, 1, 2, NULL, NULL, NULL),
(105, 7, 16, NULL, 1, 1, NULL, NULL, NULL),
(106, 7, 17, NULL, 1, 3, NULL, NULL, NULL),
(107, 7, 18, NULL, 1, 3, NULL, NULL, NULL),
(108, 7, 19, NULL, 1, 3, NULL, NULL, NULL),
(109, 7, 20, NULL, 1, 3, NULL, NULL, NULL),
(110, 12, 1, NULL, 1, 1, NULL, NULL, NULL),
(111, 12, 2, NULL, 1, 1, NULL, NULL, NULL),
(112, 12, 3, NULL, 1, 1, NULL, NULL, NULL),
(113, 12, 4, NULL, 1, 1, NULL, NULL, NULL),
(114, 12, 5, NULL, 1, 1, NULL, NULL, NULL),
(115, 12, 6, NULL, 1, 1, NULL, NULL, NULL),
(116, 12, 7, NULL, 1, 1, NULL, NULL, NULL),
(117, 12, 8, NULL, 1, 1, NULL, NULL, NULL),
(118, 12, 9, NULL, 1, 1, NULL, NULL, NULL),
(119, 12, 10, NULL, 1, 2, NULL, NULL, NULL),
(120, 12, 11, NULL, 1, 2, NULL, NULL, NULL),
(121, 12, 12, NULL, 1, 2, NULL, NULL, NULL),
(122, 12, 13, NULL, 1, 2, NULL, NULL, NULL),
(123, 12, 14, NULL, 1, 2, NULL, NULL, NULL),
(124, 12, 15, NULL, 1, 2, NULL, NULL, NULL),
(125, 12, 16, NULL, 1, 1, NULL, NULL, NULL),
(126, 12, 17, NULL, 1, 3, NULL, NULL, NULL),
(127, 12, 18, NULL, 1, 3, NULL, NULL, NULL),
(128, 12, 19, NULL, 1, 3, NULL, NULL, NULL),
(129, 12, 20, NULL, 1, 3, NULL, NULL, NULL),
(130, 13, 1, NULL, 1, 1, NULL, NULL, NULL),
(131, 13, 2, NULL, 1, 1, NULL, NULL, NULL),
(132, 13, 3, NULL, 1, 1, NULL, NULL, NULL),
(133, 13, 4, NULL, 1, 1, NULL, NULL, NULL),
(134, 13, 5, NULL, 1, 1, NULL, NULL, NULL),
(135, 13, 6, NULL, 1, 1, NULL, NULL, NULL),
(136, 13, 7, NULL, 1, 1, NULL, NULL, NULL),
(137, 13, 8, NULL, 1, 1, NULL, NULL, NULL),
(138, 13, 9, NULL, 1, 1, NULL, NULL, NULL),
(139, 13, 10, NULL, 1, 2, NULL, NULL, NULL),
(140, 13, 11, NULL, 1, 2, NULL, NULL, NULL),
(141, 13, 12, NULL, 1, 2, NULL, NULL, NULL),
(142, 13, 13, NULL, 1, 2, NULL, NULL, NULL),
(143, 13, 14, NULL, 1, 2, NULL, NULL, NULL),
(144, 13, 15, NULL, 1, 2, NULL, NULL, NULL),
(145, 13, 16, NULL, 1, 1, NULL, NULL, NULL),
(146, 13, 17, NULL, 1, 3, NULL, NULL, NULL),
(147, 13, 18, NULL, 1, 3, NULL, NULL, NULL),
(148, 13, 19, NULL, 1, 3, NULL, NULL, NULL),
(149, 13, 20, NULL, 1, 3, NULL, NULL, NULL),
(150, 14, 1, NULL, 1, 1, '2024-07-08 10:11:14', NULL, '2024-07-08 10:11:14'),
(151, 14, 2, NULL, 1, 1, '2024-07-08 10:11:14', NULL, '2024-07-08 10:11:14'),
(152, 14, 3, NULL, 1, 1, '2024-07-08 10:11:14', NULL, '2024-07-08 10:11:14'),
(153, 14, 4, NULL, 1, 1, '2024-07-08 10:11:14', NULL, '2024-07-08 10:11:14'),
(154, 14, 5, NULL, 1, 1, '2024-07-08 10:11:14', NULL, '2024-07-08 10:11:14'),
(155, 14, 6, NULL, 1, 1, '2024-07-08 10:11:14', NULL, '2024-07-08 10:11:14'),
(156, 14, 7, NULL, 1, 1, '2024-07-08 10:11:14', NULL, '2024-07-08 10:11:14'),
(157, 14, 8, NULL, 1, 1, '2024-07-08 10:11:14', NULL, '2024-07-08 10:11:14'),
(158, 14, 9, NULL, 1, 1, '2024-07-08 10:11:14', NULL, '2024-07-08 10:11:14'),
(159, 14, 10, NULL, 1, 2, '2024-07-08 10:11:14', NULL, '2024-07-08 10:11:14'),
(160, 14, 11, NULL, 1, 2, '2024-07-08 10:11:14', NULL, '2024-07-08 10:11:14'),
(161, 14, 12, NULL, 1, 2, '2024-07-08 10:11:14', NULL, '2024-07-08 10:11:14'),
(162, 14, 13, NULL, 1, 2, '2024-07-08 10:11:14', NULL, '2024-07-08 10:11:14'),
(163, 14, 14, NULL, 1, 2, '2024-07-08 10:11:14', NULL, '2024-07-08 10:11:14'),
(164, 14, 15, NULL, 1, 2, '2024-07-08 10:11:14', NULL, '2024-07-08 10:11:14'),
(165, 14, 16, NULL, 1, 1, '2024-07-08 10:11:14', NULL, '2024-07-08 10:11:14'),
(166, 14, 17, NULL, 1, 3, '2024-07-08 10:11:14', NULL, '2024-07-08 10:11:14'),
(167, 14, 18, NULL, 1, 3, '2024-07-08 10:11:14', NULL, '2024-07-08 10:11:14'),
(168, 14, 19, NULL, 1, 3, '2024-07-08 10:11:14', NULL, '2024-07-08 10:11:14'),
(169, 14, 20, NULL, 1, 3, '2024-07-08 10:11:14', NULL, '2024-07-08 10:11:14'),
(170, 15, 1, NULL, 1, 1, NULL, NULL, NULL),
(171, 15, 2, NULL, 1, 1, NULL, NULL, NULL),
(172, 15, 3, NULL, 1, 1, NULL, NULL, NULL),
(173, 15, 4, NULL, 1, 1, NULL, NULL, NULL),
(174, 15, 5, NULL, 1, 1, NULL, NULL, NULL),
(175, 15, 6, NULL, 1, 1, NULL, NULL, NULL),
(176, 15, 7, NULL, 1, 1, NULL, NULL, NULL),
(177, 15, 8, NULL, 1, 1, NULL, NULL, NULL),
(178, 15, 9, NULL, 1, 1, NULL, NULL, NULL),
(179, 15, 10, NULL, 1, 2, NULL, NULL, NULL),
(180, 15, 11, NULL, 1, 2, NULL, NULL, NULL),
(181, 15, 12, NULL, 1, 2, NULL, NULL, NULL),
(182, 15, 13, NULL, 1, 2, NULL, NULL, NULL),
(183, 15, 14, NULL, 1, 2, NULL, NULL, NULL),
(184, 15, 15, NULL, 1, 2, NULL, NULL, NULL),
(185, 15, 16, NULL, 1, 1, NULL, NULL, NULL),
(186, 15, 17, NULL, 1, 3, NULL, NULL, NULL),
(187, 15, 18, NULL, 1, 3, NULL, NULL, NULL),
(188, 15, 19, NULL, 1, 3, NULL, NULL, NULL),
(189, 15, 20, NULL, 1, 3, NULL, NULL, NULL),
(190, 17, 1, NULL, 1, 1, NULL, NULL, NULL),
(191, 17, 2, NULL, 1, 1, NULL, NULL, NULL),
(192, 17, 3, NULL, 1, 1, NULL, NULL, NULL),
(193, 17, 4, NULL, 1, 1, NULL, NULL, NULL),
(194, 17, 5, NULL, 1, 1, NULL, NULL, NULL),
(195, 17, 6, NULL, 1, 1, NULL, NULL, NULL),
(196, 17, 7, NULL, 1, 1, NULL, NULL, NULL),
(197, 17, 8, NULL, 1, 1, NULL, NULL, NULL),
(198, 17, 9, NULL, 1, 1, NULL, NULL, NULL),
(199, 17, 10, NULL, 1, 2, NULL, NULL, NULL),
(200, 17, 11, NULL, 1, 2, NULL, NULL, NULL),
(201, 17, 12, NULL, 1, 2, NULL, NULL, NULL),
(202, 17, 13, NULL, 1, 2, NULL, NULL, NULL),
(203, 17, 14, NULL, 1, 2, NULL, NULL, NULL),
(204, 17, 15, NULL, 1, 2, NULL, NULL, NULL),
(205, 17, 16, NULL, 1, 1, NULL, NULL, NULL),
(206, 17, 17, NULL, 1, 3, NULL, NULL, NULL),
(207, 17, 18, NULL, 1, 3, NULL, NULL, NULL),
(208, 17, 19, NULL, 1, 3, NULL, NULL, NULL),
(209, 17, 20, NULL, 1, 3, NULL, NULL, NULL),
(210, 19, 1, NULL, 1, 1, NULL, NULL, NULL),
(211, 19, 2, NULL, 1, 1, NULL, NULL, NULL),
(212, 19, 3, NULL, 1, 1, NULL, NULL, NULL),
(213, 19, 4, NULL, 1, 1, NULL, NULL, NULL),
(214, 19, 5, NULL, 1, 1, NULL, NULL, NULL),
(215, 19, 6, NULL, 1, 1, NULL, NULL, NULL),
(216, 19, 7, NULL, 1, 1, NULL, NULL, NULL),
(217, 19, 8, NULL, 1, 1, NULL, NULL, NULL),
(218, 19, 9, NULL, 1, 1, NULL, NULL, NULL),
(219, 19, 10, NULL, 1, 2, NULL, NULL, NULL),
(220, 19, 11, NULL, 1, 2, NULL, NULL, NULL),
(221, 19, 12, NULL, 1, 2, NULL, NULL, NULL),
(222, 19, 13, NULL, 1, 2, NULL, NULL, NULL),
(223, 19, 14, NULL, 1, 2, NULL, NULL, NULL),
(224, 19, 15, NULL, 1, 2, NULL, NULL, NULL),
(225, 19, 16, NULL, 1, 1, NULL, NULL, NULL),
(226, 19, 17, NULL, 1, 3, NULL, NULL, NULL),
(227, 19, 18, NULL, 1, 3, NULL, NULL, NULL),
(228, 19, 19, NULL, 1, 3, NULL, NULL, NULL),
(229, 19, 20, NULL, 1, 3, NULL, NULL, NULL),
(230, 14, 2, NULL, 1, 1, NULL, '2024-07-08 10:11:14', '2024-07-08 10:11:14'),
(231, 14, 3, NULL, 1, 1, NULL, '2024-07-08 10:11:14', '2024-07-08 10:11:14'),
(232, 14, 4, NULL, 1, 1, NULL, '2024-07-08 10:11:14', '2024-07-08 10:11:14'),
(233, 14, 5, NULL, 1, 1, NULL, '2024-07-08 10:11:14', '2024-07-08 10:11:14'),
(234, 14, 6, NULL, 1, 1, NULL, '2024-07-08 10:11:14', '2024-07-08 10:11:14'),
(235, 14, 7, NULL, 1, 1, NULL, '2024-07-08 10:11:14', '2024-07-08 10:11:14'),
(236, 14, 8, NULL, 1, 1, NULL, '2024-07-08 10:11:14', '2024-07-08 10:11:14'),
(237, 14, 9, NULL, 1, 1, NULL, '2024-07-08 10:11:14', '2024-07-08 10:11:14'),
(238, 14, 10, NULL, 1, 2, NULL, '2024-07-08 10:11:14', '2024-07-08 10:11:14'),
(239, 14, 11, NULL, 1, 2, NULL, '2024-07-08 10:11:14', '2024-07-08 10:11:14'),
(240, 14, 12, NULL, 1, 2, NULL, '2024-07-08 10:11:14', '2024-07-08 10:11:14'),
(241, 14, 13, NULL, 1, 2, NULL, '2024-07-08 10:11:14', '2024-07-08 10:11:14'),
(242, 14, 14, NULL, 1, 2, NULL, '2024-07-08 10:11:14', '2024-07-08 10:11:14'),
(243, 14, 15, NULL, 1, 2, NULL, '2024-07-08 10:11:14', '2024-07-08 10:11:14'),
(244, 14, 17, NULL, 1, 3, NULL, '2024-07-08 10:11:14', '2024-07-08 10:11:14'),
(245, 14, 18, NULL, 1, 3, NULL, '2024-07-08 10:11:14', '2024-07-08 10:11:14'),
(246, 14, 19, NULL, 1, 3, NULL, '2024-07-08 10:11:14', '2024-07-08 10:11:14'),
(247, 14, 20, NULL, 1, 3, NULL, '2024-07-08 10:11:14', '2024-07-08 10:11:14'),
(248, 20, 1, NULL, 1, 1, NULL, NULL, NULL),
(249, 20, 2, NULL, 1, 1, NULL, NULL, NULL),
(250, 20, 3, NULL, 1, 1, NULL, NULL, NULL),
(251, 20, 4, NULL, 1, 1, NULL, NULL, NULL),
(252, 20, 5, NULL, 1, 1, NULL, NULL, NULL),
(253, 20, 6, NULL, 1, 1, NULL, NULL, NULL),
(254, 20, 7, NULL, 1, 1, NULL, NULL, NULL),
(255, 20, 8, NULL, 1, 1, NULL, NULL, NULL),
(256, 20, 9, NULL, 1, 1, NULL, NULL, NULL),
(257, 20, 10, NULL, 1, 2, NULL, NULL, NULL),
(258, 20, 11, NULL, 1, 2, NULL, NULL, NULL),
(259, 20, 12, NULL, 1, 2, NULL, NULL, NULL),
(260, 20, 13, NULL, 1, 2, NULL, NULL, NULL),
(261, 20, 14, NULL, 1, 2, NULL, NULL, NULL),
(262, 20, 15, NULL, 1, 2, NULL, NULL, NULL),
(263, 20, 16, NULL, 1, 1, NULL, NULL, NULL),
(264, 20, 17, NULL, 1, 3, NULL, NULL, NULL),
(265, 20, 18, NULL, 1, 3, NULL, NULL, NULL),
(266, 20, 19, NULL, 1, 3, NULL, NULL, NULL),
(267, 20, 20, NULL, 1, 3, NULL, NULL, NULL),
(268, 21, 1, NULL, 1, 1, NULL, NULL, NULL),
(269, 21, 2, NULL, 1, 1, NULL, NULL, NULL),
(270, 21, 3, NULL, 1, 1, NULL, NULL, NULL),
(271, 21, 4, NULL, 1, 1, NULL, NULL, NULL),
(272, 21, 5, NULL, 1, 1, NULL, NULL, NULL),
(273, 21, 6, NULL, 1, 1, NULL, NULL, NULL),
(274, 21, 7, NULL, 1, 1, NULL, NULL, NULL),
(275, 21, 8, NULL, 1, 1, NULL, NULL, NULL),
(276, 21, 9, NULL, 1, 1, NULL, NULL, NULL),
(277, 21, 10, NULL, 1, 2, NULL, NULL, NULL),
(278, 21, 11, NULL, 1, 2, NULL, NULL, NULL),
(279, 21, 12, NULL, 1, 2, NULL, NULL, NULL),
(280, 21, 13, NULL, 1, 2, NULL, NULL, NULL),
(281, 21, 14, NULL, 1, 2, NULL, NULL, NULL),
(282, 21, 15, NULL, 1, 2, NULL, NULL, NULL),
(283, 21, 16, NULL, 1, 1, NULL, NULL, NULL),
(284, 21, 17, NULL, 1, 3, NULL, NULL, NULL),
(285, 21, 18, NULL, 1, 3, NULL, NULL, NULL),
(286, 21, 19, NULL, 1, 3, NULL, NULL, NULL),
(287, 21, 20, NULL, 1, 3, NULL, NULL, NULL),
(288, 22, 1, NULL, 1, 1, NULL, NULL, NULL),
(289, 22, 2, NULL, 1, 1, NULL, NULL, NULL),
(290, 22, 3, NULL, 1, 1, NULL, NULL, NULL),
(291, 22, 4, NULL, 1, 1, NULL, NULL, NULL),
(292, 22, 5, NULL, 1, 1, NULL, NULL, NULL),
(293, 22, 6, NULL, 1, 1, NULL, NULL, NULL),
(294, 22, 7, NULL, 1, 1, NULL, NULL, NULL),
(295, 22, 8, NULL, 1, 1, NULL, NULL, NULL),
(296, 22, 9, NULL, 1, 1, NULL, NULL, NULL),
(297, 22, 10, NULL, 1, 2, NULL, NULL, NULL),
(298, 22, 11, NULL, 1, 2, NULL, NULL, NULL),
(299, 22, 12, NULL, 1, 2, NULL, NULL, NULL),
(300, 22, 13, NULL, 1, 2, NULL, NULL, NULL),
(301, 22, 14, NULL, 1, 2, NULL, NULL, NULL),
(302, 22, 15, NULL, 1, 2, NULL, NULL, NULL),
(303, 22, 16, NULL, 1, 1, NULL, NULL, NULL),
(304, 22, 17, NULL, 1, 3, NULL, NULL, NULL),
(305, 22, 18, NULL, 1, 3, NULL, NULL, NULL),
(306, 22, 19, NULL, 1, 3, NULL, NULL, NULL),
(307, 22, 20, NULL, 1, 3, NULL, NULL, NULL),
(308, 23, 1, NULL, 1, 1, '2024-07-14 00:32:26', NULL, '2024-07-14 00:32:26'),
(309, 23, 2, NULL, 1, 1, '2024-07-14 00:32:26', NULL, '2024-07-14 00:32:26'),
(310, 23, 3, NULL, 1, 1, '2024-07-14 00:32:26', NULL, '2024-07-14 00:32:26'),
(311, 23, 4, NULL, 1, 1, '2024-07-14 00:32:26', NULL, '2024-07-14 00:32:26'),
(312, 23, 5, NULL, 1, 1, '2024-07-14 00:32:26', NULL, '2024-07-14 00:32:26'),
(313, 23, 6, NULL, 1, 1, '2024-07-14 00:32:26', NULL, '2024-07-14 00:32:26'),
(314, 23, 7, NULL, 1, 1, '2024-07-14 00:32:26', NULL, '2024-07-14 00:32:26'),
(315, 23, 8, NULL, 1, 1, '2024-07-14 00:32:26', NULL, '2024-07-14 00:32:26'),
(316, 23, 9, NULL, 1, 1, '2024-07-14 00:32:26', NULL, '2024-07-14 00:32:26'),
(317, 23, 10, NULL, 1, 2, '2024-07-14 00:32:26', NULL, '2024-07-14 00:32:26'),
(318, 23, 11, NULL, 1, 2, '2024-07-14 00:32:26', NULL, '2024-07-14 00:32:26'),
(319, 23, 12, NULL, 1, 2, '2024-07-14 00:32:26', NULL, '2024-07-14 00:32:26'),
(320, 23, 13, NULL, 1, 2, '2024-07-14 00:32:26', NULL, '2024-07-14 00:32:26'),
(321, 23, 14, NULL, 1, 2, '2024-07-14 00:32:26', NULL, '2024-07-14 00:32:26'),
(322, 23, 15, NULL, 1, 2, '2024-07-14 00:32:26', NULL, '2024-07-14 00:32:26'),
(323, 23, 16, NULL, 1, 1, '2024-07-14 00:32:26', NULL, '2024-07-14 00:32:26'),
(324, 23, 17, NULL, 1, 3, '2024-07-14 00:32:26', NULL, '2024-07-14 00:32:26'),
(325, 23, 18, NULL, 1, 3, '2024-07-14 00:32:26', NULL, '2024-07-14 00:32:26'),
(326, 23, 19, NULL, 1, 3, '2024-07-14 00:32:26', NULL, '2024-07-14 00:32:26'),
(327, 23, 20, NULL, 1, 3, '2024-07-14 00:32:26', NULL, '2024-07-14 00:32:26'),
(328, 23, 1, NULL, 1, 1, NULL, '2024-07-14 00:32:26', '2024-07-14 00:32:26'),
(329, 23, 2, NULL, 1, 1, NULL, '2024-07-14 00:32:26', '2024-07-14 00:32:26'),
(330, 23, 4, NULL, 1, 1, NULL, '2024-07-14 00:32:26', '2024-07-14 00:32:26'),
(331, 23, 6, NULL, 1, 1, NULL, '2024-07-14 00:32:26', '2024-07-14 00:32:26'),
(332, 23, 7, NULL, 1, 1, NULL, '2024-07-14 00:32:26', '2024-07-14 00:32:26'),
(333, 23, 9, NULL, 1, 1, NULL, '2024-07-14 00:32:26', '2024-07-14 00:32:26'),
(334, 23, 16, NULL, 1, 1, NULL, '2024-07-14 00:32:26', '2024-07-14 00:32:26'),
(335, 23, 11, NULL, 1, 2, NULL, '2024-07-14 00:32:26', '2024-07-14 00:32:26'),
(336, 23, 13, NULL, 1, 2, NULL, '2024-07-14 00:32:26', '2024-07-14 00:32:26'),
(337, 23, 15, NULL, 1, 2, NULL, '2024-07-14 00:32:26', '2024-07-14 00:32:26'),
(338, 23, 17, NULL, 1, 3, NULL, '2024-07-14 00:32:26', '2024-07-14 00:32:26'),
(339, 23, 20, NULL, 1, 3, NULL, '2024-07-14 00:32:26', '2024-07-14 00:32:26'),
(340, 24, 1, NULL, 1, 1, NULL, NULL, NULL),
(341, 24, 2, NULL, 1, 1, NULL, NULL, NULL),
(342, 24, 3, NULL, 1, 1, NULL, NULL, NULL),
(343, 24, 4, NULL, 1, 1, NULL, NULL, NULL),
(344, 24, 5, NULL, 1, 1, NULL, NULL, NULL),
(345, 24, 6, NULL, 1, 1, NULL, NULL, NULL),
(346, 24, 7, NULL, 1, 1, NULL, NULL, NULL),
(347, 24, 8, NULL, 1, 1, NULL, NULL, NULL),
(348, 24, 9, NULL, 1, 1, NULL, NULL, NULL),
(349, 24, 10, NULL, 1, 2, NULL, NULL, NULL),
(350, 24, 11, NULL, 1, 2, NULL, NULL, NULL),
(351, 24, 12, NULL, 1, 2, NULL, NULL, NULL),
(352, 24, 13, NULL, 1, 2, NULL, NULL, NULL),
(353, 24, 14, NULL, 1, 2, NULL, NULL, NULL),
(354, 24, 15, NULL, 1, 2, NULL, NULL, NULL),
(355, 24, 16, NULL, 1, 1, NULL, NULL, NULL),
(356, 24, 17, NULL, 1, 3, NULL, NULL, NULL),
(357, 24, 18, NULL, 1, 3, NULL, NULL, NULL),
(358, 24, 19, NULL, 1, 3, NULL, NULL, NULL),
(359, 24, 20, NULL, 1, 3, NULL, NULL, NULL),
(360, 25, 1, NULL, 1, 1, NULL, NULL, NULL),
(361, 25, 2, NULL, 1, 1, NULL, NULL, NULL),
(362, 25, 3, NULL, 1, 1, NULL, NULL, NULL),
(363, 25, 4, NULL, 1, 1, NULL, NULL, NULL),
(364, 25, 5, NULL, 1, 1, NULL, NULL, NULL),
(365, 25, 6, NULL, 1, 1, NULL, NULL, NULL),
(366, 25, 7, NULL, 1, 1, NULL, NULL, NULL),
(367, 25, 8, NULL, 1, 1, NULL, NULL, NULL),
(368, 25, 9, NULL, 1, 1, NULL, NULL, NULL),
(369, 25, 10, NULL, 1, 2, NULL, NULL, NULL),
(370, 25, 11, NULL, 1, 2, NULL, NULL, NULL),
(371, 25, 12, NULL, 1, 2, NULL, NULL, NULL),
(372, 25, 13, NULL, 1, 2, NULL, NULL, NULL),
(373, 25, 14, NULL, 1, 2, NULL, NULL, NULL),
(374, 25, 15, NULL, 1, 2, NULL, NULL, NULL),
(375, 25, 16, NULL, 1, 1, NULL, NULL, NULL),
(376, 25, 17, NULL, 1, 3, NULL, NULL, NULL),
(377, 25, 18, NULL, 1, 3, NULL, NULL, NULL),
(378, 25, 19, NULL, 1, 3, NULL, NULL, NULL),
(379, 25, 20, NULL, 1, 3, NULL, NULL, NULL),
(380, 27, 1, NULL, 1, 1, NULL, NULL, NULL),
(381, 27, 2, NULL, 1, 1, NULL, NULL, NULL),
(382, 27, 3, NULL, 1, 1, NULL, NULL, NULL),
(383, 27, 4, NULL, 1, 1, NULL, NULL, NULL),
(384, 27, 5, NULL, 1, 1, NULL, NULL, NULL),
(385, 27, 6, NULL, 1, 1, NULL, NULL, NULL),
(386, 27, 7, NULL, 1, 1, NULL, NULL, NULL),
(387, 27, 8, NULL, 1, 1, NULL, NULL, NULL),
(388, 27, 9, NULL, 1, 1, NULL, NULL, NULL),
(389, 27, 10, NULL, 1, 2, NULL, NULL, NULL),
(390, 27, 11, NULL, 1, 2, NULL, NULL, NULL),
(391, 27, 12, NULL, 1, 2, NULL, NULL, NULL),
(392, 27, 13, NULL, 1, 2, NULL, NULL, NULL),
(393, 27, 14, NULL, 1, 2, NULL, NULL, NULL),
(394, 27, 15, NULL, 1, 2, NULL, NULL, NULL),
(395, 27, 16, NULL, 1, 1, NULL, NULL, NULL),
(396, 27, 17, NULL, 1, 3, NULL, NULL, NULL),
(397, 27, 18, NULL, 1, 3, NULL, NULL, NULL),
(398, 27, 19, NULL, 1, 3, NULL, NULL, NULL),
(399, 27, 20, NULL, 1, 3, NULL, NULL, NULL),
(400, 29, 1, NULL, 1, 1, NULL, NULL, NULL),
(401, 29, 2, NULL, 1, 1, NULL, NULL, NULL),
(402, 29, 3, NULL, 1, 1, NULL, NULL, NULL),
(403, 29, 4, NULL, 1, 1, NULL, NULL, NULL),
(404, 29, 5, NULL, 1, 1, NULL, NULL, NULL),
(405, 29, 6, NULL, 1, 1, NULL, NULL, NULL),
(406, 29, 7, NULL, 1, 1, NULL, NULL, NULL),
(407, 29, 8, NULL, 1, 1, NULL, NULL, NULL),
(408, 29, 9, NULL, 1, 1, NULL, NULL, NULL),
(409, 29, 10, NULL, 1, 2, NULL, NULL, NULL),
(410, 29, 11, NULL, 1, 2, NULL, NULL, NULL),
(411, 29, 12, NULL, 1, 2, NULL, NULL, NULL),
(412, 29, 13, NULL, 1, 2, NULL, NULL, NULL),
(413, 29, 14, NULL, 1, 2, NULL, NULL, NULL),
(414, 29, 15, NULL, 1, 2, NULL, NULL, NULL),
(415, 29, 16, NULL, 1, 1, NULL, NULL, NULL),
(416, 29, 17, NULL, 1, 3, NULL, NULL, NULL),
(417, 29, 18, NULL, 1, 3, NULL, NULL, NULL),
(418, 29, 19, NULL, 1, 3, NULL, NULL, NULL),
(419, 29, 20, NULL, 1, 3, NULL, NULL, NULL),
(420, 33, 1, NULL, 1, 1, NULL, NULL, NULL),
(421, 33, 2, NULL, 1, 1, NULL, NULL, NULL),
(422, 33, 3, NULL, 1, 1, NULL, NULL, NULL),
(423, 33, 4, NULL, 1, 1, NULL, NULL, NULL),
(424, 33, 5, NULL, 1, 1, NULL, NULL, NULL),
(425, 33, 6, NULL, 1, 1, NULL, NULL, NULL),
(426, 33, 7, NULL, 1, 1, NULL, NULL, NULL),
(427, 33, 8, NULL, 1, 1, NULL, NULL, NULL),
(428, 33, 9, NULL, 1, 1, NULL, NULL, NULL),
(429, 33, 10, NULL, 1, 2, NULL, NULL, NULL),
(430, 33, 11, NULL, 1, 2, NULL, NULL, NULL),
(431, 33, 12, NULL, 1, 2, NULL, NULL, NULL),
(432, 33, 13, NULL, 1, 2, NULL, NULL, NULL),
(433, 33, 14, NULL, 1, 2, NULL, NULL, NULL),
(434, 33, 15, NULL, 1, 2, NULL, NULL, NULL),
(435, 33, 16, NULL, 1, 1, NULL, NULL, NULL),
(436, 33, 17, NULL, 1, 3, NULL, NULL, NULL),
(437, 33, 18, NULL, 1, 3, NULL, NULL, NULL),
(438, 33, 19, NULL, 1, 3, NULL, NULL, NULL),
(439, 33, 20, NULL, 1, 3, NULL, NULL, NULL);

-- --------------------------------------------------------

--
-- Table structure for table `roster_open_services`
--

CREATE TABLE `roster_open_services` (
  `id` bigint(20) UNSIGNED NOT NULL,
  `roster_id` bigint(20) UNSIGNED NOT NULL,
  `roster_service_id` bigint(20) UNSIGNED NOT NULL,
  `org_id` bigint(20) UNSIGNED NOT NULL,
  `internal_note` text DEFAULT NULL COMMENT 'for internal purpose',
  `remarks` text DEFAULT NULL,
  `roster_status` int(11) NOT NULL,
  `deleted_at` timestamp NULL DEFAULT NULL,
  `created_at` timestamp NULL DEFAULT NULL,
  `updated_at` timestamp NULL DEFAULT NULL
) ENGINE=InnoDB DEFAULT CHARSET=utf8mb4 COLLATE=utf8mb4_unicode_ci;

-- --------------------------------------------------------

--
-- Table structure for table `roster_services`
--

CREATE TABLE `roster_services` (
  `id` bigint(20) UNSIGNED NOT NULL,
  `service_title` text NOT NULL,
  `service_title_np` varchar(255) DEFAULT NULL,
  `working_area_id` bigint(20) UNSIGNED NOT NULL,
  `org_id` bigint(20) UNSIGNED DEFAULT NULL,
  `status` tinyint(1) NOT NULL DEFAULT 1,
  `category` int(11) NOT NULL,
  `deleted_at` timestamp NULL DEFAULT NULL,
  `created_at` timestamp NULL DEFAULT NULL,
  `updated_at` timestamp NULL DEFAULT NULL
) ENGINE=InnoDB DEFAULT CHARSET=utf8mb4 COLLATE=utf8mb4_unicode_ci;

--
-- Dumping data for table `roster_services`
--

INSERT INTO `roster_services` (`id`, `service_title`, `service_title_np`, `working_area_id`, `org_id`, `status`, `category`, `deleted_at`, `created_at`, `updated_at`) VALUES
(1, 'Advertisement agencies (online and print media)', 'विज्ञापन प्रकाशन सम्बन्धी कार्य', 1, NULL, 1, 1, NULL, NULL, NULL),
(2, 'Domestic and International Air Ticketing and Facilitation on visa processing.', 'ट्राभल एजेन्सीहरू (हवाई टिकटको लागि राष्ट्रिय तथा अन्तर्राष्ट्रिय समेत) बस, जीप र अन्य ४ पांग्रे सवारी साधन ।', 1, NULL, 1, 1, NULL, NULL, NULL),
(3, 'Printing and publication (Visiting Card, notebook, annual report, books, t-shirts, cap, bags, winter wears, etc.)', 'प्रकाशन तथा डिजाईन सम्बन्धी सेवा ', 1, NULL, 1, 1, NULL, NULL, NULL),
(4, 'ब्यानर तथा छपाई सम्बन्धी सेवा ', 'ब्यानर तथा छपाई सम्बन्धी सेवा ', 1, NULL, 1, 1, NULL, NULL, NULL),
(5, 'Event Managment', 'इभेन्ट म्यानेजमेन्ट, मन्च सजावट, Security सम्बन्धी सेवा ', 1, NULL, 1, 1, NULL, NULL, NULL),
(6, 'होटल तथा Hospitality सेवाहरू (तालीम, गोष्ठी, सेमिनार, दिवाभोज, रात्रिभोज समेत)', 'होटल तथा Hospitality सेवाहरू (तालीम, गोष्ठी, सेमिनार, दिवाभोज, रात्रिभोज समेत)', 1, NULL, 1, 1, NULL, NULL, NULL),
(7, 'Consultancy Service and Report Writting', 'परामर्श सम्बन्धी सेवारप्रस्ताव तयारीरप्रतिवेदन लेखनर तालिम र गोष्ठी सञ्चालन', 1, NULL, 1, 1, NULL, NULL, NULL),
(8, 'Photography and Videography', ' फोटोग्राफी , भिडियोग्राफी', 1, NULL, 1, 1, NULL, NULL, NULL),
(9, 'Caterging Services', ' क्याटरिंग सेवा आदि', 1, NULL, 1, 1, NULL, NULL, NULL),
(10, 'Motercycle servicing', 'मोटरसाईकल मर्मत तथा सर्भिसिङ', 1, NULL, 1, 2, NULL, NULL, NULL),
(11, 'विभिन्न फर्निचर निर्माण तथा मर्मत', 'विभिन्न फर्निचर निर्माण तथा मर्मत', 1, NULL, 1, 2, NULL, NULL, NULL),
(12, 'Website, software and hosting', 'वेवसाईट, सफ्टवेयर, नेटवर्क सेवा', 1, NULL, 1, 2, NULL, NULL, NULL),
(13, 'कम्प्युटर, फोटोकपी मेसिन, प्रिन्टर प्याक्स, भिडियो, अडियो आदिको मर्मत', 'कम्प्युटर, फोटोकपी मेसिन, प्रिन्टर प्याक्स, भिडियो, अडियो आदिको मर्मत', 1, NULL, 1, 2, NULL, NULL, NULL),
(14, 'एयरकन्डिसन, बिजुली वाइरिंग, इनभटर, माइक, टेलिफोनको मर्मत', 'एयरकन्डिसन, बिजुली वाइरिंग, इनभटर, माइक, टेलिफोनको मर्मत', 1, NULL, 1, 2, NULL, NULL, NULL),
(15, 'प्लम्बिङ सम्बन्धी सेवा', 'प्लम्बिङ सम्बन्धी सेवा', 1, NULL, 1, 2, NULL, NULL, NULL),
(16, ' कार्यालय भवन मर्मतर रंगरोगनर पार्टेसन आदि', ' कार्यालय भवन मर्मतर रंगरोगनर पार्टेसन आदि', 1, NULL, 1, 1, NULL, NULL, NULL),
(17, 'स्टेशनरी, ईलेक्ट्रिकल, मसलन्द तथा विविध सामग्रीहरूको आपूर्ति', 'स्टेशनरी, ईलेक्ट्रिकल, मसलन्द तथा विविध सामग्रीहरूको आपूर्ति', 1, NULL, 1, 3, NULL, NULL, NULL),
(18, 'कम्प्युटर, यूपिएस, प्रिन्टर, फोटोकपी मेसिन,टोनर लगायतका इलेक्ट्रोनिक्स सामानहरू र सोको लागि स्पेयर पार्टस्', 'कम्प्युटर, यूपिएस, प्रिन्टर, फोटोकपी मेसिन,टोनर लगायतका इलेक्ट्रोनिक्स सामानहरू र सोको लागि स्पेयर पार्टस्', 1, NULL, 1, 3, NULL, NULL, NULL),
(19, 'विभिन्न इलेक्ट्रोनिक सामानहरू(पंखा, हिटर, टेलिफोन आदि) तथा सोको पार्टपुर्जाहरू विजुली(वाईरिङ)का सामानहरू', 'विभिन्न इलेक्ट्रोनिक सामानहरू(पंखा, हिटर, टेलिफोन आदि) तथा सोको पार्टपुर्जाहरू विजुली(वाईरिङ)का सामानहरू', 1, NULL, 1, 3, NULL, NULL, NULL),
(20, 'फर्निचर तथा कार्यालय फर्निसिंग', 'फर्निचर तथा कार्यालय फर्निसिंग', 1, NULL, 1, 3, NULL, NULL, NULL);

-- --------------------------------------------------------

--
-- Table structure for table `services`
--

CREATE TABLE `services` (
  `id` bigint(20) UNSIGNED NOT NULL,
  `service_name` varchar(255) NOT NULL,
  `service_group` enum('Tender','Roster','TenderEvaluation','TenderConsultancy') NOT NULL,
  `service_description` text DEFAULT NULL,
  `service_amount` decimal(8,2) NOT NULL,
  `service_validity_days` int(11) NOT NULL DEFAULT 0,
  `discount_pct` decimal(8,2) NOT NULL DEFAULT 0.00,
  `discount_start` date DEFAULT NULL,
  `discount_end` date DEFAULT NULL,
  `status` tinyint(1) NOT NULL DEFAULT 1,
  `can_apply_coupon` tinyint(1) NOT NULL DEFAULT 1,
  `deleted_at` timestamp NULL DEFAULT NULL,
  `created_at` timestamp NULL DEFAULT NULL,
  `updated_at` timestamp NULL DEFAULT NULL
) ENGINE=InnoDB DEFAULT CHARSET=utf8mb4 COLLATE=utf8mb4_unicode_ci;

--
-- Dumping data for table `services`
--

INSERT INTO `services` (`id`, `service_name`, `service_group`, `service_description`, `service_amount`, `service_validity_days`, `discount_pct`, `discount_start`, `discount_end`, `status`, `can_apply_coupon`, `deleted_at`, `created_at`, `updated_at`) VALUES
(1, 'Premium Serivice', 'Tender', 'Tender opening preminum service', 10000.00, 31, 0.00, NULL, NULL, 1, 1, NULL, NULL, NULL),
(2, 'Regular Serivice', 'Tender', 'Tender opening regular service', 5000.00, 16, 0.00, NULL, NULL, 1, 1, NULL, NULL, NULL),
(3, 'Premium Serivice', 'Roster', 'Tender opening preminum service', 5000.00, 31, 0.00, NULL, NULL, 1, 1, NULL, NULL, NULL),
(4, 'Regular Serivice', 'Roster', 'Tender opening regular service', 2000.00, 16, 0.00, NULL, NULL, 1, 1, NULL, NULL, NULL),
(5, 'Tender Evaluation Serivice', 'TenderEvaluation', 'TenderEvaluation service', 25000.00, 0, 0.00, NULL, NULL, 1, 1, NULL, NULL, NULL),
(6, 'Tender Consuttancy', 'TenderConsultancy', 'Tor Prepration', 150000.00, 0, 0.00, NULL, NULL, 1, 1, NULL, NULL, NULL),
(7, 'Consultancy Serivice', 'TenderConsultancy', 'On demand as per the agreement', 0.00, 0, 0.00, NULL, NULL, 1, 1, NULL, NULL, NULL);

-- --------------------------------------------------------

--
-- Table structure for table `sessions`
--

CREATE TABLE `sessions` (
  `id` varchar(255) NOT NULL,
  `user_id` bigint(20) UNSIGNED DEFAULT NULL,
  `ip_address` varchar(45) DEFAULT NULL,
  `user_agent` text DEFAULT NULL,
  `payload` longtext NOT NULL,
  `last_activity` int(11) NOT NULL
) ENGINE=InnoDB DEFAULT CHARSET=utf8mb4 COLLATE=utf8mb4_unicode_ci;

--
-- Dumping data for table `sessions`
--

INSERT INTO `sessions` (`id`, `user_id`, `ip_address`, `user_agent`, `payload`, `last_activity`) VALUES
('04yL0fHb70N6OUnfrgZzPsUDKDxcjOqdIdLCUyGa', NULL, '127.0.0.1', 'Mozilla/5.0 (Windows NT 10.0; Win64; x64) AppleWebKit/537.36 (KHTML, like Gecko) Chrome/128.0.0.0 Safari/537.36', 'YToyOntzOjY6Il90b2tlbiI7czo0MDoiUW5LQ1k2aUw1ZUxLSkprQ3VCWkFsdlU5azR4dEZhTjg4T3lNUWZ0aCI7czo2OiJfZmxhc2giO2E6Mjp7czozOiJvbGQiO2E6MDp7fXM6MzoibmV3IjthOjA6e319fQ==', 1725334377),
('0DwP4XNlKNcDRno9cUxeV2PIoct4QKtlZ1Urev2U', NULL, '127.0.0.1', 'Mozilla/5.0 (Windows NT 10.0; Win64; x64) AppleWebKit/537.36 (KHTML, like Gecko) Chrome/128.0.0.0 Safari/537.36', 'YTozOntzOjY6Il90b2tlbiI7czo0MDoib0hIVEt5MFRaNUdOaXowR1l4TUZEa1NVN2JuSFdwc1o2NThHSTVtWiI7czo5OiJfcHJldmlvdXMiO2E6MTp7czozOiJ1cmwiO3M6NzE6Imh0dHA6Ly8xMjcuMC4wLjE6ODAwMC9hcGkvb3BwZXJ0dW5pdGllcy9nZXRhbGwtYWN0aXZlLWluZm8/cHJlbWl1bT10cnVlIjt9czo2OiJfZmxhc2giO2E6Mjp7czozOiJvbGQiO2E6MDp7fXM6MzoibmV3IjthOjA6e319fQ==', 1725334109),
('0NMlAE0Lg0593AatVLgTcLBBuEamjQ3dRMaSfgv7', NULL, '127.0.0.1', 'Mozilla/5.0 (Windows NT 10.0; Win64; x64) AppleWebKit/537.36 (KHTML, like Gecko) Chrome/128.0.0.0 Safari/537.36', 'YToyOntzOjY6Il90b2tlbiI7czo0MDoiYURFVzltblMxaWdRcm9vY0IxSUlzNnlSc3lsN0xRaFRackNjMkJvRiI7czo2OiJfZmxhc2giO2E6Mjp7czozOiJvbGQiO2E6MDp7fXM6MzoibmV3IjthOjA6e319fQ==', 1725334140),
('0wPuwnfqyNxumZb2tNuYyYZuF8vOukVgmQ0Rrb1O', NULL, '127.0.0.1', 'Mozilla/5.0 (Windows NT 10.0; Win64; x64) AppleWebKit/537.36 (KHTML, like Gecko) Chrome/128.0.0.0 Safari/537.36', 'YToyOntzOjY6Il90b2tlbiI7czo0MDoieUU2d3RnMTlaejZFTzRWOUhsTjlHUkFpdmlCeHM4WUR3Smx1ckVTaiI7czo2OiJfZmxhc2giO2E6Mjp7czozOiJvbGQiO2E6MDp7fXM6MzoibmV3IjthOjA6e319fQ==', 1725335695),
('1bKQatP7Ljj8t9C5EasirYyh0ez0sGaKS496qp24', NULL, '127.0.0.1', 'Mozilla/5.0 (Windows NT 10.0; Win64; x64) AppleWebKit/537.36 (KHTML, like Gecko) Chrome/128.0.0.0 Safari/537.36', 'YTozOntzOjY6Il90b2tlbiI7czo0MDoiU3RjRDc3VzIxbDg1M1hDemZ6Y1R1eDFRTXVaeVZQWDh6eGZqU3E5eSI7czo5OiJfcHJldmlvdXMiO2E6MTp7czozOiJ1cmwiO3M6Njc6Imh0dHA6Ly8xMjcuMC4wLjE6ODAwMC9hcGkvb3BwZXJ0dW5pdGllcy9nZXRkZXRhaWxzP2lkPTImdHlwZT1ub3RpY2UiO31zOjY6Il9mbGFzaCI7YToyOntzOjM6Im9sZCI7YTowOnt9czozOiJuZXciO2E6MDp7fX19', 1725335363),
('1tvVYVQ9mK2Z6nxsyRoqp5SXPb0dezvYgvQ9Es5f', NULL, '127.0.0.1', 'Mozilla/5.0 (Windows NT 10.0; Win64; x64) AppleWebKit/537.36 (KHTML, like Gecko) Chrome/128.0.0.0 Safari/537.36', 'YTozOntzOjY6Il90b2tlbiI7czo0MDoiZk9EcG43czQzVTJlUnk0dW54TnlXcVdPcWNsaEM3MlZDVm4zWnlIMSI7czo5OiJfcHJldmlvdXMiO2E6MTp7czozOiJ1cmwiO3M6NTg6Imh0dHA6Ly8xMjcuMC4wLjE6ODAwMC9hcGkvb3BwZXJ0dW5pdGllcy9nZXRhbGwtYWN0aXZlLWluZm8iO31zOjY6Il9mbGFzaCI7YToyOntzOjM6Im9sZCI7YTowOnt9czozOiJuZXciO2E6MDp7fX19', 1725465566),
('2bOENmlVlLZI19mnS0b7aC79HZhson9AT5VZk6LV', NULL, '127.0.0.1', 'Mozilla/5.0 (Windows NT 10.0; Win64; x64) AppleWebKit/537.36 (KHTML, like Gecko) Chrome/128.0.0.0 Safari/537.36', 'YTozOntzOjY6Il90b2tlbiI7czo0MDoiejhzeWVtSEtXYjEzODBIaDdQZUNpWmloRG4wVWxVdHMwQ0dOYkt5SiI7czo5OiJfcHJldmlvdXMiO2E6MTp7czozOiJ1cmwiO3M6NzE6Imh0dHA6Ly8xMjcuMC4wLjE6ODAwMC9hcGkvb3BwZXJ0dW5pdGllcy9nZXRhbGwtYWN0aXZlLWluZm8/cHJlbWl1bT10cnVlIjt9czo2OiJfZmxhc2giO2E6Mjp7czozOiJvbGQiO2E6MDp7fXM6MzoibmV3IjthOjA6e319fQ==', 1725334139),
('2EDkrG8g7zQggdHVfhjuZJJynCb358DdChLGZG9r', NULL, '127.0.0.1', 'Mozilla/5.0 (Windows NT 10.0; Win64; x64) AppleWebKit/537.36 (KHTML, like Gecko) Chrome/128.0.0.0 Safari/537.36', 'YToyOntzOjY6Il90b2tlbiI7czo0MDoiU0RmNXF1WmRMU0FhcEJxSjdRZkd6anNOT1FzSjhENGU4QU5rVFdOVCI7czo2OiJfZmxhc2giO2E6Mjp7czozOiJvbGQiO2E6MDp7fXM6MzoibmV3IjthOjA6e319fQ==', 1725335318),
('2KI5tn0jmi0ASnhiQOhotYtEyXgECHhktKO0k5Rn', NULL, '127.0.0.1', 'Mozilla/5.0 (Windows NT 10.0; Win64; x64) AppleWebKit/537.36 (KHTML, like Gecko) Chrome/128.0.0.0 Safari/537.36', 'YToyOntzOjY6Il90b2tlbiI7czo0MDoiM2tOYlRzRWxnampNNmxvaU9Ra2RWWGtaTGVzTzVKRjR0a3RSdk9heSI7czo2OiJfZmxhc2giO2E6Mjp7czozOiJvbGQiO2E6MDp7fXM6MzoibmV3IjthOjA6e319fQ==', 1725334035),
('2RdDTnwKOmb45L1YFMJ043LPzZHpoVzPlmNa93QE', NULL, '127.0.0.1', 'Mozilla/5.0 (Windows NT 10.0; Win64; x64) AppleWebKit/537.36 (KHTML, like Gecko) Chrome/128.0.0.0 Safari/537.36', 'YTozOntzOjY6Il90b2tlbiI7czo0MDoiYkNZdDRUelpJTnhjZlZORnhxTHJKMXkzeDB6ZFRBdmRCWDhaZ2EydCI7czo5OiJfcHJldmlvdXMiO2E6MTp7czozOiJ1cmwiO3M6Njc6Imh0dHA6Ly8xMjcuMC4wLjE6ODAwMC9hcGkvb3BwZXJ0dW5pdGllcy9nZXRkZXRhaWxzP2lkPTImdHlwZT1ub3RpY2UiO31zOjY6Il9mbGFzaCI7YToyOntzOjM6Im9sZCI7YTowOnt9czozOiJuZXciO2E6MDp7fX19', 1725335405),
('3j3njdg5SZ0aELSVQ7PS1pbWSXiAXNCSqfGErKKr', NULL, '127.0.0.1', 'Mozilla/5.0 (Windows NT 10.0; Win64; x64) AppleWebKit/537.36 (KHTML, like Gecko) Chrome/128.0.0.0 Safari/537.36', 'YTozOntzOjY6Il90b2tlbiI7czo0MDoiN09ZSEUzUzV4NWVUM3FSMnFLNTB3ZnBaN1pWR3d5ZFNLUGRjeVptRCI7czo5OiJfcHJldmlvdXMiO2E6MTp7czozOiJ1cmwiO3M6Njc6Imh0dHA6Ly8xMjcuMC4wLjE6ODAwMC9hcGkvb3BwZXJ0dW5pdGllcy9nZXRkZXRhaWxzP2lkPTImdHlwZT1ub3RpY2UiO31zOjY6Il9mbGFzaCI7YToyOntzOjM6Im9sZCI7YTowOnt9czozOiJuZXciO2E6MDp7fX19', 1725335466),
('4BqsUNmWn6AfS4IKvylIZ0jepS9tDwE84PxXT1gG', NULL, '127.0.0.1', 'Mozilla/5.0 (Windows NT 10.0; Win64; x64) AppleWebKit/537.36 (KHTML, like Gecko) Chrome/128.0.0.0 Safari/537.36', 'YTozOntzOjY6Il90b2tlbiI7czo0MDoiR1diVHFWY1pvemo5REFyazVRdjdlaEdnaUl4dUFTYUFOWUFQMGpVUyI7czo5OiJfcHJldmlvdXMiO2E6MTp7czozOiJ1cmwiO3M6NzE6Imh0dHA6Ly8xMjcuMC4wLjE6ODAwMC9hcGkvb3BwZXJ0dW5pdGllcy9nZXRhbGwtYWN0aXZlLWluZm8/cHJlbWl1bT10cnVlIjt9czo2OiJfZmxhc2giO2E6Mjp7czozOiJvbGQiO2E6MDp7fXM6MzoibmV3IjthOjA6e319fQ==', 1725334143),
('4HIzt8iZInm5ZAXOWjTLIElE62QCkbdesucWjFpE', NULL, '127.0.0.1', 'Mozilla/5.0 (Windows NT 10.0; Win64; x64) AppleWebKit/537.36 (KHTML, like Gecko) Chrome/128.0.0.0 Safari/537.36', 'YToyOntzOjY6Il90b2tlbiI7czo0MDoiMUtCNjRhUWc5bWUxVGg3ZGdLZEVyeEJtYzBQREJ6ejlSQkkwWmZ2QSI7czo2OiJfZmxhc2giO2E6Mjp7czozOiJvbGQiO2E6MDp7fXM6MzoibmV3IjthOjA6e319fQ==', 1725334284),
('4oh25wGU472cTFZQa07zahXnmc4XBa8D7q2OksEl', NULL, '127.0.0.1', 'Mozilla/5.0 (Windows NT 10.0; Win64; x64) AppleWebKit/537.36 (KHTML, like Gecko) Chrome/128.0.0.0 Safari/537.36', 'YToyOntzOjY6Il90b2tlbiI7czo0MDoid1FCVnhRSzFSWTRqYWR5SWxPRHdwMWlNVThkbXA3S0I2RnJwQ3Q4YyI7czo2OiJfZmxhc2giO2E6Mjp7czozOiJvbGQiO2E6MDp7fXM6MzoibmV3IjthOjA6e319fQ==', 1725335796),
('4qrzl5qdxbyxN38iATrYMMScMQZsrctFl558pOMZ', NULL, '127.0.0.1', 'Mozilla/5.0 (Windows NT 10.0; Win64; x64) AppleWebKit/537.36 (KHTML, like Gecko) Chrome/128.0.0.0 Safari/537.36', 'YTozOntzOjY6Il90b2tlbiI7czo0MDoiY1RqNUVFNkRndnhhRTdiVk1LcDk2eW1lanEzVXZxYmhwZFZoVWQ0TSI7czo5OiJfcHJldmlvdXMiO2E6MTp7czozOiJ1cmwiO3M6Njc6Imh0dHA6Ly8xMjcuMC4wLjE6ODAwMC9hcGkvb3BwZXJ0dW5pdGllcy9nZXRkZXRhaWxzP2lkPTImdHlwZT1ub3RpY2UiO31zOjY6Il9mbGFzaCI7YToyOntzOjM6Im9sZCI7YTowOnt9czozOiJuZXciO2E6MDp7fX19', 1725335724),
('5NsB7HUGy6vKa863e1MUUzKSJXArbYQBi9IgUW7W', NULL, '127.0.0.1', 'Mozilla/5.0 (Windows NT 10.0; Win64; x64) AppleWebKit/537.36 (KHTML, like Gecko) Chrome/128.0.0.0 Safari/537.36', 'YTozOntzOjY6Il90b2tlbiI7czo0MDoiQTBEaU5OVHlGTUJJeG9FekdFdGtMN3dINWE5UGlhRzJwckVkOGlyNCI7czo5OiJfcHJldmlvdXMiO2E6MTp7czozOiJ1cmwiO3M6Njc6Imh0dHA6Ly8xMjcuMC4wLjE6ODAwMC9hcGkvb3BwZXJ0dW5pdGllcy9nZXRkZXRhaWxzP2lkPTImdHlwZT1ub3RpY2UiO31zOjY6Il9mbGFzaCI7YToyOntzOjM6Im9sZCI7YTowOnt9czozOiJuZXciO2E6MDp7fX19', 1725335793),
('6DtteB8sqC8s7ezIs8CF2MaKSTkBBBWEWart1qNi', NULL, '127.0.0.1', 'Mozilla/5.0 (Windows NT 10.0; Win64; x64) AppleWebKit/537.36 (KHTML, like Gecko) Chrome/128.0.0.0 Safari/537.36', 'YTozOntzOjY6Il90b2tlbiI7czo0MDoidWNkWVIwVmpETGU3MDNOR085Z2c1ODYweGtpNmJpcTduSW53THZtZCI7czo5OiJfcHJldmlvdXMiO2E6MTp7czozOiJ1cmwiO3M6Njc6Imh0dHA6Ly8xMjcuMC4wLjE6ODAwMC9hcGkvb3BwZXJ0dW5pdGllcy9nZXRkZXRhaWxzP2lkPTImdHlwZT1ub3RpY2UiO31zOjY6Il9mbGFzaCI7YToyOntzOjM6Im9sZCI7YTowOnt9czozOiJuZXciO2E6MDp7fX19', 1725335522),
('6sXbv6eEqqGFmJI6aMEE0Tarp6REdYw5wLDZ5Y9C', NULL, '127.0.0.1', 'Mozilla/5.0 (Windows NT 10.0; Win64; x64) AppleWebKit/537.36 (KHTML, like Gecko) Chrome/128.0.0.0 Safari/537.36', 'YTozOntzOjY6Il90b2tlbiI7czo0MDoiWTBSb1FVS3R4WldHRk1VQ0pTa0M4cmFnRXJKaUo3enpFZGc1cE5ZMCI7czo5OiJfcHJldmlvdXMiO2E6MTp7czozOiJ1cmwiO3M6MzE6Imh0dHA6Ly8xMjcuMC4wLjE6ODAwMC9hcGkvYmxvZ3MiO31zOjY6Il9mbGFzaCI7YToyOntzOjM6Im9sZCI7YTowOnt9czozOiJuZXciO2E6MDp7fX19', 1725334309),
('78UdM5HuNRklcMJ2426ZzxQwvUkXXsnOjIfMA5G2', NULL, '127.0.0.1', 'Mozilla/5.0 (Windows NT 10.0; Win64; x64) AppleWebKit/537.36 (KHTML, like Gecko) Chrome/128.0.0.0 Safari/537.36', 'YTozOntzOjY6Il90b2tlbiI7czo0MDoiS1NBemZYamt3cEt3YWVsdnNoVWdSUk1LN1FwTURGRVlRMW1hbEhDRSI7czo5OiJfcHJldmlvdXMiO2E6MTp7czozOiJ1cmwiO3M6MzE6Imh0dHA6Ly8xMjcuMC4wLjE6ODAwMC9hcGkvYmxvZ3MiO31zOjY6Il9mbGFzaCI7YToyOntzOjM6Im9sZCI7YTowOnt9czozOiJuZXciO2E6MDp7fX19', 1725335794),
('86tZdf2DFf1fcurg5qWTosC7jp0I5aRFjH5Y24Ym', NULL, '127.0.0.1', 'Mozilla/5.0 (Windows NT 10.0; Win64; x64) AppleWebKit/537.36 (KHTML, like Gecko) Chrome/128.0.0.0 Safari/537.36', 'YToyOntzOjY6Il90b2tlbiI7czo0MDoieHc5aFZObEJWMURvTXNzU1hBem5oZlZORFVrV2xrWVM1dWdIblJPcyI7czo2OiJfZmxhc2giO2E6Mjp7czozOiJvbGQiO2E6MDp7fXM6MzoibmV3IjthOjA6e319fQ==', 1725333900),
('8K9YUHclgl9RaB2yPQb5ZAE9HuJRkm8Kl0RnD2wc', NULL, '127.0.0.1', 'Mozilla/5.0 (Windows NT 10.0; Win64; x64) AppleWebKit/537.36 (KHTML, like Gecko) Chrome/128.0.0.0 Safari/537.36', 'YToyOntzOjY6Il90b2tlbiI7czo0MDoiQ0dKcTBGSU50U3ZBS1FGZEtOd0JUN0tlc2txTGpIOTFGdU84RHBuWiI7czo2OiJfZmxhc2giO2E6Mjp7czozOiJvbGQiO2E6MDp7fXM6MzoibmV3IjthOjA6e319fQ==', 1725335587),
('8ooqknJTCCfCUk13NzaaEcIoEzErYnBC6VIoN4Bo', NULL, '127.0.0.1', 'Mozilla/5.0 (Windows NT 10.0; Win64; x64) AppleWebKit/537.36 (KHTML, like Gecko) Chrome/128.0.0.0 Safari/537.36', 'YTozOntzOjY6Il90b2tlbiI7czo0MDoiamRLQU5ENDZ0TGE5SzFhdjMxQXg2RFY3eEZCbUlEdDVIWkgzUHlYbCI7czo5OiJfcHJldmlvdXMiO2E6MTp7czozOiJ1cmwiO3M6MzE6Imh0dHA6Ly8xMjcuMC4wLjE6ODAwMC9hcGkvYmxvZ3MiO31zOjY6Il9mbGFzaCI7YToyOntzOjM6Im9sZCI7YTowOnt9czozOiJuZXciO2E6MDp7fX19', 1725334184),
('8OVk0dL8Ss8DaX7Aa66zp3MPVlFuUtX2gOPVAKXv', NULL, '127.0.0.1', 'Mozilla/5.0 (Windows NT 10.0; Win64; x64) AppleWebKit/537.36 (KHTML, like Gecko) Chrome/128.0.0.0 Safari/537.36', 'YToyOntzOjY6Il90b2tlbiI7czo0MDoidkdVM1A1bTJBdjRpRGliTjNLUHV1OEpOVDk1NGlLdDlnMVlmRThYVCI7czo2OiJfZmxhc2giO2E6Mjp7czozOiJvbGQiO2E6MDp7fXM6MzoibmV3IjthOjA6e319fQ==', 1725334017),
('8xirhyy7hLjtYqWviZL2HUznCYIs1pyLzhKWiT63', NULL, '127.0.0.1', 'Mozilla/5.0 (Windows NT 10.0; Win64; x64) AppleWebKit/537.36 (KHTML, like Gecko) Chrome/128.0.0.0 Safari/537.36', 'YTozOntzOjY6Il90b2tlbiI7czo0MDoiUk84OUcyQ3RXV0NYVzMxRXgzbUFRS3N0aDhDRWJhNHBMUk5mTUxVTiI7czo5OiJfcHJldmlvdXMiO2E6MTp7czozOiJ1cmwiO3M6Njc6Imh0dHA6Ly8xMjcuMC4wLjE6ODAwMC9hcGkvb3BwZXJ0dW5pdGllcy9nZXRkZXRhaWxzP2lkPTImdHlwZT1ub3RpY2UiO31zOjY6Il9mbGFzaCI7YToyOntzOjM6Im9sZCI7YTowOnt9czozOiJuZXciO2E6MDp7fX19', 1725335447),
('936myMVnl3QnLO9ZXPk3nrcPC4MJTje2ZCGXiZRB', NULL, '127.0.0.1', 'Mozilla/5.0 (Windows NT 10.0; Win64; x64) AppleWebKit/537.36 (KHTML, like Gecko) Chrome/128.0.0.0 Safari/537.36', 'YToyOntzOjY6Il90b2tlbiI7czo0MDoiVlh2WWpxendQT2RYaENWN080M2NRNm9IR0lRaWk4ZUJlc1hWRGpydiI7czo2OiJfZmxhc2giO2E6Mjp7czozOiJvbGQiO2E6MDp7fXM6MzoibmV3IjthOjA6e319fQ==', 1725334068),
('9csXYdFjLteA6Zb8t8wsDg6BlGoKNIBjOwbL1ABz', NULL, '127.0.0.1', 'Mozilla/5.0 (Windows NT 10.0; Win64; x64) AppleWebKit/537.36 (KHTML, like Gecko) Chrome/128.0.0.0 Safari/537.36', 'YToyOntzOjY6Il90b2tlbiI7czo0MDoiWmtFSmtYclVoTlBTYXZvQTREQm9tTE9kUGdCcDhJTTBCMnV2U3NGTiI7czo2OiJfZmxhc2giO2E6Mjp7czozOiJvbGQiO2E6MDp7fXM6MzoibmV3IjthOjA6e319fQ==', 1725335726),
('9LdNSqWFKg1CbTeQVf9kIaHDsVqqAMZeuzf2re9U', NULL, '127.0.0.1', 'Mozilla/5.0 (Windows NT 10.0; Win64; x64) AppleWebKit/537.36 (KHTML, like Gecko) Chrome/128.0.0.0 Safari/537.36', 'YToyOntzOjY6Il90b2tlbiI7czo0MDoiclh3blpDZncxYmJxZElYT0prN0Jsa2dKVVVXTHN5Mkw5SU8yMVc0YSI7czo2OiJfZmxhc2giO2E6Mjp7czozOiJvbGQiO2E6MDp7fXM6MzoibmV3IjthOjA6e319fQ==', 1725334310),
('A5Yt1nlIUtcMUhMwcoHALTgb0cEJdozpabClFomG', NULL, '127.0.0.1', 'Mozilla/5.0 (Windows NT 10.0; Win64; x64) AppleWebKit/537.36 (KHTML, like Gecko) Chrome/128.0.0.0 Safari/537.36', 'YTozOntzOjY6Il90b2tlbiI7czo0MDoieGhoaWdVeGxYWndkaWlXVGI4VW1lekM2cVZaVXlNam9scGxBemFvSiI7czo5OiJfcHJldmlvdXMiO2E6MTp7czozOiJ1cmwiO3M6Njc6Imh0dHA6Ly8xMjcuMC4wLjE6ODAwMC9hcGkvb3BwZXJ0dW5pdGllcy9nZXRkZXRhaWxzP2lkPTImdHlwZT1ub3RpY2UiO31zOjY6Il9mbGFzaCI7YToyOntzOjM6Im9sZCI7YTowOnt9czozOiJuZXciO2E6MDp7fX19', 1725335460),
('agKJoGQtwaDxO25nV6CfD9EaQSbfyNBS32cczrKf', NULL, '127.0.0.1', 'Mozilla/5.0 (Windows NT 10.0; Win64; x64) AppleWebKit/537.36 (KHTML, like Gecko) Chrome/128.0.0.0 Safari/537.36', 'YTozOntzOjY6Il90b2tlbiI7czo0MDoiUm5uN0pSTmdQZ1VUbThySVBpMmJta0RoQ2tkWmhnb1JlZE8wQnI5QiI7czo5OiJfcHJldmlvdXMiO2E6MTp7czozOiJ1cmwiO3M6Njc6Imh0dHA6Ly8xMjcuMC4wLjE6ODAwMC9hcGkvb3BwZXJ0dW5pdGllcy9nZXRkZXRhaWxzP2lkPTImdHlwZT1ub3RpY2UiO31zOjY6Il9mbGFzaCI7YToyOntzOjM6Im9sZCI7YTowOnt9czozOiJuZXciO2E6MDp7fX19', 1725335465),
('AHgLpEECPBfc7xu7HJV5fKMMLSgqhIPPmb6XXBrX', NULL, '127.0.0.1', 'Mozilla/5.0 (Windows NT 10.0; Win64; x64) AppleWebKit/537.36 (KHTML, like Gecko) Chrome/128.0.0.0 Safari/537.36', 'YToyOntzOjY6Il90b2tlbiI7czo0MDoiV2JhMXY5dGE5S1VzcDYwQ1RGTUxBd2FhdjJmVkZHVWVVcXp4WU9odiI7czo2OiJfZmxhc2giO2E6Mjp7czozOiJvbGQiO2E6MDp7fXM6MzoibmV3IjthOjA6e319fQ==', 1725335568),
('AIjvr2fKN1Reqrw4aqRUkYNyHLGQTvk0FrDurnku', NULL, '127.0.0.1', 'Mozilla/5.0 (Windows NT 10.0; Win64; x64) AppleWebKit/537.36 (KHTML, like Gecko) Chrome/128.0.0.0 Safari/537.36', 'YToyOntzOjY6Il90b2tlbiI7czo0MDoiMEN2Nm1wWk5PNDNyeHJTTk5lOU1CMDFLMUJDR3l1VXhUUmE5YWlOZSI7czo2OiJfZmxhc2giO2E6Mjp7czozOiJvbGQiO2E6MDp7fXM6MzoibmV3IjthOjA6e319fQ==', 1725335485),
('al6gh0aNPa0B7c8Gpo7YGH5Kd3HvI5qJbOCVTeqC', NULL, '127.0.0.1', 'Mozilla/5.0 (Windows NT 10.0; Win64; x64) AppleWebKit/537.36 (KHTML, like Gecko) Chrome/128.0.0.0 Safari/537.36', 'YToyOntzOjY6Il90b2tlbiI7czo0MDoiOU9TWUZmWFp2djV2aHc3TmV4SjY2YnVwbDFyQUVRUEhxcGtZYUU0UCI7czo2OiJfZmxhc2giO2E6Mjp7czozOiJvbGQiO2E6MDp7fXM6MzoibmV3IjthOjA6e319fQ==', 1725334647),
('AMJEre4ExA4k60JvfGZnF5Iyco9q7mWkoaPCaWUD', NULL, '127.0.0.1', 'Mozilla/5.0 (Windows NT 10.0; Win64; x64) AppleWebKit/537.36 (KHTML, like Gecko) Chrome/128.0.0.0 Safari/537.36', 'YTozOntzOjY6Il90b2tlbiI7czo0MDoiT1VrZW9XNkpGS2dpdU93c3ZsMXlpNkRVd0tHSWlPVDNpcWhGU2I4aCI7czo5OiJfcHJldmlvdXMiO2E6MTp7czozOiJ1cmwiO3M6NzE6Imh0dHA6Ly8xMjcuMC4wLjE6ODAwMC9hcGkvb3BwZXJ0dW5pdGllcy9nZXRhbGwtYWN0aXZlLWluZm8/cHJlbWl1bT10cnVlIjt9czo2OiJfZmxhc2giO2E6Mjp7czozOiJvbGQiO2E6MDp7fXM6MzoibmV3IjthOjA6e319fQ==', 1725335724),
('Arn0kKowuZGjdFbVwlh1hJbkvEKfZyfYUfV2cL9E', NULL, '127.0.0.1', 'Mozilla/5.0 (Windows NT 10.0; Win64; x64) AppleWebKit/537.36 (KHTML, like Gecko) Chrome/128.0.0.0 Safari/537.36', 'YTozOntzOjY6Il90b2tlbiI7czo0MDoiMlRDeEVWZ2llaGlDM2hrNkZNcDVwOTBmTmtmbXdjdXdTUVVBcTFPNyI7czo5OiJfcHJldmlvdXMiO2E6MTp7czozOiJ1cmwiO3M6Njc6Imh0dHA6Ly8xMjcuMC4wLjE6ODAwMC9hcGkvb3BwZXJ0dW5pdGllcy9nZXRkZXRhaWxzP2lkPTImdHlwZT1ub3RpY2UiO31zOjY6Il9mbGFzaCI7YToyOntzOjM6Im9sZCI7YTowOnt9czozOiJuZXciO2E6MDp7fX19', 1725334143),
('AxlWCeAmfUuiZfHAjPOUDrPUwYLldVTA0gbqB6aW', NULL, '127.0.0.1', 'Mozilla/5.0 (Windows NT 10.0; Win64; x64) AppleWebKit/537.36 (KHTML, like Gecko) Chrome/128.0.0.0 Safari/537.36', 'YTozOntzOjY6Il90b2tlbiI7czo0MDoieXhOa0RLNEhIUkRTNUZ3M1dtM244ZFlCOGVueVlCQjZFTkpTTHVLeiI7czo5OiJfcHJldmlvdXMiO2E6MTp7czozOiJ1cmwiO3M6NzE6Imh0dHA6Ly8xMjcuMC4wLjE6ODAwMC9hcGkvb3BwZXJ0dW5pdGllcy9nZXRhbGwtYWN0aXZlLWluZm8/cHJlbWl1bT10cnVlIjt9czo2OiJfZmxhc2giO2E6Mjp7czozOiJvbGQiO2E6MDp7fXM6MzoibmV3IjthOjA6e319fQ==', 1725334721),
('bBusAuRG9kTUUN89onVyCGsfDmxiI7kRbLPwCxWm', NULL, '127.0.0.1', 'Mozilla/5.0 (Windows NT 10.0; Win64; x64) AppleWebKit/537.36 (KHTML, like Gecko) Chrome/128.0.0.0 Safari/537.36', 'YToyOntzOjY6Il90b2tlbiI7czo0MDoiVmNXMDBGMFhwRnhoYXJRMjU1QXJnRlFobHNFaDdISDBMUGkxenJCTCI7czo2OiJfZmxhc2giO2E6Mjp7czozOiJvbGQiO2E6MDp7fXM6MzoibmV3IjthOjA6e319fQ==', 1725335467),
('bFBhq4cjQR1NULpMa8VmenexdG6ttqMMDJORQhIj', NULL, '127.0.0.1', 'Mozilla/5.0 (Windows NT 10.0; Win64; x64) AppleWebKit/537.36 (KHTML, like Gecko) Chrome/128.0.0.0 Safari/537.36', 'YToyOntzOjY6Il90b2tlbiI7czo0MDoiS25FNDVEd3NWZGVpdUhvT1ltZnBBUDVKNE5qcXVUVmpDTHoyZzBUZiI7czo2OiJfZmxhc2giO2E6Mjp7czozOiJvbGQiO2E6MDp7fXM6MzoibmV3IjthOjA6e319fQ==', 1725335682),
('BlIMWH1DDMtKMAdiYwJQHnTtxcvYJGMVP0Am3MCy', NULL, '127.0.0.1', 'Mozilla/5.0 (Windows NT 10.0; Win64; x64) AppleWebKit/537.36 (KHTML, like Gecko) Chrome/128.0.0.0 Safari/537.36', 'YTozOntzOjY6Il90b2tlbiI7czo0MDoiTE5ITE5zTmkzdkwwUEU5ZG1tTFplUjhGSFlrazJVTWpkOExJc0NzSCI7czo5OiJfcHJldmlvdXMiO2E6MTp7czozOiJ1cmwiO3M6Njc6Imh0dHA6Ly8xMjcuMC4wLjE6ODAwMC9hcGkvb3BwZXJ0dW5pdGllcy9nZXRkZXRhaWxzP2lkPTImdHlwZT1ub3RpY2UiO31zOjY6Il9mbGFzaCI7YToyOntzOjM6Im9sZCI7YTowOnt9czozOiJuZXciO2E6MDp7fX19', 1725333944),
('BovVr9RcNY2EpqV40cNvDteonbfoFBRnXyvGCRDf', NULL, '127.0.0.1', 'Mozilla/5.0 (Windows NT 10.0; Win64; x64) AppleWebKit/537.36 (KHTML, like Gecko) Chrome/128.0.0.0 Safari/537.36', 'YTozOntzOjY6Il90b2tlbiI7czo0MDoiVXNJb3UzRzlWMFZMeDhsZG0wRFhIaWdIVkJCQXJqRm9jZWtnRTdqdSI7czo5OiJfcHJldmlvdXMiO2E6MTp7czozOiJ1cmwiO3M6Njc6Imh0dHA6Ly8xMjcuMC4wLjE6ODAwMC9hcGkvb3BwZXJ0dW5pdGllcy9nZXRkZXRhaWxzP2lkPTImdHlwZT1ub3RpY2UiO31zOjY6Il9mbGFzaCI7YToyOntzOjM6Im9sZCI7YTowOnt9czozOiJuZXciO2E6MDp7fX19', 1725334010),
('BR68R20YRweYrxOp3SaZgMLnMvOvyMVbCiNjbpJk', NULL, '127.0.0.1', 'Mozilla/5.0 (Windows NT 10.0; Win64; x64) AppleWebKit/537.36 (KHTML, like Gecko) Chrome/128.0.0.0 Safari/537.36', 'YTozOntzOjY6Il90b2tlbiI7czo0MDoiVkpZVVlaSmZMcFFhOHNqVThISVh1OFFUamRkaW9iSkZ4WEU3b2V0ZCI7czo5OiJfcHJldmlvdXMiO2E6MTp7czozOiJ1cmwiO3M6Njc6Imh0dHA6Ly8xMjcuMC4wLjE6ODAwMC9hcGkvb3BwZXJ0dW5pdGllcy9nZXRkZXRhaWxzP2lkPTImdHlwZT1ub3RpY2UiO31zOjY6Il9mbGFzaCI7YToyOntzOjM6Im9sZCI7YTowOnt9czozOiJuZXciO2E6MDp7fX19', 1725335568),
('BTWRAtPsKnKEPkt6JvjghPAplh54gjDeWptdLl1W', NULL, '127.0.0.1', 'Mozilla/5.0 (Windows NT 10.0; Win64; x64) AppleWebKit/537.36 (KHTML, like Gecko) Chrome/128.0.0.0 Safari/537.36', 'YTozOntzOjY6Il90b2tlbiI7czo0MDoieGlBMEdzRU5CbldrbzAySE8yc0Q3NTlXRkdpY3praVBhSHNWaDNjMCI7czo5OiJfcHJldmlvdXMiO2E6MTp7czozOiJ1cmwiO3M6NTA6Imh0dHA6Ly8xMjcuMC4wLjE6ODAwMC9hcGkvc2ltaWxhci1ub3RpY2VzP3R5cGVJZD0xIjt9czo2OiJfZmxhc2giO2E6Mjp7czozOiJvbGQiO2E6MDp7fXM6MzoibmV3IjthOjA6e319fQ==', 1725335382),
('BVkIw5PdSsElDPafoLIapQn91Wl3CJfb6AgsUIsI', NULL, '127.0.0.1', 'Mozilla/5.0 (Windows NT 10.0; Win64; x64) AppleWebKit/537.36 (KHTML, like Gecko) Chrome/128.0.0.0 Safari/537.36', 'YTozOntzOjY6Il90b2tlbiI7czo0MDoiMk10Nzl1VmlnQ0tJTUJxRVNsT2tDSTRDTllVck12a1pxVXE3Wm5EbiI7czo5OiJfcHJldmlvdXMiO2E6MTp7czozOiJ1cmwiO3M6NzE6Imh0dHA6Ly8xMjcuMC4wLjE6ODAwMC9hcGkvb3BwZXJ0dW5pdGllcy9nZXRhbGwtYWN0aXZlLWluZm8/cHJlbWl1bT10cnVlIjt9czo2OiJfZmxhc2giO2E6Mjp7czozOiJvbGQiO2E6MDp7fXM6MzoibmV3IjthOjA6e319fQ==', 1725335126),
('CB4AWasdGEcl4A2Tz15F6ZmQEW4YkpSN1GTv2ly9', NULL, '127.0.0.1', 'Mozilla/5.0 (Windows NT 10.0; Win64; x64) AppleWebKit/537.36 (KHTML, like Gecko) Chrome/128.0.0.0 Safari/537.36', 'YToyOntzOjY6Il90b2tlbiI7czo0MDoiZFpRMlZHS2pBZFprZlNMcm9jRWpNSjRONDhTZHFrTzNKUTRCVDkwSSI7czo2OiJfZmxhc2giO2E6Mjp7czozOiJvbGQiO2E6MDp7fXM6MzoibmV3IjthOjA6e319fQ==', 1725334011),
('cGjcSk4mDooo8H0niiA3xwjvXHK4jW0KwkeVosHy', NULL, '127.0.0.1', 'Mozilla/5.0 (Windows NT 10.0; Win64; x64) AppleWebKit/537.36 (KHTML, like Gecko) Chrome/128.0.0.0 Safari/537.36', 'YTozOntzOjY6Il90b2tlbiI7czo0MDoiM1NTYmlYUjlST2pzZ1hvRUJOR3YweGtPZ0JDY3FzM0VSdHd0c2xiMyI7czo5OiJfcHJldmlvdXMiO2E6MTp7czozOiJ1cmwiO3M6Njc6Imh0dHA6Ly8xMjcuMC4wLjE6ODAwMC9hcGkvb3BwZXJ0dW5pdGllcy9nZXRkZXRhaWxzP2lkPTImdHlwZT1ub3RpY2UiO31zOjY6Il9mbGFzaCI7YToyOntzOjM6Im9sZCI7YTowOnt9czozOiJuZXciO2E6MDp7fX19', 1725334068),
('CQ5u8ca9hj6sMA5tO0dH6ZQ1FwXh6L2l15NCFtU1', NULL, '127.0.0.1', 'Mozilla/5.0 (Windows NT 10.0; Win64; x64) AppleWebKit/537.36 (KHTML, like Gecko) Chrome/128.0.0.0 Safari/537.36', 'YToyOntzOjY6Il90b2tlbiI7czo0MDoidjdudlZCNWxMQ3ZOV3FPQ2lMU1Q1WVRJaXpGMEdrbXpnaGduQ1RobSI7czo2OiJfZmxhc2giO2E6Mjp7czozOiJvbGQiO2E6MDp7fXM6MzoibmV3IjthOjA6e319fQ==', 1725334743),
('cQxoh8ePVHGntlVPK5TvD8yUMjPATQx0eVpZlF4z', NULL, '127.0.0.1', 'Mozilla/5.0 (Windows NT 10.0; Win64; x64) AppleWebKit/537.36 (KHTML, like Gecko) Chrome/128.0.0.0 Safari/537.36', 'YTozOntzOjY6Il90b2tlbiI7czo0MDoiYkRiRWJ0Vlh6V2pCSDRqRzBkdjNJb3VMekhWNlVpVElMVVNrbFVVMSI7czo5OiJfcHJldmlvdXMiO2E6MTp7czozOiJ1cmwiO3M6NzE6Imh0dHA6Ly8xMjcuMC4wLjE6ODAwMC9hcGkvb3BwZXJ0dW5pdGllcy9nZXRhbGwtYWN0aXZlLWluZm8/cHJlbWl1bT10cnVlIjt9czo2OiJfZmxhc2giO2E6Mjp7czozOiJvbGQiO2E6MDp7fXM6MzoibmV3IjthOjA6e319fQ==', 1725334131),
('CuocXeKc3N9xFdrnQjV65kKWxNrQHZF3OSOPGE1t', NULL, '127.0.0.1', 'Mozilla/5.0 (Windows NT 10.0; Win64; x64) AppleWebKit/537.36 (KHTML, like Gecko) Chrome/128.0.0.0 Safari/537.36', 'YTozOntzOjY6Il90b2tlbiI7czo0MDoickxEcjdoMDFBcU9SUzNVT250dWRYVW1zbVpvMVhRc2VOVXdCY2s3TiI7czo5OiJfcHJldmlvdXMiO2E6MTp7czozOiJ1cmwiO3M6Njg6Imh0dHA6Ly8xMjcuMC4wLjE6ODAwMC9hcGkvb3BwZXJ0dW5pdGllcy9nZXRkZXRhaWxzP2lkPTE0JnR5cGU9cm9zdGVyIjt9czo2OiJfZmxhc2giO2E6Mjp7czozOiJvbGQiO2E6MDp7fXM6MzoibmV3IjthOjA6e319fQ==', 1725333892),
('CuwbSMKni8nY6nACtN25iCwh3eXIW7zI6ZqkXvOq', NULL, '127.0.0.1', 'Mozilla/5.0 (Windows NT 10.0; Win64; x64) AppleWebKit/537.36 (KHTML, like Gecko) Chrome/128.0.0.0 Safari/537.36', 'YToyOntzOjY6Il90b2tlbiI7czo0MDoidExxSG82Vm01OGZ1TUs2OHZLMzRFaU5NMW5lMTRNdThnbVdSanNCTiI7czo2OiJfZmxhc2giO2E6Mjp7czozOiJvbGQiO2E6MDp7fXM6MzoibmV3IjthOjA6e319fQ==', 1725335523),
('cZRhdEhbI0ku5rvpiCJ9U3rodXLDUqnH85dNKZDF', NULL, '127.0.0.1', 'Mozilla/5.0 (Windows NT 10.0; Win64; x64) AppleWebKit/537.36 (KHTML, like Gecko) Chrome/128.0.0.0 Safari/537.36', 'YTozOntzOjY6Il90b2tlbiI7czo0MDoiUGk5dzRpWjVOMFc2eWdxQllIbG5NeGp0ejJCSFFkYU9vTk9zUXVOWCI7czo5OiJfcHJldmlvdXMiO2E6MTp7czozOiJ1cmwiO3M6NTA6Imh0dHA6Ly8xMjcuMC4wLjE6ODAwMC9hcGkvc2ltaWxhci1ub3RpY2VzP3R5cGVJZD0xIjt9czo2OiJfZmxhc2giO2E6Mjp7czozOiJvbGQiO2E6MDp7fXM6MzoibmV3IjthOjA6e319fQ==', 1725334722),
('D0WmZs0UUd4kHhfgPpGB0DmbDwdzLbukf7YhJfyW', NULL, '127.0.0.1', 'Mozilla/5.0 (Windows NT 10.0; Win64; x64) AppleWebKit/537.36 (KHTML, like Gecko) Chrome/128.0.0.0 Safari/537.36', 'YToyOntzOjY6Il90b2tlbiI7czo0MDoiNjF4OUVzWEZLaW10S3pWUHNhQ0xyQ3lDbG1ISGVEMlJxTW1oNm1YSSI7czo2OiJfZmxhc2giO2E6Mjp7czozOiJvbGQiO2E6MDp7fXM6MzoibmV3IjthOjA6e319fQ==', 1725335461),
('d8NB5p8aFvwaftBhSnI0LcnfcDIEKKMEp7Y6iq9a', NULL, '127.0.0.1', 'Mozilla/5.0 (Windows NT 10.0; Win64; x64) AppleWebKit/537.36 (KHTML, like Gecko) Chrome/128.0.0.0 Safari/537.36', 'YTozOntzOjY6Il90b2tlbiI7czo0MDoiS0dZMnd6YU9pelgzbFRPdnE3ZmliTGE2M0U5Mm9LTGg5UWVIMUZQQiI7czo5OiJfcHJldmlvdXMiO2E6MTp7czozOiJ1cmwiO3M6Njc6Imh0dHA6Ly8xMjcuMC4wLjE6ODAwMC9hcGkvb3BwZXJ0dW5pdGllcy9nZXRkZXRhaWxzP2lkPTImdHlwZT1ub3RpY2UiO31zOjY6Il9mbGFzaCI7YToyOntzOjM6Im9sZCI7YTowOnt9czozOiJuZXciO2E6MDp7fX19', 1725334183),
('DBccv83idY9phoEkNsTjbtOSROhZOdeqz7gzkdtN', NULL, '127.0.0.1', 'Mozilla/5.0 (Windows NT 10.0; Win64; x64) AppleWebKit/537.36 (KHTML, like Gecko) Chrome/128.0.0.0 Safari/537.36', 'YToyOntzOjY6Il90b2tlbiI7czo0MDoiY1dIUTdVaGVBVVJzS1M4ZE1xVWxyYWw5Q0lCSUhEeHZYUkJmZ1dqciI7czo2OiJfZmxhc2giO2E6Mjp7czozOiJvbGQiO2E6MDp7fXM6MzoibmV3IjthOjA6e319fQ==', 1725333905),
('dDlPKcinYQOHJ4YlsmGIR4FiOOEfGU2TwiiKmD2D', NULL, '127.0.0.1', 'Mozilla/5.0 (Windows NT 10.0; Win64; x64) AppleWebKit/537.36 (KHTML, like Gecko) Chrome/128.0.0.0 Safari/537.36', 'YToyOntzOjY6Il90b2tlbiI7czo0MDoiUEZKVUdHU0x2VUl1SjBoU2JlS2tyS3JidFFudlpzY0QyQkJ3ZDJVSSI7czo2OiJfZmxhc2giO2E6Mjp7czozOiJvbGQiO2E6MDp7fXM6MzoibmV3IjthOjA6e319fQ==', 1725334110),
('djKjvICH0f71EDLh5jmSdxJXcJdR3XE0vhEf6oys', NULL, '127.0.0.1', 'Mozilla/5.0 (Windows NT 10.0; Win64; x64) AppleWebKit/537.36 (KHTML, like Gecko) Chrome/128.0.0.0 Safari/537.36', 'YTozOntzOjY6Il90b2tlbiI7czo0MDoiSWpxVlk1NFRzakxKaW5CRFQ3VFp6a3dKM1BYc05PQXVPeHRnMjJlYiI7czo5OiJfcHJldmlvdXMiO2E6MTp7czozOiJ1cmwiO3M6Njc6Imh0dHA6Ly8xMjcuMC4wLjE6ODAwMC9hcGkvb3BwZXJ0dW5pdGllcy9nZXRkZXRhaWxzP2lkPTImdHlwZT1ub3RpY2UiO31zOjY6Il9mbGFzaCI7YToyOntzOjM6Im9sZCI7YTowOnt9czozOiJuZXciO2E6MDp7fX19', 1725335646),
('dkho914JSM6fiIz5kmqbQzoMUg7iBMWIoOsUYLBf', NULL, '127.0.0.1', 'Mozilla/5.0 (Windows NT 10.0; Win64; x64) AppleWebKit/537.36 (KHTML, like Gecko) Chrome/128.0.0.0 Safari/537.36', 'YTozOntzOjY6Il90b2tlbiI7czo0MDoiZ2htM1B2M1FodlpWeEYzRVdsUHVLZm0wdXpJbFZ0WHk4RnpuNk0zWCI7czo5OiJfcHJldmlvdXMiO2E6MTp7czozOiJ1cmwiO3M6MzE6Imh0dHA6Ly8xMjcuMC4wLjE6ODAwMC9hcGkvYmxvZ3MiO31zOjY6Il9mbGFzaCI7YToyOntzOjM6Im9sZCI7YTowOnt9czozOiJuZXciO2E6MDp7fX19', 1725333893),
('dRjvYhBizpzAlxluMVqRi5xaM9ORc1HSG6SarwZo', NULL, '127.0.0.1', 'Mozilla/5.0 (Windows NT 10.0; Win64; x64) AppleWebKit/537.36 (KHTML, like Gecko) Chrome/128.0.0.0 Safari/537.36', 'YToyOntzOjY6Il90b2tlbiI7czo0MDoiOGQ4ZzFGZ1ptdGlIUzlENlVkSUtFMXlYd1pBR1FwelRBVUR0ZjJzVCI7czo2OiJfZmxhc2giO2E6Mjp7czozOiJvbGQiO2E6MDp7fXM6MzoibmV3IjthOjA6e319fQ==', 1725334723),
('EbDTzGSvAnKNSs0xaELOLpV3xX4IlM0I6IFHCMoB', NULL, '127.0.0.1', 'Mozilla/5.0 (Windows NT 10.0; Win64; x64) AppleWebKit/537.36 (KHTML, like Gecko) Chrome/128.0.0.0 Safari/537.36', 'YTozOntzOjY6Il90b2tlbiI7czo0MDoiT3dRM01YdHRBRlBIelBtTkNkNWE2YU1HZjk4WHl3NGl2b05BZ2pTSyI7czo5OiJfcHJldmlvdXMiO2E6MTp7czozOiJ1cmwiO3M6Njc6Imh0dHA6Ly8xMjcuMC4wLjE6ODAwMC9hcGkvb3BwZXJ0dW5pdGllcy9nZXRkZXRhaWxzP2lkPTImdHlwZT1ub3RpY2UiO31zOjY6Il9mbGFzaCI7YToyOntzOjM6Im9sZCI7YTowOnt9czozOiJuZXciO2E6MDp7fX19', 1725334035),
('EhGK2no238qT7cBhaeVR9RRUiFwAjxoR44icAI5i', NULL, '127.0.0.1', 'Mozilla/5.0 (Windows NT 10.0; Win64; x64) AppleWebKit/537.36 (KHTML, like Gecko) Chrome/128.0.0.0 Safari/537.36', 'YTozOntzOjY6Il90b2tlbiI7czo0MDoiUnRYU1JzV2V4aWVIdFdCaUJOR2Z2UUM1SVo1cUY0c3h5UGp3M0lnSiI7czo5OiJfcHJldmlvdXMiO2E6MTp7czozOiJ1cmwiO3M6NzE6Imh0dHA6Ly8xMjcuMC4wLjE6ODAwMC9hcGkvb3BwZXJ0dW5pdGllcy9nZXRhbGwtYWN0aXZlLWluZm8/cHJlbWl1bT10cnVlIjt9czo2OiJfZmxhc2giO2E6Mjp7czozOiJvbGQiO2E6MDp7fXM6MzoibmV3IjthOjA6e319fQ==', 1725335694),
('EnVsw6dJjgnZqmBka0TKkQlgLc5unR7BOkvy5Ln4', NULL, '127.0.0.1', 'Mozilla/5.0 (Windows NT 10.0; Win64; x64) AppleWebKit/537.36 (KHTML, like Gecko) Chrome/128.0.0.0 Safari/537.36', 'YToyOntzOjY6Il90b2tlbiI7czo0MDoiUFUzeWdEUU81ZExUVGY3Njdac3JYekxpbzlCTjRCMmpDYXh4M1ZVWiI7czo2OiJfZmxhc2giO2E6Mjp7czozOiJvbGQiO2E6MDp7fXM6MzoibmV3IjthOjA6e319fQ==', 1725335562),
('ExM3gjrGiVXzr9xUxQbpGfk5GeDkUsNeFwLjhSgG', NULL, '127.0.0.1', 'Mozilla/5.0 (Windows NT 10.0; Win64; x64) AppleWebKit/537.36 (KHTML, like Gecko) Chrome/128.0.0.0 Safari/537.36', 'YToyOntzOjY6Il90b2tlbiI7czo0MDoieGozVm5aVHBHN2dXWTI2WmdTcGxoeVB2Wk41aUpnMTV3Z0VkTEhHRyI7czo2OiJfZmxhc2giO2E6Mjp7czozOiJvbGQiO2E6MDp7fXM6MzoibmV3IjthOjA6e319fQ==', 1725335432),
('EZYbdQYyGEqC9ysB6aNwaUcsmONkbb3mQYeB8qAQ', NULL, '127.0.0.1', 'Mozilla/5.0 (Windows NT 10.0; Win64; x64) AppleWebKit/537.36 (KHTML, like Gecko) Chrome/128.0.0.0 Safari/537.36', 'YToyOntzOjY6Il90b2tlbiI7czo0MDoieDZVQTlMV21ENjVzZ1QxSHNCV1drbzNON1YyM1l2d2RvWjN4bmFaVyI7czo2OiJfZmxhc2giO2E6Mjp7czozOiJvbGQiO2E6MDp7fXM6MzoibmV3IjthOjA6e319fQ==', 1725335448),
('Fi7QyocyOnSTngKSPkN9SZ00mI8jRXj2WlyNB6kb', NULL, '127.0.0.1', 'Mozilla/5.0 (Windows NT 10.0; Win64; x64) AppleWebKit/537.36 (KHTML, like Gecko) Chrome/128.0.0.0 Safari/537.36', 'YToyOntzOjY6Il90b2tlbiI7czo0MDoieHlVVmFRc1B5VW01RnJiWml4MVpNZTByNGdKQmlmYVJLczJHNmNDQiI7czo2OiJfZmxhc2giO2E6Mjp7czozOiJvbGQiO2E6MDp7fXM6MzoibmV3IjthOjA6e319fQ==', 1725335545),
('fIWiiYXENv3SambsFEss1ku16kS3vWEvTAmIDGnP', NULL, '127.0.0.1', 'Mozilla/5.0 (Windows NT 10.0; Win64; x64) AppleWebKit/537.36 (KHTML, like Gecko) Chrome/128.0.0.0 Safari/537.36', 'YToyOntzOjY6Il90b2tlbiI7czo0MDoibGwwVFd1eHZtZzl2cnl2b0pCeUE1UmpCcW5TSld3QldTNVowZDZ3MiI7czo2OiJfZmxhc2giO2E6Mjp7czozOiJvbGQiO2E6MDp7fXM6MzoibmV3IjthOjA6e319fQ==', 1725333956),
('FQDpxW6Ms0Ai8Ciy1TpGSHe0qYNyv565DWDZHtNj', NULL, '127.0.0.1', 'Mozilla/5.0 (Windows NT 10.0; Win64; x64) AppleWebKit/537.36 (KHTML, like Gecko) Chrome/128.0.0.0 Safari/537.36', 'YToyOntzOjY6Il90b2tlbiI7czo0MDoiaXYxdjJRelRCRWc3Mzd6Mm5hcWEyVFl0WWxtZEVSVjZGVVh1TFRsTyI7czo2OiJfZmxhc2giO2E6Mjp7czozOiJvbGQiO2E6MDp7fXM6MzoibmV3IjthOjA6e319fQ==', 1725334020),
('FRJwMaOuxf50jofeNM3uRZeXsXIyObzUM73EartX', NULL, '127.0.0.1', 'Mozilla/5.0 (Windows NT 10.0; Win64; x64) AppleWebKit/537.36 (KHTML, like Gecko) Chrome/128.0.0.0 Safari/537.36', 'YToyOntzOjY6Il90b2tlbiI7czo0MDoib0NkZ2pQV2ZXNjVOUTdrUmZ3aGhmTmMwU2VSTTRSMFRoZVFZWGQyRyI7czo2OiJfZmxhc2giO2E6Mjp7czozOiJvbGQiO2E6MDp7fXM6MzoibmV3IjthOjA6e319fQ==', 1725335364),
('FT1nX0P6ZSEtTqnSrAeHuCAbgcv8u7DEfqtA6Vf5', NULL, '127.0.0.1', 'Mozilla/5.0 (Windows NT 10.0; Win64; x64) AppleWebKit/537.36 (KHTML, like Gecko) Chrome/128.0.0.0 Safari/537.36', 'YTozOntzOjY6Il90b2tlbiI7czo0MDoiRFRQYkx3OWg3S0pmaEg1ZEpTZ0dId0FBSWZKa1l6QlhqUWdWUldsciI7czo5OiJfcHJldmlvdXMiO2E6MTp7czozOiJ1cmwiO3M6Njc6Imh0dHA6Ly8xMjcuMC4wLjE6ODAwMC9hcGkvb3BwZXJ0dW5pdGllcy9nZXRkZXRhaWxzP2lkPTImdHlwZT1ub3RpY2UiO31zOjY6Il9mbGFzaCI7YToyOntzOjM6Im9sZCI7YTowOnt9czozOiJuZXciO2E6MDp7fX19', 1725334282),
('fWdkJMlMs4BJwB3zWuXABXiqk1LA34sow8TouR68', NULL, '127.0.0.1', 'Mozilla/5.0 (Windows NT 10.0; Win64; x64) AppleWebKit/537.36 (KHTML, like Gecko) Chrome/128.0.0.0 Safari/537.36', 'YTozOntzOjY6Il90b2tlbiI7czo0MDoiOVpaVlVubVZ5ZmVpUTdSUHNzTHNLY1YzSGdQcm0zVEhvRjdQVFg2QyI7czo5OiJfcHJldmlvdXMiO2E6MTp7czozOiJ1cmwiO3M6Njg6Imh0dHA6Ly8xMjcuMC4wLjE6ODAwMC9hcGkvb3BwZXJ0dW5pdGllcy9nZXRkZXRhaWxzP2lkPTE0JnR5cGU9cm9zdGVyIjt9czo2OiJfZmxhc2giO2E6Mjp7czozOiJvbGQiO2E6MDp7fXM6MzoibmV3IjthOjA6e319fQ==', 1725333903),
('fXM1QgPNpixxOkHYVaQM7FFmmgaEYvVVWEdzJW9z', NULL, '127.0.0.1', 'Mozilla/5.0 (Windows NT 10.0; Win64; x64) AppleWebKit/537.36 (KHTML, like Gecko) Chrome/128.0.0.0 Safari/537.36', 'YTozOntzOjY6Il90b2tlbiI7czo0MDoiZk5LZGhianlydExTb1lNMWxPUVNSOHo5NGxkcFdxdjVsSXNuOGVPRSI7czo5OiJfcHJldmlvdXMiO2E6MTp7czozOiJ1cmwiO3M6MzE6Imh0dHA6Ly8xMjcuMC4wLjE6ODAwMC9hcGkvYmxvZ3MiO31zOjY6Il9mbGFzaCI7YToyOntzOjM6Im9sZCI7YTowOnt9czozOiJuZXciO2E6MDp7fX19', 1725335724),
('gfqCx49d8JbdnjJORDycFotwdUkqLwi29lwzT539', NULL, '127.0.0.1', 'Mozilla/5.0 (Windows NT 10.0; Win64; x64) AppleWebKit/537.36 (KHTML, like Gecko) Chrome/128.0.0.0 Safari/537.36', 'YToyOntzOjY6Il90b2tlbiI7czo0MDoieUFuY2NVOFpFVnZIaVlYTzFsdkY3NWRuQkhxYlVwUWpJcWUzTXVOciI7czo2OiJfZmxhc2giO2E6Mjp7czozOiJvbGQiO2E6MDp7fXM6MzoibmV3IjthOjA6e319fQ==', 1725334789),
('gNvelCYQvRpDf0TXpuEOZ5IPgDtWRttCmJ1uThln', NULL, '127.0.0.1', 'Mozilla/5.0 (Windows NT 10.0; Win64; x64) AppleWebKit/537.36 (KHTML, like Gecko) Chrome/128.0.0.0 Safari/537.36', 'YToyOntzOjY6Il90b2tlbiI7czo0MDoiYnFtNzMwc0hxUEJKR2FkS0QzMXoxcTR5bFVMVFhYUkx5QzdHRExqdiI7czo2OiJfZmxhc2giO2E6Mjp7czozOiJvbGQiO2E6MDp7fXM6MzoibmV3IjthOjA6e319fQ==', 1725334185),
('Go1SBXA6V3quCEHiIWDd7kA8XeUIKDqBxyP7LmaK', NULL, '127.0.0.1', 'Mozilla/5.0 (Windows NT 10.0; Win64; x64) AppleWebKit/537.36 (KHTML, like Gecko) Chrome/128.0.0.0 Safari/537.36', 'YToyOntzOjY6Il90b2tlbiI7czo0MDoieUlpc3NFV3h1emh0b2ltV1BGejVRZ1NDU0FST09wdXhRYWtNUWJVNSI7czo2OiJfZmxhc2giO2E6Mjp7czozOiJvbGQiO2E6MDp7fXM6MzoibmV3IjthOjA6e319fQ==', 1725335405),
('GueJPDFSGpl2nzbIWp8N7YhDEULk9AfwnWFEqwen', NULL, '127.0.0.1', 'Mozilla/5.0 (Windows NT 10.0; Win64; x64) AppleWebKit/537.36 (KHTML, like Gecko) Chrome/128.0.0.0 Safari/537.36', 'YToyOntzOjY6Il90b2tlbiI7czo0MDoiZlc3WHNrbE5vNHJWTnBmZUVyNDRZRjdmS2lGdFVURDE3STFCY2ZpYSI7czo2OiJfZmxhc2giO2E6Mjp7czozOiJvbGQiO2E6MDp7fXM6MzoibmV3IjthOjA6e319fQ==', 1725333915),
('gwZpw7mp9z9T54Ui3jun70xDJZMFzsjQNCDnCISa', NULL, '127.0.0.1', 'Mozilla/5.0 (Windows NT 10.0; Win64; x64) AppleWebKit/537.36 (KHTML, like Gecko) Chrome/128.0.0.0 Safari/537.36', 'YTozOntzOjY6Il90b2tlbiI7czo0MDoiQlhVTzJUZTZJM3Z6UzBMVTBVcnhOS29rcjIweEVtNFZQdE1rd3RLciI7czo5OiJfcHJldmlvdXMiO2E6MTp7czozOiJ1cmwiO3M6Njc6Imh0dHA6Ly8xMjcuMC4wLjE6ODAwMC9hcGkvb3BwZXJ0dW5pdGllcy9nZXRkZXRhaWxzP2lkPTImdHlwZT1ub3RpY2UiO31zOjY6Il9mbGFzaCI7YToyOntzOjM6Im9sZCI7YTowOnt9czozOiJuZXciO2E6MDp7fX19', 1725335380),
('h0yZZyuYFTWlogfYCxGcJ86HIsgCRwgAgh9nRVNz', NULL, '127.0.0.1', 'Mozilla/5.0 (Windows NT 10.0; Win64; x64) AppleWebKit/537.36 (KHTML, like Gecko) Chrome/128.0.0.0 Safari/537.36', 'YTozOntzOjY6Il90b2tlbiI7czo0MDoickNZdWl4WWN3dlZBT2FTaGhXOWFiN0w2YUlFVHV6MFEyZFFyWE5vZyI7czo5OiJfcHJldmlvdXMiO2E6MTp7czozOiJ1cmwiO3M6Njc6Imh0dHA6Ly8xMjcuMC4wLjE6ODAwMC9hcGkvb3BwZXJ0dW5pdGllcy9nZXRkZXRhaWxzP2lkPTImdHlwZT1ub3RpY2UiO31zOjY6Il9mbGFzaCI7YToyOntzOjM6Im9sZCI7YTowOnt9czozOiJuZXciO2E6MDp7fX19', 1725335554),
('HmfCfvX3iSEQ9SYhyye0mNFBUTA6nIYT17MsPk1W', NULL, '127.0.0.1', 'Mozilla/5.0 (Windows NT 10.0; Win64; x64) AppleWebKit/537.36 (KHTML, like Gecko) Chrome/128.0.0.0 Safari/537.36', 'YTozOntzOjY6Il90b2tlbiI7czo0MDoidkdJT1RWVVZadFo4UlhFQ3Ixb2FZSDdhbG55Q3ZQeFc3NG5yaFM4RiI7czo5OiJfcHJldmlvdXMiO2E6MTp7czozOiJ1cmwiO3M6Njc6Imh0dHA6Ly8xMjcuMC4wLjE6ODAwMC9hcGkvb3BwZXJ0dW5pdGllcy9nZXRkZXRhaWxzP2lkPTImdHlwZT1ub3RpY2UiO31zOjY6Il9mbGFzaCI7YToyOntzOjM6Im9sZCI7YTowOnt9czozOiJuZXciO2E6MDp7fX19', 1725335693),
('hTfH79gTm2gPHa7qoLbQj8XjGu5obz2KGajrKmGb', NULL, '127.0.0.1', 'Mozilla/5.0 (Windows NT 10.0; Win64; x64) AppleWebKit/537.36 (KHTML, like Gecko) Chrome/128.0.0.0 Safari/537.36', 'YTozOntzOjY6Il90b2tlbiI7czo0MDoiYWxCQmsxVjAzZTE0WW5MczhiWUtNMlFCRGc4dDQwMDV5QWtTR2JuOSI7czo5OiJfcHJldmlvdXMiO2E6MTp7czozOiJ1cmwiO3M6Njc6Imh0dHA6Ly8xMjcuMC4wLjE6ODAwMC9hcGkvb3BwZXJ0dW5pdGllcy9nZXRkZXRhaWxzP2lkPTImdHlwZT1ub3RpY2UiO31zOjY6Il9mbGFzaCI7YToyOntzOjM6Im9sZCI7YTowOnt9czozOiJuZXciO2E6MDp7fX19', 1725335372),
('IchiXlc6BQZAcLnZMk5Mlbfjtzm4G40nB1EtYPSY', NULL, '127.0.0.1', 'Mozilla/5.0 (Windows NT 10.0; Win64; x64) AppleWebKit/537.36 (KHTML, like Gecko) Chrome/128.0.0.0 Safari/537.36', 'YTozOntzOjY6Il90b2tlbiI7czo0MDoiRHF5ekRPQXZLakptWGlLNjExckJkN2ZBWnRaeDh0eVo0akFsTkprNiI7czo5OiJfcHJldmlvdXMiO2E6MTp7czozOiJ1cmwiO3M6Njc6Imh0dHA6Ly8xMjcuMC4wLjE6ODAwMC9hcGkvb3BwZXJ0dW5pdGllcy9nZXRkZXRhaWxzP2lkPTImdHlwZT1ub3RpY2UiO31zOjY6Il9mbGFzaCI7YToyOntzOjM6Im9sZCI7YTowOnt9czozOiJuZXciO2E6MDp7fX19', 1725334770),
('imdElwumMIMRoC7HATgOVxYPQM3JNXYsYtprNUHp', NULL, '127.0.0.1', 'Mozilla/5.0 (Windows NT 10.0; Win64; x64) AppleWebKit/537.36 (KHTML, like Gecko) Chrome/128.0.0.0 Safari/537.36', 'YTozOntzOjY6Il90b2tlbiI7czo0MDoiME02VXg5bG9LTkdXQ2tvTGZPbGw5QmZVVXBVNGlVNnJTTFRobXNObyI7czo5OiJfcHJldmlvdXMiO2E6MTp7czozOiJ1cmwiO3M6MzE6Imh0dHA6Ly8xMjcuMC4wLjE6ODAwMC9hcGkvYmxvZ3MiO31zOjY6Il9mbGFzaCI7YToyOntzOjM6Im9sZCI7YTowOnt9czozOiJuZXciO2E6MDp7fX19', 1725334131),
('InLXm9GVUMnBSKfRz8g4PwtWxl5e7BtiFZsvHOuB', NULL, '127.0.0.1', 'Mozilla/5.0 (Windows NT 10.0; Win64; x64) AppleWebKit/537.36 (KHTML, like Gecko) Chrome/128.0.0.0 Safari/537.36', 'YTozOntzOjY6Il90b2tlbiI7czo0MDoiSmxtYXF1VDFkbzhqN0pab093ZlQ3aEpmTVZndTRFQkFKbHVWQTIxSCI7czo5OiJfcHJldmlvdXMiO2E6MTp7czozOiJ1cmwiO3M6Njc6Imh0dHA6Ly8xMjcuMC4wLjE6ODAwMC9hcGkvb3BwZXJ0dW5pdGllcy9nZXRkZXRhaWxzP2lkPTImdHlwZT1ub3RpY2UiO31zOjY6Il9mbGFzaCI7YToyOntzOjM6Im9sZCI7YTowOnt9czozOiJuZXciO2E6MDp7fX19', 1725334805),
('jacZLvVHutyff4rMzcSXNCjpe1PjsMjR8KOO1W7P', NULL, '127.0.0.1', 'Mozilla/5.0 (Windows NT 10.0; Win64; x64) AppleWebKit/537.36 (KHTML, like Gecko) Chrome/128.0.0.0 Safari/537.36', 'YTozOntzOjY6Il90b2tlbiI7czo0MDoiWHJSRFRzY3lTbWRINTRCVmV3RDR2QTgwQWNONXNZQWx0OGNoZnVZaiI7czo5OiJfcHJldmlvdXMiO2E6MTp7czozOiJ1cmwiO3M6NzE6Imh0dHA6Ly8xMjcuMC4wLjE6ODAwMC9hcGkvb3BwZXJ0dW5pdGllcy9nZXRhbGwtYWN0aXZlLWluZm8/cHJlbWl1bT10cnVlIjt9czo2OiJfZmxhc2giO2E6Mjp7czozOiJvbGQiO2E6MDp7fXM6MzoibmV3IjthOjA6e319fQ==', 1725333893),
('JkoaensFBvy1MI6KQTwb2giiRyTaYkGJfc3QV7fz', NULL, '127.0.0.1', 'Mozilla/5.0 (Windows NT 10.0; Win64; x64) AppleWebKit/537.36 (KHTML, like Gecko) Chrome/128.0.0.0 Safari/537.36', 'YTozOntzOjY6Il90b2tlbiI7czo0MDoiY2ZzcDIwaDVmajBadkNBRFFGRmsxaFNwNkE3cXUwdzljY29HU2pVUCI7czo5OiJfcHJldmlvdXMiO2E6MTp7czozOiJ1cmwiO3M6MzE6Imh0dHA6Ly8xMjcuMC4wLjE6ODAwMC9hcGkvYmxvZ3MiO31zOjY6Il9mbGFzaCI7YToyOntzOjM6Im9sZCI7YTowOnt9czozOiJuZXciO2E6MDp7fX19', 1725335694),
('jLW7kbNPMYgTzPX1FAPR3FQfo5XUVX4jXjTikzlq', NULL, '127.0.0.1', 'Mozilla/5.0 (Windows NT 10.0; Win64; x64) AppleWebKit/537.36 (KHTML, like Gecko) Chrome/128.0.0.0 Safari/537.36', 'YTozOntzOjY6Il90b2tlbiI7czo0MDoiWXZBMTJMVU5ReVoyTkU1TU1pcmJRSzNLZGtXS1BHWG5sVTM5TU96RSI7czo5OiJfcHJldmlvdXMiO2E6MTp7czozOiJ1cmwiO3M6Njc6Imh0dHA6Ly8xMjcuMC4wLjE6ODAwMC9hcGkvb3BwZXJ0dW5pdGllcy9nZXRkZXRhaWxzP2lkPTImdHlwZT1ub3RpY2UiO31zOjY6Il9mbGFzaCI7YToyOntzOjM6Im9sZCI7YTowOnt9czozOiJuZXciO2E6MDp7fX19', 1725334130),
('jqcyetkqKcXX51CABCS6Jjf0Heym51KC5vSO6lPH', NULL, '127.0.0.1', 'Mozilla/5.0 (Windows NT 10.0; Win64; x64) AppleWebKit/537.36 (KHTML, like Gecko) Chrome/128.0.0.0 Safari/537.36', 'YTozOntzOjY6Il90b2tlbiI7czo0MDoiZ0dKMTY5bDhPVHF0TU4zOFEySHQ4MWlGSWlFNmNGZWNnZElSd3k3cyI7czo5OiJfcHJldmlvdXMiO2E6MTp7czozOiJ1cmwiO3M6NzE6Imh0dHA6Ly8xMjcuMC4wLjE6ODAwMC9hcGkvb3BwZXJ0dW5pdGllcy9nZXRhbGwtYWN0aXZlLWluZm8/cHJlbWl1bT10cnVlIjt9czo2OiJfZmxhc2giO2E6Mjp7czozOiJvbGQiO2E6MDp7fXM6MzoibmV3IjthOjA6e319fQ==', 1725424081),
('jSWcteFNwCXhti2nkyebVC0kzTqVqTT1Ej6ToiTu', NULL, '127.0.0.1', 'Mozilla/5.0 (Windows NT 10.0; Win64; x64) AppleWebKit/537.36 (KHTML, like Gecko) Chrome/128.0.0.0 Safari/537.36', 'YToyOntzOjY6Il90b2tlbiI7czo0MDoiUjlOQUZlOW9pdjdoV2wycWhVQ1drNm9kUHZPQ3ZnaG1mTmFNZHBxdCI7czo2OiJfZmxhc2giO2E6Mjp7czozOiJvbGQiO2E6MDp7fXM6MzoibmV3IjthOjA6e319fQ==', 1725334562),
('jXxnJWTGKWE5jOXjSUuCO3wStnPVYysF8web0fbr', NULL, '127.0.0.1', 'Mozilla/5.0 (Windows NT 10.0; Win64; x64) AppleWebKit/537.36 (KHTML, like Gecko) Chrome/128.0.0.0 Safari/537.36', 'YTozOntzOjY6Il90b2tlbiI7czo0MDoiTjFTVUlkQ21IY1VUdEVUSGl0eEpFeW11bTdzaUwycWtCcm5PNVFUciI7czo5OiJfcHJldmlvdXMiO2E6MTp7czozOiJ1cmwiO3M6Njc6Imh0dHA6Ly8xMjcuMC4wLjE6ODAwMC9hcGkvb3BwZXJ0dW5pdGllcy9nZXRkZXRhaWxzP2lkPTImdHlwZT1ub3RpY2UiO31zOjY6Il9mbGFzaCI7YToyOntzOjM6Im9sZCI7YTowOnt9czozOiJuZXciO2E6MDp7fX19', 1725334743),
('Jz3Dw8TVLTgzWjaeJjqzgxJu2nQApinp8AX9hWns', NULL, '127.0.0.1', 'Mozilla/5.0 (Windows NT 10.0; Win64; x64) AppleWebKit/537.36 (KHTML, like Gecko) Chrome/128.0.0.0 Safari/537.36', 'YTozOntzOjY6Il90b2tlbiI7czo0MDoiSERLekE5V0JUVmhqdlFuWUN3SGJzREQ0RUpEdkxRSWRSQm1MeW5iZiI7czo5OiJfcHJldmlvdXMiO2E6MTp7czozOiJ1cmwiO3M6MzE6Imh0dHA6Ly8xMjcuMC4wLjE6ODAwMC9hcGkvYmxvZ3MiO31zOjY6Il9mbGFzaCI7YToyOntzOjM6Im9sZCI7YTowOnt9czozOiJuZXciO2E6MDp7fX19', 1725424082),
('jzNo9VKAd1OJNhVMdBg1lZimr18MJLN7RoWupWsY', NULL, '127.0.0.1', 'Mozilla/5.0 (Windows NT 10.0; Win64; x64) AppleWebKit/537.36 (KHTML, like Gecko) Chrome/128.0.0.0 Safari/537.36', 'YTozOntzOjY6Il90b2tlbiI7czo0MDoiMnhtcE92OFNxMGpUeHBsamJRSmw5N0Y0V1d0ODZVZjgxWmZ6bEFmZCI7czo5OiJfcHJldmlvdXMiO2E6MTp7czozOiJ1cmwiO3M6NTg6Imh0dHA6Ly8xMjcuMC4wLjE6ODAwMC9hcGkvb3BwZXJ0dW5pdGllcy9nZXRhbGwtYWN0aXZlLWluZm8iO31zOjY6Il9mbGFzaCI7YToyOntzOjM6Im9sZCI7YTowOnt9czozOiJuZXciO2E6MDp7fX19', 1725333911),
('k0Vzx9hmUGXOHxZznz2A95ynI6e6DZCv7vW1xh3Q', NULL, '127.0.0.1', 'Mozilla/5.0 (Windows NT 10.0; Win64; x64) AppleWebKit/537.36 (KHTML, like Gecko) Chrome/128.0.0.0 Safari/537.36', 'YTozOntzOjY6Il90b2tlbiI7czo0MDoibEhPUDRaSXpndkZnVGJybEpmeklWRFc4TDFGSEs4V200eUJpaDlCMCI7czo5OiJfcHJldmlvdXMiO2E6MTp7czozOiJ1cmwiO3M6NzE6Imh0dHA6Ly8xMjcuMC4wLjE6ODAwMC9hcGkvb3BwZXJ0dW5pdGllcy9nZXRhbGwtYWN0aXZlLWluZm8/cHJlbWl1bT10cnVlIjt9czo2OiJfZmxhc2giO2E6Mjp7czozOiJvbGQiO2E6MDp7fXM6MzoibmV3IjthOjA6e319fQ==', 1725335794),
('l8sz3lFxjA9RmyFoELw0Fmg8kiqI3gDZaE9VyDAM', NULL, '127.0.0.1', 'Mozilla/5.0 (Windows NT 10.0; Win64; x64) AppleWebKit/537.36 (KHTML, like Gecko) Chrome/128.0.0.0 Safari/537.36', 'YTozOntzOjY6Il90b2tlbiI7czo0MDoiMzdBcjI2OVRhSGg2djlFUkt3d0FaN1FGaVpTYXlOTnZPNkxKV1N1eiI7czo5OiJfcHJldmlvdXMiO2E6MTp7czozOiJ1cmwiO3M6Njc6Imh0dHA6Ly8xMjcuMC4wLjE6ODAwMC9hcGkvb3BwZXJ0dW5pdGllcy9nZXRkZXRhaWxzP2lkPTImdHlwZT1ub3RpY2UiO31zOjY6Il9mbGFzaCI7YToyOntzOjM6Im9sZCI7YTowOnt9czozOiJuZXciO2E6MDp7fX19', 1725335681),
('LeKZ4yvb4vfO87Frfzw0b8Km7og3dZ7Dm6XPpC77', NULL, '127.0.0.1', 'Mozilla/5.0 (Windows NT 10.0; Win64; x64) AppleWebKit/537.36 (KHTML, like Gecko) Chrome/128.0.0.0 Safari/537.36', 'YToyOntzOjY6Il90b2tlbiI7czo0MDoiVENlbnlsdXY3M0didmVZT0sxMHV1THp3UFhZc1hKb0VJNm84aTR2YSI7czo2OiJfZmxhc2giO2E6Mjp7czozOiJvbGQiO2E6MDp7fXM6MzoibmV3IjthOjA6e319fQ==', 1725335339),
('lgOffD4wPFCt0nv7L0C6HAwHLcBLstIbcwSv5lLs', NULL, '127.0.0.1', 'Mozilla/5.0 (Windows NT 10.0; Win64; x64) AppleWebKit/537.36 (KHTML, like Gecko) Chrome/128.0.0.0 Safari/537.36', 'YTozOntzOjY6Il90b2tlbiI7czo0MDoiWGZpNlJwNDNSVkZ0Y1ZET1d0MGt3a1hVUDNwWkZsb0FHQ3c4UU15aiI7czo5OiJfcHJldmlvdXMiO2E6MTp7czozOiJ1cmwiO3M6MzE6Imh0dHA6Ly8xMjcuMC4wLjE6ODAwMC9hcGkvYmxvZ3MiO31zOjY6Il9mbGFzaCI7YToyOntzOjM6Im9sZCI7YTowOnt9czozOiJuZXciO2E6MDp7fX19', 1725335381),
('LmR9hEV3XtcWJujiU5nstCiMlOf1rnWNUWcW1Ac8', NULL, '127.0.0.1', 'Mozilla/5.0 (Windows NT 10.0; Win64; x64) AppleWebKit/537.36 (KHTML, like Gecko) Chrome/128.0.0.0 Safari/537.36', 'YTozOntzOjY6Il90b2tlbiI7czo0MDoiMmN0bHR0T3N0eGVKdVlveHVVYUNISUlzdmFBYlpGUWdGVHEzcXR5UiI7czo5OiJfcHJldmlvdXMiO2E6MTp7czozOiJ1cmwiO3M6Njc6Imh0dHA6Ly8xMjcuMC4wLjE6ODAwMC9hcGkvb3BwZXJ0dW5pdGllcy9nZXRkZXRhaWxzP2lkPTImdHlwZT1ub3RpY2UiO31zOjY6Il9mbGFzaCI7YToyOntzOjM6Im9sZCI7YTowOnt9czozOiJuZXciO2E6MDp7fX19', 1725335420),
('lsX7m8dzqOIFoh7vgcuN1Zh3wyTHbdphtlyHcKmC', NULL, '127.0.0.1', 'Mozilla/5.0 (Windows NT 10.0; Win64; x64) AppleWebKit/537.36 (KHTML, like Gecko) Chrome/128.0.0.0 Safari/537.36', 'YToyOntzOjY6Il90b2tlbiI7czo0MDoiejV3WGN4SUR4aFpRWUtjSDROMHl1QmRqWGFRUkhXMVFiOEF0U2lLcyI7czo2OiJfZmxhc2giO2E6Mjp7czozOiJvbGQiO2E6MDp7fXM6MzoibmV3IjthOjA6e319fQ==', 1725335555),
('m04sUSfNRXfW8mdAlXCrtfvaJm5yDTWghGIv3rIm', NULL, '127.0.0.1', 'Mozilla/5.0 (Windows NT 10.0; Win64; x64) AppleWebKit/537.36 (KHTML, like Gecko) Chrome/128.0.0.0 Safari/537.36', 'YTozOntzOjY6Il90b2tlbiI7czo0MDoiaWZNYXdkWWhTbVFVUkpZT1EzcFl5Sm01S3o2WENHZHdscXprUUlQTyI7czo5OiJfcHJldmlvdXMiO2E6MTp7czozOiJ1cmwiO3M6Njc6Imh0dHA6Ly8xMjcuMC4wLjE6ODAwMC9hcGkvb3BwZXJ0dW5pdGllcy9nZXRkZXRhaWxzP2lkPTImdHlwZT1ub3RpY2UiO31zOjY6Il9mbGFzaCI7YToyOntzOjM6Im9sZCI7YTowOnt9czozOiJuZXciO2E6MDp7fX19', 1725335503),
('M4W1dKnm8MGrKq7zDl2IPxGk9OtHTOEfpkAmY1fR', NULL, '127.0.0.1', 'Mozilla/5.0 (Windows NT 10.0; Win64; x64) AppleWebKit/537.36 (KHTML, like Gecko) Chrome/128.0.0.0 Safari/537.36', 'YTozOntzOjY6Il90b2tlbiI7czo0MDoiN2FRNHNZZ0hFNTNSUTZNeTJ2UHZNVERFSzN5NzZ0YTVEVFlwc21IdiI7czo5OiJfcHJldmlvdXMiO2E6MTp7czozOiJ1cmwiO3M6NTA6Imh0dHA6Ly8xMjcuMC4wLjE6ODAwMC9hcGkvc2ltaWxhci1ub3RpY2VzP3R5cGVJZD0xIjt9czo2OiJfZmxhc2giO2E6Mjp7czozOiJvbGQiO2E6MDp7fXM6MzoibmV3IjthOjA6e319fQ==', 1725335127),
('MCPbw4zl5mnpOdeFSaGZGjPd7Nc33NAcLgKD5mTS', NULL, '127.0.0.1', 'Mozilla/5.0 (Windows NT 10.0; Win64; x64) AppleWebKit/537.36 (KHTML, like Gecko) Chrome/128.0.0.0 Safari/537.36', 'YTozOntzOjY6Il90b2tlbiI7czo0MDoiUGNOSzhPVVdtelJGNzUzNkRtSWx3MGs1bjBLUzQyQmhSZFE5Y3h1aSI7czo5OiJfcHJldmlvdXMiO2E6MTp7czozOiJ1cmwiO3M6Njc6Imh0dHA6Ly8xMjcuMC4wLjE6ODAwMC9hcGkvb3BwZXJ0dW5pdGllcy9nZXRkZXRhaWxzP2lkPTImdHlwZT1ub3RpY2UiO31zOjY6Il9mbGFzaCI7YToyOntzOjM6Im9sZCI7YTowOnt9czozOiJuZXciO2E6MDp7fX19', 1725334109),
('MvReOXKUTt86OQZ7dEdto6hWyxzzBZq7h3WxXMQq', NULL, '127.0.0.1', 'Mozilla/5.0 (Windows NT 10.0; Win64; x64) AppleWebKit/537.36 (KHTML, like Gecko) Chrome/128.0.0.0 Safari/537.36', 'YTozOntzOjY6Il90b2tlbiI7czo0MDoiMzlvTXQ4cTV4T1p5elNkekpjR0FsdGJDQWZpZUZJajNrSkhzOERzWiI7czo5OiJfcHJldmlvdXMiO2E6MTp7czozOiJ1cmwiO3M6Njc6Imh0dHA6Ly8xMjcuMC4wLjE6ODAwMC9hcGkvb3BwZXJ0dW5pdGllcy9nZXRkZXRhaWxzP2lkPTImdHlwZT1ub3RpY2UiO31zOjY6Il9mbGFzaCI7YToyOntzOjM6Im9sZCI7YTowOnt9czozOiJuZXciO2E6MDp7fX19', 1725335125),
('njo8IXeT7KdnyLg4is0YFQ8VlHcQHib76X5X2qyV', NULL, '127.0.0.1', 'Mozilla/5.0 (Windows NT 10.0; Win64; x64) AppleWebKit/537.36 (KHTML, like Gecko) Chrome/128.0.0.0 Safari/537.36', 'YTozOntzOjY6Il90b2tlbiI7czo0MDoiOUhub0xudkhmZlF0aXV3dkFaQXFzcnAwb240Z3J5VDRyU3BqS2REZiI7czo5OiJfcHJldmlvdXMiO2E6MTp7czozOiJ1cmwiO3M6Njc6Imh0dHA6Ly8xMjcuMC4wLjE6ODAwMC9hcGkvb3BwZXJ0dW5pdGllcy9nZXRkZXRhaWxzP2lkPTImdHlwZT1ub3RpY2UiO31zOjY6Il9mbGFzaCI7YToyOntzOjM6Im9sZCI7YTowOnt9czozOiJuZXciO2E6MDp7fX19', 1725334019),
('NRk60ZWYXI2TG7Jnnp8orFxUYpmOx082kzrr2MsU', NULL, '127.0.0.1', 'Mozilla/5.0 (Windows NT 10.0; Win64; x64) AppleWebKit/537.36 (KHTML, like Gecko) Chrome/128.0.0.0 Safari/537.36', 'YToyOntzOjY6Il90b2tlbiI7czo0MDoiNTRqT2xXOWlrdzRoZ3BrOXdxZTlGY3JOWlVYQVhibUsyWWdaR0lCWSI7czo2OiJfZmxhc2giO2E6Mjp7czozOiJvbGQiO2E6MDp7fXM6MzoibmV3IjthOjA6e319fQ==', 1725334771),
('O7F75zu0U27sNzaQUJltZxdSP3txYgkq1ZygUPSk', NULL, '127.0.0.1', 'Mozilla/5.0 (Windows NT 10.0; Win64; x64) AppleWebKit/537.36 (KHTML, like Gecko) Chrome/128.0.0.0 Safari/537.36', 'YTozOntzOjY6Il90b2tlbiI7czo0MDoiTkJ5SWk2YVB2dW01b1RSSElua2sxOTVWZDB1dVJqNE9OOW9wZGpQSyI7czo5OiJfcHJldmlvdXMiO2E6MTp7czozOiJ1cmwiO3M6MzE6Imh0dHA6Ly8xMjcuMC4wLjE6ODAwMC9hcGkvYmxvZ3MiO31zOjY6Il9mbGFzaCI7YToyOntzOjM6Im9sZCI7YTowOnt9czozOiJuZXciO2E6MDp7fX19', 1725334143),
('OBipj1k9j2pEHQDTaouTgLEpikvGY0maxwmZ4Ylg', NULL, '127.0.0.1', 'Mozilla/5.0 (Windows NT 10.0; Win64; x64) AppleWebKit/537.36 (KHTML, like Gecko) Chrome/128.0.0.0 Safari/537.36', 'YToyOntzOjY6Il90b2tlbiI7czo0MDoiWTdhZ1BEa0NjRHRXSTExOTN6dXBSQzdhbFZ6NEtaNEFIVjlMQzZtNyI7czo2OiJfZmxhc2giO2E6Mjp7czozOiJvbGQiO2E6MDp7fXM6MzoibmV3IjthOjA6e319fQ==', 1725334683),
('oLZ7bRR1eiFHvIGwHgSWKDrmZsl0MaKjppJXHvuD', NULL, '127.0.0.1', 'Mozilla/5.0 (Windows NT 10.0; Win64; x64) AppleWebKit/537.36 (KHTML, like Gecko) Chrome/128.0.0.0 Safari/537.36', 'YToyOntzOjY6Il90b2tlbiI7czo0MDoicFJ0UENMakpqOGhjd1lhdG02bXlMcWxyY2YwMVdHRFZ4THI3TkVRSiI7czo2OiJfZmxhc2giO2E6Mjp7czozOiJvbGQiO2E6MDp7fXM6MzoibmV3IjthOjA6e319fQ==', 1725335127),
('ONRFXiIiEkdicnzZQd0etb557yV0EFM9Fsoa1mco', NULL, '127.0.0.1', 'Mozilla/5.0 (Windows NT 10.0; Win64; x64) AppleWebKit/537.36 (KHTML, like Gecko) Chrome/128.0.0.0 Safari/537.36', 'YToyOntzOjY6Il90b2tlbiI7czo0MDoiVGlHaXRBTnE2akR2RTZUdnRlM1FpUlBoYm5VbHZHdHcyZ3VXWVNKeiI7czo2OiJfZmxhc2giO2E6Mjp7czozOiJvbGQiO2E6MDp7fXM6MzoibmV3IjthOjA6e319fQ==', 1725335394),
('Pv9PvKtaDR5EaevBTqQAQzeA2vacpA5LSRJevS5S', NULL, '127.0.0.1', 'Mozilla/5.0 (Windows NT 10.0; Win64; x64) AppleWebKit/537.36 (KHTML, like Gecko) Chrome/128.0.0.0 Safari/537.36', 'YTozOntzOjY6Il90b2tlbiI7czo0MDoiTUkxRFhGTkM2d2wxM0JLS1licmRnUHlhTkMzTlV4Q1Y4VjBkeUlscCI7czo5OiJfcHJldmlvdXMiO2E6MTp7czozOiJ1cmwiO3M6NTA6Imh0dHA6Ly8xMjcuMC4wLjE6ODAwMC9hcGkvc2ltaWxhci1ub3RpY2VzP3R5cGVJZD0xIjt9czo2OiJfZmxhc2giO2E6Mjp7czozOiJvbGQiO2E6MDp7fXM6MzoibmV3IjthOjA6e319fQ==', 1725334309),
('Pwa3QyqKj8W7tbKmnVgC259eD9KCiJoVY8axnLHq', NULL, '127.0.0.1', 'Mozilla/5.0 (Windows NT 10.0; Win64; x64) AppleWebKit/537.36 (KHTML, like Gecko) Chrome/128.0.0.0 Safari/537.36', 'YToyOntzOjY6Il90b2tlbiI7czo0MDoiZGdPT2lxTGl0ZzJaQVlWZ2xwZkgxdWl4RExqdHh5U2JUSm9kdVJFWSI7czo2OiJfZmxhc2giO2E6Mjp7czozOiJvbGQiO2E6MDp7fXM6MzoibmV3IjthOjA6e319fQ==', 1725335373),
('pYAUDtlFU2KMv0DZKnuZPJRCVnNFtz7eGQb85bNh', NULL, '127.0.0.1', 'Mozilla/5.0 (Windows NT 10.0; Win64; x64) AppleWebKit/537.36 (KHTML, like Gecko) Chrome/128.0.0.0 Safari/537.36', 'YTozOntzOjY6Il90b2tlbiI7czo0MDoidTdkY0NQbThneFlvQXhHeW95TzJYUEZDcmpLY3hhNHFZNE42N2VZeiI7czo5OiJfcHJldmlvdXMiO2E6MTp7czozOiJ1cmwiO3M6Njc6Imh0dHA6Ly8xMjcuMC4wLjE6ODAwMC9hcGkvb3BwZXJ0dW5pdGllcy9nZXRkZXRhaWxzP2lkPTImdHlwZT1ub3RpY2UiO31zOjY6Il9mbGFzaCI7YToyOntzOjM6Im9sZCI7YTowOnt9czozOiJuZXciO2E6MDp7fX19', 1725333914),
('q5s2B3bMpRhHGXnosNBTyN9TWYGtgLu8wbGHfysQ', NULL, '127.0.0.1', 'Mozilla/5.0 (Windows NT 10.0; Win64; x64) AppleWebKit/537.36 (KHTML, like Gecko) Chrome/128.0.0.0 Safari/537.36', 'YTozOntzOjY6Il90b2tlbiI7czo0MDoiZWQ1c2dOV3lyMUlGOWdMOVgwRTJEam14U2JEYWtRZGhteDNKUVRnTCI7czo5OiJfcHJldmlvdXMiO2E6MTp7czozOiJ1cmwiO3M6Njc6Imh0dHA6Ly8xMjcuMC4wLjE6ODAwMC9hcGkvb3BwZXJ0dW5pdGllcy9nZXRkZXRhaWxzP2lkPTImdHlwZT1ub3RpY2UiO31zOjY6Il9mbGFzaCI7YToyOntzOjM6Im9sZCI7YTowOnt9czozOiJuZXciO2E6MDp7fX19', 1725334139),
('QBMPw5AoNF5rxgMnc4vSEz1Izrq0ELhSwUspKhfi', NULL, '127.0.0.1', 'Mozilla/5.0 (Windows NT 10.0; Win64; x64) AppleWebKit/537.36 (KHTML, like Gecko) Chrome/128.0.0.0 Safari/537.36', 'YTozOntzOjY6Il90b2tlbiI7czo0MDoid00wTzZEa09UbmpQdVlScVhLYVV3NEd1U2VxSGhvclczaE5USWxydCI7czo5OiJfcHJldmlvdXMiO2E6MTp7czozOiJ1cmwiO3M6MzE6Imh0dHA6Ly8xMjcuMC4wLjE6ODAwMC9hcGkvYmxvZ3MiO31zOjY6Il9mbGFzaCI7YToyOntzOjM6Im9sZCI7YTowOnt9czozOiJuZXciO2E6MDp7fX19', 1725333904),
('qDPVZUVvThOz7r5bvaRGFuRzI7FOcOmOUDZJ9Gym', NULL, '127.0.0.1', 'Mozilla/5.0 (Windows NT 10.0; Win64; x64) AppleWebKit/537.36 (KHTML, like Gecko) Chrome/128.0.0.0 Safari/537.36', 'YTozOntzOjY6Il90b2tlbiI7czo0MDoiVGZTV0JHeUQyVHoyT2owS2NmeEJ4NGJLWkhPOGkyaHAzYTNUQ0ZUOCI7czo5OiJfcHJldmlvdXMiO2E6MTp7czozOiJ1cmwiO3M6MzE6Imh0dHA6Ly8xMjcuMC4wLjE6ODAwMC9hcGkvYmxvZ3MiO31zOjY6Il9mbGFzaCI7YToyOntzOjM6Im9sZCI7YTowOnt9czozOiJuZXciO2E6MDp7fX19', 1725334139),
('qEF0ZnZwsU7ghk30yUlHZEPruEhLLJCfXIz5omHF', NULL, '127.0.0.1', 'Mozilla/5.0 (Windows NT 10.0; Win64; x64) AppleWebKit/537.36 (KHTML, like Gecko) Chrome/128.0.0.0 Safari/537.36', 'YTozOntzOjY6Il90b2tlbiI7czo0MDoiQ1RXTDV1cDVBS05Nc3gwZDA4T0NTNlVmQ2pqeWU1TWlOSm9JR2F4dCI7czo5OiJfcHJldmlvdXMiO2E6MTp7czozOiJ1cmwiO3M6Njc6Imh0dHA6Ly8xMjcuMC4wLjE6ODAwMC9hcGkvb3BwZXJ0dW5pdGllcy9nZXRkZXRhaWxzP2lkPTImdHlwZT1ub3RpY2UiO31zOjY6Il9mbGFzaCI7YToyOntzOjM6Im9sZCI7YTowOnt9czozOiJuZXciO2E6MDp7fX19', 1725335454),
('qNRn6DKNzfJPkIaIP3TctCsVwjMgrbTxXcatlwqd', NULL, '127.0.0.1', 'Mozilla/5.0 (Windows NT 10.0; Win64; x64) AppleWebKit/537.36 (KHTML, like Gecko) Chrome/128.0.0.0 Safari/537.36', 'YTozOntzOjY6Il90b2tlbiI7czo0MDoiek41WUpmQ0U1UUF5dEo5TWVDSjZLUmpkN2hRTnBYTVRwUDJKZzdqTiI7czo5OiJfcHJldmlvdXMiO2E6MTp7czozOiJ1cmwiO3M6NTA6Imh0dHA6Ly8xMjcuMC4wLjE6ODAwMC9hcGkvc2ltaWxhci1ub3RpY2VzP3R5cGVJZD0xIjt9czo2OiJfZmxhc2giO2E6Mjp7czozOiJvbGQiO2E6MDp7fXM6MzoibmV3IjthOjA6e319fQ==', 1725335795),
('QTghyIcVNP4tnLxutE1S4l6VMHb7ZKSrLQmsa8CG', NULL, '127.0.0.1', 'Mozilla/5.0 (Windows NT 10.0; Win64; x64) AppleWebKit/537.36 (KHTML, like Gecko) Chrome/128.0.0.0 Safari/537.36', 'YToyOntzOjY6Il90b2tlbiI7czo0MDoiVFNqMGlDWjF1SHBEb3NOZ29KNVdPOHQwZWdDTGxiNFMwRHFpTjlBeiI7czo2OiJfZmxhc2giO2E6Mjp7czozOiJvbGQiO2E6MDp7fXM6MzoibmV3IjthOjA6e319fQ==', 1725334144),
('qUgWyDV8vPBwXZt41NY7afBjohQepbPy0zgT5CTu', NULL, '127.0.0.1', 'Mozilla/5.0 (Windows NT 10.0; Win64; x64) AppleWebKit/537.36 (KHTML, like Gecko) Chrome/128.0.0.0 Safari/537.36', 'YTozOntzOjY6Il90b2tlbiI7czo0MDoiQzh5ZlRTd0JnMWFYenlCaTdjdW44dFJMYUxWSGYyWm1YU1JWWURWViI7czo5OiJfcHJldmlvdXMiO2E6MTp7czozOiJ1cmwiO3M6Njc6Imh0dHA6Ly8xMjcuMC4wLjE6ODAwMC9hcGkvb3BwZXJ0dW5pdGllcy9nZXRkZXRhaWxzP2lkPTImdHlwZT1ub3RpY2UiO31zOjY6Il9mbGFzaCI7YToyOntzOjM6Im9sZCI7YTowOnt9czozOiJuZXciO2E6MDp7fX19', 1725335477),
('r0eQ1jmvE1EL0XFiMDonyPF7WZ4DmR5gpevV5vfp', NULL, '127.0.0.1', 'Mozilla/5.0 (Windows NT 10.0; Win64; x64) AppleWebKit/537.36 (KHTML, like Gecko) Chrome/128.0.0.0 Safari/537.36', 'YTozOntzOjY6Il90b2tlbiI7czo0MDoiQmI4VFFHZkFnYnFOMUFWWFpYZk0wbm1SNW13aGdmTFBXeFZ5bU5EZiI7czo5OiJfcHJldmlvdXMiO2E6MTp7czozOiJ1cmwiO3M6MzE6Imh0dHA6Ly8xMjcuMC4wLjE6ODAwMC9hcGkvYmxvZ3MiO31zOjY6Il9mbGFzaCI7YToyOntzOjM6Im9sZCI7YTowOnt9czozOiJuZXciO2E6MDp7fX19', 1725334109),
('r0XxXHsNIe1gkY0a8zDh84TBndIUeN1hiQqGe2EH', NULL, '127.0.0.1', 'Mozilla/5.0 (Windows NT 10.0; Win64; x64) AppleWebKit/537.36 (KHTML, like Gecko) Chrome/128.0.0.0 Safari/537.36', 'YTozOntzOjY6Il90b2tlbiI7czo0MDoiaThORzQzUUFHWHpzcHRySG9zTERnYXo5YlVPanVQZEdKd0NycnNOWiI7czo5OiJfcHJldmlvdXMiO2E6MTp7czozOiJ1cmwiO3M6Njc6Imh0dHA6Ly8xMjcuMC4wLjE6ODAwMC9hcGkvb3BwZXJ0dW5pdGllcy9nZXRkZXRhaWxzP2lkPTImdHlwZT1ub3RpY2UiO31zOjY6Il9mbGFzaCI7YToyOntzOjM6Im9sZCI7YTowOnt9czozOiJuZXciO2E6MDp7fX19', 1725335544);
INSERT INTO `sessions` (`id`, `user_id`, `ip_address`, `user_agent`, `payload`, `last_activity`) VALUES
('RcGILQkZmic1SQz6pPMioxHg8MVdYpSv1meXLJBG', NULL, '127.0.0.1', 'Mozilla/5.0 (Windows NT 10.0; Win64; x64) AppleWebKit/537.36 (KHTML, like Gecko) Chrome/128.0.0.0 Safari/537.36', 'YTozOntzOjY6Il90b2tlbiI7czo0MDoiRGx4VkVCQWo4V3pNUHRZSUlqcnFna0xyM1dqVkR1MmcwR2dSQjZ5dCI7czo5OiJfcHJldmlvdXMiO2E6MTp7czozOiJ1cmwiO3M6Njc6Imh0dHA6Ly8xMjcuMC4wLjE6ODAwMC9hcGkvb3BwZXJ0dW5pdGllcy9nZXRkZXRhaWxzP2lkPTImdHlwZT1ub3RpY2UiO31zOjY6Il9mbGFzaCI7YToyOntzOjM6Im9sZCI7YTowOnt9czozOiJuZXciO2E6MDp7fX19', 1725334789),
('rETfMhgH11AJzYuqnrNDl9V7MBQvHOTXJj4SPqfJ', NULL, '127.0.0.1', 'Mozilla/5.0 (Windows NT 10.0; Win64; x64) AppleWebKit/537.36 (KHTML, like Gecko) Chrome/128.0.0.0 Safari/537.36', 'YTozOntzOjY6Il90b2tlbiI7czo0MDoiUUxOenNQcUczZHh3UURMdUJlVFFHdmFMeXFXZXpNYVcxYkhoNVhYciI7czo5OiJfcHJldmlvdXMiO2E6MTp7czozOiJ1cmwiO3M6Njc6Imh0dHA6Ly8xMjcuMC4wLjE6ODAwMC9hcGkvb3BwZXJ0dW5pdGllcy9nZXRkZXRhaWxzP2lkPTImdHlwZT1ub3RpY2UiO31zOjY6Il9mbGFzaCI7YToyOntzOjM6Im9sZCI7YTowOnt9czozOiJuZXciO2E6MDp7fX19', 1725335716),
('rJ8pJ5wRlju2w83wkQbYrGcwqnVvMU9zTtYt8SH8', NULL, '127.0.0.1', 'Mozilla/5.0 (Windows NT 10.0; Win64; x64) AppleWebKit/537.36 (KHTML, like Gecko) Chrome/128.0.0.0 Safari/537.36', 'YToyOntzOjY6Il90b2tlbiI7czo0MDoidWc0eWxWNlhaYTZOVE5TZm1tdm51cTlvYWpZcWk0SUNld014RDFUdSI7czo2OiJfZmxhc2giO2E6Mjp7czozOiJvbGQiO2E6MDp7fXM6MzoibmV3IjthOjA6e319fQ==', 1725333894),
('rmCGTVTbbpq0MRWaJxcUneqyByP0uDjUrSFynZqc', NULL, '127.0.0.1', 'Mozilla/5.0 (Windows NT 10.0; Win64; x64) AppleWebKit/537.36 (KHTML, like Gecko) Chrome/128.0.0.0 Safari/537.36', 'YToyOntzOjY6Il90b2tlbiI7czo0MDoieUlJR0N6U0FxZ2ZvcU9BMFZ5QTRXZDRJTEo1c0dkc2tIY3N4bDFMRiI7czo2OiJfZmxhc2giO2E6Mjp7czozOiJvbGQiO2E6MDp7fXM6MzoibmV3IjthOjA6e319fQ==', 1725335717),
('rNSXib5e8boue0ktxQjEnVdvhqqdtuu3cOhESjPk', NULL, '127.0.0.1', 'Mozilla/5.0 (Windows NT 10.0; Win64; x64) AppleWebKit/537.36 (KHTML, like Gecko) Chrome/128.0.0.0 Safari/537.36', 'YToyOntzOjY6Il90b2tlbiI7czo0MDoiZVQ4MFZWRXdpS2x6emV5d0R1R2xTYklMSXM3eVJEeFhIZTlQZlZaTSI7czo2OiJfZmxhc2giO2E6Mjp7czozOiJvbGQiO2E6MDp7fXM6MzoibmV3IjthOjA6e319fQ==', 1725333945),
('RoQsIIvgX4iwPn4R2bDxoBGlWJHAS0woTG1Hxusa', NULL, '127.0.0.1', 'Mozilla/5.0 (Windows NT 10.0; Win64; x64) AppleWebKit/537.36 (KHTML, like Gecko) Chrome/128.0.0.0 Safari/537.36', 'YTozOntzOjY6Il90b2tlbiI7czo0MDoibGUzUkgyUEU2SlBiNHBPQUQxNUZxUURZT3pHdWFMWDA3MzRCRTFPYiI7czo5OiJfcHJldmlvdXMiO2E6MTp7czozOiJ1cmwiO3M6MzE6Imh0dHA6Ly8xMjcuMC4wLjE6ODAwMC9hcGkvYmxvZ3MiO31zOjY6Il9mbGFzaCI7YToyOntzOjM6Im9sZCI7YTowOnt9czozOiJuZXciO2E6MDp7fX19', 1725465568),
('rQWFtNGibORPHAsrYJAe2w2MGBD4ggnm4j5p49hf', NULL, '127.0.0.1', 'Mozilla/5.0 (Windows NT 10.0; Win64; x64) AppleWebKit/537.36 (KHTML, like Gecko) Chrome/128.0.0.0 Safari/537.36', 'YTozOntzOjY6Il90b2tlbiI7czo0MDoiSHliZDFCcUlPbzRLOGFMY3lyeWF3c3NvODkyalh2RUs2WDBySkN2cCI7czo5OiJfcHJldmlvdXMiO2E6MTp7czozOiJ1cmwiO3M6Njc6Imh0dHA6Ly8xMjcuMC4wLjE6ODAwMC9hcGkvb3BwZXJ0dW5pdGllcy9nZXRkZXRhaWxzP2lkPTImdHlwZT1ub3RpY2UiO31zOjY6Il9mbGFzaCI7YToyOntzOjM6Im9sZCI7YTowOnt9czozOiJuZXciO2E6MDp7fX19', 1725334720),
('rR0SVAPKeonHtjfqU0pdNya843FgTtPMR2vCK4V1', NULL, '127.0.0.1', 'Mozilla/5.0 (Windows NT 10.0; Win64; x64) AppleWebKit/537.36 (KHTML, like Gecko) Chrome/128.0.0.0 Safari/537.36', 'YTozOntzOjY6Il90b2tlbiI7czo0MDoiRUFYMG0xVzNCdnhMcTY0MDlPajAyenZrYlgzOXVjenlVaFNwUmtPSiI7czo5OiJfcHJldmlvdXMiO2E6MTp7czozOiJ1cmwiO3M6Njc6Imh0dHA6Ly8xMjcuMC4wLjE6ODAwMC9hcGkvb3BwZXJ0dW5pdGllcy9nZXRkZXRhaWxzP2lkPTImdHlwZT1ub3RpY2UiO31zOjY6Il9mbGFzaCI7YToyOntzOjM6Im9sZCI7YTowOnt9czozOiJuZXciO2E6MDp7fX19', 1725335561),
('RTfVGLqRvPag0O9eLSTT7VWe9WJmmiboqBr0beiy', NULL, '127.0.0.1', 'Mozilla/5.0 (Windows NT 10.0; Win64; x64) AppleWebKit/537.36 (KHTML, like Gecko) Chrome/128.0.0.0 Safari/537.36', 'YTozOntzOjY6Il90b2tlbiI7czo0MDoiSjNsUVZsYTI0cVZJWUlUZE9Da1BlcjlKTTZZRFhidTFjd3lSZEJxRSI7czo5OiJfcHJldmlvdXMiO2E6MTp7czozOiJ1cmwiO3M6NzE6Imh0dHA6Ly8xMjcuMC4wLjE6ODAwMC9hcGkvb3BwZXJ0dW5pdGllcy9nZXRhbGwtYWN0aXZlLWluZm8/cHJlbWl1bT10cnVlIjt9czo2OiJfZmxhc2giO2E6Mjp7czozOiJvbGQiO2E6MDp7fXM6MzoibmV3IjthOjA6e319fQ==', 1725335380),
('Rx50quAP6So0hzyiPaQgzZGwhJ24rBTySotiNHtX', NULL, '127.0.0.1', 'Mozilla/5.0 (Windows NT 10.0; Win64; x64) AppleWebKit/537.36 (KHTML, like Gecko) Chrome/128.0.0.0 Safari/537.36', 'YToyOntzOjY6Il90b2tlbiI7czo0MDoiV2FkODdlb2ZvQ0g5S2NTcUZQQUhKdVhFSVZKYkZpRkZQWllFWHJqOSI7czo2OiJfZmxhc2giO2E6Mjp7czozOiJvbGQiO2E6MDp7fXM6MzoibmV3IjthOjA6e319fQ==', 1725335421),
('sbpc2Jn1MWUfkytNT9dUhpmVKZXpus1Q0pDkNoSH', NULL, '127.0.0.1', 'Mozilla/5.0 (Windows NT 10.0; Win64; x64) AppleWebKit/537.36 (KHTML, like Gecko) Chrome/128.0.0.0 Safari/537.36', 'YTozOntzOjY6Il90b2tlbiI7czo0MDoiYkxzblJvYTZlbElvckJIcGx1WnZnYnBPZjF3cWp3TTJjc1p4bzJoZSI7czo5OiJfcHJldmlvdXMiO2E6MTp7czozOiJ1cmwiO3M6Njc6Imh0dHA6Ly8xMjcuMC4wLjE6ODAwMC9hcGkvb3BwZXJ0dW5pdGllcy9nZXRkZXRhaWxzP2lkPTImdHlwZT1ub3RpY2UiO31zOjY6Il9mbGFzaCI7YToyOntzOjM6Im9sZCI7YTowOnt9czozOiJuZXciO2E6MDp7fX19', 1725335432),
('SxrqnxRHp8NC9DDH7XmxeiM8Gw3lnDmtciFBbJQh', NULL, '127.0.0.1', 'Mozilla/5.0 (Windows NT 10.0; Win64; x64) AppleWebKit/537.36 (KHTML, like Gecko) Chrome/128.0.0.0 Safari/537.36', 'YToyOntzOjY6Il90b2tlbiI7czo0MDoiam1TRHF4ZWRKazVwZXdoQ2IyeFBacGR5eFJaMnp2eUJoY252ellWciI7czo2OiJfZmxhc2giO2E6Mjp7czozOiJvbGQiO2E6MDp7fXM6MzoibmV3IjthOjA6e319fQ==', 1725334873),
('ti4qMQu5b6PyqkptFHSlYsflair4bUSTIMl6SA76', NULL, '127.0.0.1', 'Mozilla/5.0 (Windows NT 10.0; Win64; x64) AppleWebKit/537.36 (KHTML, like Gecko) Chrome/128.0.0.0 Safari/537.36', 'YTozOntzOjY6Il90b2tlbiI7czo0MDoicllvM244RlkyTjB6T0p3em9GaG16eERmSmtwWmlDNVpjQko3dkJNcSI7czo5OiJfcHJldmlvdXMiO2E6MTp7czozOiJ1cmwiO3M6NDE6Imh0dHA6Ly8xMjcuMC4wLjE6ODAwMC9hcGkvc2ltaWxhci1yb3N0ZXJzIjt9czo2OiJfZmxhc2giO2E6Mjp7czozOiJvbGQiO2E6MDp7fXM6MzoibmV3IjthOjA6e319fQ==', 1725333905),
('tjULDu1niSkrligPlvg2Vi73Vu2vmqpQl1h1FrNN', NULL, '127.0.0.1', 'Mozilla/5.0 (Windows NT 10.0; Win64; x64) AppleWebKit/537.36 (KHTML, like Gecko) Chrome/128.0.0.0 Safari/537.36', 'YTozOntzOjY6Il90b2tlbiI7czo0MDoiNjFmY1M2QkxTZzVkMjhjMURIb21kUmc5cVdCNTd3VmRRQUgxTUJPUCI7czo5OiJfcHJldmlvdXMiO2E6MTp7czozOiJ1cmwiO3M6NzE6Imh0dHA6Ly8xMjcuMC4wLjE6ODAwMC9hcGkvb3BwZXJ0dW5pdGllcy9nZXRhbGwtYWN0aXZlLWluZm8/cHJlbWl1bT10cnVlIjt9czo2OiJfZmxhc2giO2E6Mjp7czozOiJvbGQiO2E6MDp7fXM6MzoibmV3IjthOjA6e319fQ==', 1725465567),
('TKHfnNbadnuH97C0qCNp9svqinSG2IdHWj3mgEIS', NULL, '127.0.0.1', 'Mozilla/5.0 (Windows NT 10.0; Win64; x64) AppleWebKit/537.36 (KHTML, like Gecko) Chrome/128.0.0.0 Safari/537.36', 'YTozOntzOjY6Il90b2tlbiI7czo0MDoiQ0NmSEtRWnFYaTU2UDMyYVRSTXlOcWc4WW50cGlHeVQ1dnBNTVN4aiI7czo5OiJfcHJldmlvdXMiO2E6MTp7czozOiJ1cmwiO3M6MzE6Imh0dHA6Ly8xMjcuMC4wLjE6ODAwMC9hcGkvYmxvZ3MiO31zOjY6Il9mbGFzaCI7YToyOntzOjM6Im9sZCI7YTowOnt9czozOiJuZXciO2E6MDp7fX19', 1725335126),
('TP7Mo5RMdBPQa6ayvEMAG79uTU8pLPf6j5WLnGlB', NULL, '127.0.0.1', 'Mozilla/5.0 (Windows NT 10.0; Win64; x64) AppleWebKit/537.36 (KHTML, like Gecko) Chrome/128.0.0.0 Safari/537.36', 'YToyOntzOjY6Il90b2tlbiI7czo0MDoiU1pUZTNzZzlrTVlwMEVKS2l6dFJ5eGRNS21EaUdiZEhlTjdsNzg0QyI7czo2OiJfZmxhc2giO2E6Mjp7czozOiJvbGQiO2E6MDp7fXM6MzoibmV3IjthOjA6e319fQ==', 1725335647),
('tTaPDlzP8vAPHT6zUVn2R9iPA8owspjZ4bRb7ZLo', NULL, '127.0.0.1', 'Mozilla/5.0 (Windows NT 10.0; Win64; x64) AppleWebKit/537.36 (KHTML, like Gecko) Chrome/128.0.0.0 Safari/537.36', 'YTozOntzOjY6Il90b2tlbiI7czo0MDoiaUN4b0lSN3RBUDBFbEl0eXU2NWNmREdrVkE3RmlybXl0NHRjM2xFcCI7czo5OiJfcHJldmlvdXMiO2E6MTp7czozOiJ1cmwiO3M6Njc6Imh0dHA6Ly8xMjcuMC4wLjE6ODAwMC9hcGkvb3BwZXJ0dW5pdGllcy9nZXRkZXRhaWxzP2lkPTImdHlwZT1ub3RpY2UiO31zOjY6Il9mbGFzaCI7YToyOntzOjM6Im9sZCI7YTowOnt9czozOiJuZXciO2E6MDp7fX19', 1725334562),
('uAJRJplbiyYFoCS8474Z1p6fpVAjEyROVVd6Vo5d', NULL, '127.0.0.1', 'Mozilla/5.0 (Windows NT 10.0; Win64; x64) AppleWebKit/537.36 (KHTML, like Gecko) Chrome/128.0.0.0 Safari/537.36', 'YTozOntzOjY6Il90b2tlbiI7czo0MDoiRTJTWjJ4bFB0YVpjQ1Q2cmN2cUI3MkZEMVV0dzdvZ3UwZ3VyVHpGUSI7czo5OiJfcHJldmlvdXMiO2E6MTp7czozOiJ1cmwiO3M6Njc6Imh0dHA6Ly8xMjcuMC4wLjE6ODAwMC9hcGkvb3BwZXJ0dW5pdGllcy9nZXRkZXRhaWxzP2lkPTImdHlwZT1ub3RpY2UiO31zOjY6Il9mbGFzaCI7YToyOntzOjM6Im9sZCI7YTowOnt9czozOiJuZXciO2E6MDp7fX19', 1725334016),
('uGUmbmSBmnTZ0SONvI9Dvg4rv53LcBDUHLtRLV5d', NULL, '127.0.0.1', 'Mozilla/5.0 (Windows NT 10.0; Win64; x64) AppleWebKit/537.36 (KHTML, like Gecko) Chrome/128.0.0.0 Safari/537.36', 'YTozOntzOjY6Il90b2tlbiI7czo0MDoiMUZKdzV3ZDc0ZkRXd0k3M3FvbEhJck1iWG1yTWZjWEVyUHBEQnZ6aCI7czo5OiJfcHJldmlvdXMiO2E6MTp7czozOiJ1cmwiO3M6Njc6Imh0dHA6Ly8xMjcuMC4wLjE6ODAwMC9hcGkvb3BwZXJ0dW5pdGllcy9nZXRkZXRhaWxzP2lkPTImdHlwZT1ub3RpY2UiO31zOjY6Il9mbGFzaCI7YToyOntzOjM6Im9sZCI7YTowOnt9czozOiJuZXciO2E6MDp7fX19', 1725335339),
('uj8cDFENKtAoM2MIV0NfPT4KOYDtroTLyUMzzifz', NULL, '127.0.0.1', 'Mozilla/5.0 (Windows NT 10.0; Win64; x64) AppleWebKit/537.36 (KHTML, like Gecko) Chrome/128.0.0.0 Safari/537.36', 'YTozOntzOjY6Il90b2tlbiI7czo0MDoiT2hCczU3eEN2bUg2UFFIR2ZNZ21FTHpNY3plV3lBdTBsM3dLeGJVQyI7czo5OiJfcHJldmlvdXMiO2E6MTp7czozOiJ1cmwiO3M6NzE6Imh0dHA6Ly8xMjcuMC4wLjE6ODAwMC9hcGkvb3BwZXJ0dW5pdGllcy9nZXRhbGwtYWN0aXZlLWluZm8/cHJlbWl1bT10cnVlIjt9czo2OiJfZmxhc2giO2E6Mjp7czozOiJvbGQiO2E6MDp7fXM6MzoibmV3IjthOjA6e319fQ==', 1725334184),
('ujmKb8Y6dmzOfpjtRWGicY0PSZ1itDDq7PrPN4oH', NULL, '127.0.0.1', 'Mozilla/5.0 (Windows NT 10.0; Win64; x64) AppleWebKit/537.36 (KHTML, like Gecko) Chrome/128.0.0.0 Safari/537.36', 'YTozOntzOjY6Il90b2tlbiI7czo0MDoiaTJkMFA3cFJlSmxsaDJ0eGo3ck41a2JrM04zNmxScnFpZENPd3ZtYSI7czo5OiJfcHJldmlvdXMiO2E6MTp7czozOiJ1cmwiO3M6NDE6Imh0dHA6Ly8xMjcuMC4wLjE6ODAwMC9hcGkvc2ltaWxhci1yb3N0ZXJzIjt9czo2OiJfZmxhc2giO2E6Mjp7czozOiJvbGQiO2E6MDp7fXM6MzoibmV3IjthOjA6e319fQ==', 1725333894),
('UXd9EzT8I1BWala60XIrPLtRSrv1xoB28tLkGaWz', NULL, '127.0.0.1', 'Mozilla/5.0 (Windows NT 10.0; Win64; x64) AppleWebKit/537.36 (KHTML, like Gecko) Chrome/128.0.0.0 Safari/537.36', 'YTozOntzOjY6Il90b2tlbiI7czo0MDoiOUQ0MENmaFRWZElpMW5iUDlQQ0V0aFBVZ1dUTmRINUN0WE9GTW81SSI7czo5OiJfcHJldmlvdXMiO2E6MTp7czozOiJ1cmwiO3M6NTg6Imh0dHA6Ly8xMjcuMC4wLjE6ODAwMC9hcGkvb3BwZXJ0dW5pdGllcy9nZXRhbGwtYWN0aXZlLWluZm8iO31zOjY6Il9mbGFzaCI7YToyOntzOjM6Im9sZCI7YTowOnt9czozOiJuZXciO2E6MDp7fX19', 1725423994),
('v39Z2rg7A95Z6aHTTyWy4HrKmlZeYgcYtPA5CuJw', NULL, '127.0.0.1', 'Mozilla/5.0 (Windows NT 10.0; Win64; x64) AppleWebKit/537.36 (KHTML, like Gecko) Chrome/128.0.0.0 Safari/537.36', 'YTozOntzOjY6Il90b2tlbiI7czo0MDoiOWU3cUl6QjlGQ3R3THVLTTI3Q0NFSjBQR0NFYnVFdnJPNmZuSFduMyI7czo5OiJfcHJldmlvdXMiO2E6MTp7czozOiJ1cmwiO3M6Njc6Imh0dHA6Ly8xMjcuMC4wLjE6ODAwMC9hcGkvb3BwZXJ0dW5pdGllcy9nZXRkZXRhaWxzP2lkPTImdHlwZT1ub3RpY2UiO31zOjY6Il9mbGFzaCI7YToyOntzOjM6Im9sZCI7YTowOnt9czozOiJuZXciO2E6MDp7fX19', 1725333955),
('v8Da0EcOKPYYc4Kqj9KkL70OCS4qkpNZFAkEFJIo', NULL, '127.0.0.1', 'Mozilla/5.0 (Windows NT 10.0; Win64; x64) AppleWebKit/537.36 (KHTML, like Gecko) Chrome/128.0.0.0 Safari/537.36', 'YToyOntzOjY6Il90b2tlbiI7czo0MDoiWk12SGI4ZTF5VGdDamNzU1hHVkNmNTFXQ3pHNEs3S1JHRXdZVFZMUyI7czo2OiJfZmxhc2giO2E6Mjp7czozOiJvbGQiO2E6MDp7fXM6MzoibmV3IjthOjA6e319fQ==', 1725335504),
('vrGPYbXrUN8TqBrvGBdPP3XEZS132bG9UOpvyWXB', NULL, '127.0.0.1', 'Mozilla/5.0 (Windows NT 10.0; Win64; x64) AppleWebKit/537.36 (KHTML, like Gecko) Chrome/128.0.0.0 Safari/537.36', 'YTozOntzOjY6Il90b2tlbiI7czo0MDoiNlZmbHpmeHBwNnptWGpybmMwaWVoaUM1R2cyZzFra0hST0hwS2dyWiI7czo5OiJfcHJldmlvdXMiO2E6MTp7czozOiJ1cmwiO3M6Njc6Imh0dHA6Ly8xMjcuMC4wLjE6ODAwMC9hcGkvb3BwZXJ0dW5pdGllcy9nZXRkZXRhaWxzP2lkPTImdHlwZT1ub3RpY2UiO31zOjY6Il9mbGFzaCI7YToyOntzOjM6Im9sZCI7YTowOnt9czozOiJuZXciO2E6MDp7fX19', 1725334308),
('VTZhq0E1dAxZNAGy0COJQav1XYhEWRfMXInpj2qs', NULL, '127.0.0.1', 'Mozilla/5.0 (Windows NT 10.0; Win64; x64) AppleWebKit/537.36 (KHTML, like Gecko) Chrome/128.0.0.0 Safari/537.36', 'YToyOntzOjY6Il90b2tlbiI7czo0MDoiOVd4R3JRbGk3UTVFWGNWTDdhZkdPS25iaEt3Zk85SWtsaFJWeGs5byI7czo2OiJfZmxhc2giO2E6Mjp7czozOiJvbGQiO2E6MDp7fXM6MzoibmV3IjthOjA6e319fQ==', 1725334805),
('WD7Eoh9gko8ifVlIqREBJptmJL0SN9bS8spMB3Ed', NULL, '127.0.0.1', 'Mozilla/5.0 (Windows NT 10.0; Win64; x64) AppleWebKit/537.36 (KHTML, like Gecko) Chrome/128.0.0.0 Safari/537.36', 'YTozOntzOjY6Il90b2tlbiI7czo0MDoiWDdLQ3l5QWNoenB5VVdVQWpkVlhVS1MzcVZBUXREU0xlczFHZWJwSSI7czo5OiJfcHJldmlvdXMiO2E6MTp7czozOiJ1cmwiO3M6Njc6Imh0dHA6Ly8xMjcuMC4wLjE6ODAwMC9hcGkvb3BwZXJ0dW5pdGllcy9nZXRkZXRhaWxzP2lkPTImdHlwZT1ub3RpY2UiO31zOjY6Il9mbGFzaCI7YToyOntzOjM6Im9sZCI7YTowOnt9czozOiJuZXciO2E6MDp7fX19', 1725335586),
('wkMLKS7J4SYXKreOAMhAtCd14pzMEwSLsUdCifT0', NULL, '127.0.0.1', 'Mozilla/5.0 (Windows NT 10.0; Win64; x64) AppleWebKit/537.36 (KHTML, like Gecko) Chrome/128.0.0.0 Safari/537.36', 'YTozOntzOjY6Il90b2tlbiI7czo0MDoiSDU2QXJaTjRJbUM3NWpza3ZERmNHcXUyMkhidHpON1N2Q2xOWkk1SyI7czo5OiJfcHJldmlvdXMiO2E6MTp7czozOiJ1cmwiO3M6NTA6Imh0dHA6Ly8xMjcuMC4wLjE6ODAwMC9hcGkvc2ltaWxhci1ub3RpY2VzP3R5cGVJZD0xIjt9czo2OiJfZmxhc2giO2E6Mjp7czozOiJvbGQiO2E6MDp7fXM6MzoibmV3IjthOjA6e319fQ==', 1725335695),
('wpzD6LwJTLsZRpwDB9I4b5qHDmsh263Sq6lvBrfA', NULL, '127.0.0.1', 'Mozilla/5.0 (Windows NT 10.0; Win64; x64) AppleWebKit/537.36 (KHTML, like Gecko) Chrome/128.0.0.0 Safari/537.36', 'YTozOntzOjY6Il90b2tlbiI7czo0MDoiVmlYTTNuREg3OTZYSFlaUmlEdUpTMzg5T0ZnZmpKVUNmOXFRS0k3RyI7czo5OiJfcHJldmlvdXMiO2E6MTp7czozOiJ1cmwiO3M6Njc6Imh0dHA6Ly8xMjcuMC4wLjE6ODAwMC9hcGkvb3BwZXJ0dW5pdGllcy9nZXRkZXRhaWxzP2lkPTImdHlwZT1ub3RpY2UiO31zOjY6Il9mbGFzaCI7YToyOntzOjM6Im9sZCI7YTowOnt9czozOiJuZXciO2E6MDp7fX19', 1725335530),
('WSCkH3u3ITpjLrfWREGz4SclxymnXaOs1fZi0lyt', NULL, '127.0.0.1', 'Mozilla/5.0 (Windows NT 10.0; Win64; x64) AppleWebKit/537.36 (KHTML, like Gecko) Chrome/128.0.0.0 Safari/537.36', 'YTozOntzOjY6Il90b2tlbiI7czo0MDoidkJ0VWp1UjJNaUZHcEpyWlpVOU5MMnlLdkZXSHJaT2F3c2d0aWJFeiI7czo5OiJfcHJldmlvdXMiO2E6MTp7czozOiJ1cmwiO3M6NTA6Imh0dHA6Ly8xMjcuMC4wLjE6ODAwMC9hcGkvc2ltaWxhci1ub3RpY2VzP3R5cGVJZD0xIjt9czo2OiJfZmxhc2giO2E6Mjp7czozOiJvbGQiO2E6MDp7fXM6MzoibmV3IjthOjA6e319fQ==', 1725333915),
('wTpQ8j5tMukjjAs2nd1MxQD4WEqyQVMmX5rTwlRj', NULL, '127.0.0.1', 'Mozilla/5.0 (Windows NT 10.0; Win64; x64) AppleWebKit/537.36 (KHTML, like Gecko) Chrome/128.0.0.0 Safari/537.36', 'YTozOntzOjY6Il90b2tlbiI7czo0MDoiU3ZMaVE5dkpDZFZnbHZ5QzJJbTZZc1B4dnZPaHpnRjVmNnFaZjE0NCI7czo5OiJfcHJldmlvdXMiO2E6MTp7czozOiJ1cmwiO3M6NTA6Imh0dHA6Ly8xMjcuMC4wLjE6ODAwMC9hcGkvc2ltaWxhci1ub3RpY2VzP3R5cGVJZD0xIjt9czo2OiJfZmxhc2giO2E6Mjp7czozOiJvbGQiO2E6MDp7fXM6MzoibmV3IjthOjA6e319fQ==', 1725335725),
('WvZwG3efZlHPWXklNaoDe48hs7gS9Is74YtCG15K', NULL, '127.0.0.1', 'Mozilla/5.0 (Windows NT 10.0; Win64; x64) AppleWebKit/537.36 (KHTML, like Gecko) Chrome/128.0.0.0 Safari/537.36', 'YTozOntzOjY6Il90b2tlbiI7czo0MDoiaEg1TDdMQ0lvSkh0eEl6RVM0OGVPa2RoZDg4ZkFlVUZvRlFvS1NNVyI7czo5OiJfcHJldmlvdXMiO2E6MTp7czozOiJ1cmwiO3M6Njc6Imh0dHA6Ly8xMjcuMC4wLjE6ODAwMC9hcGkvb3BwZXJ0dW5pdGllcy9nZXRkZXRhaWxzP2lkPTImdHlwZT1ub3RpY2UiO31zOjY6Il9mbGFzaCI7YToyOntzOjM6Im9sZCI7YTowOnt9czozOiJuZXciO2E6MDp7fX19', 1725335411),
('XFwYlt4Dwsic5e6bfhuCOkJ7AWArOx27MvY556zF', NULL, '127.0.0.1', 'Mozilla/5.0 (Windows NT 10.0; Win64; x64) AppleWebKit/537.36 (KHTML, like Gecko) Chrome/128.0.0.0 Safari/537.36', 'YToyOntzOjY6Il90b2tlbiI7czo0MDoiZUJPbFZHTDFhWnJpWVQ5QkV3ZUVldWIwa08zdzVPODBMMzR1V2ZBcyI7czo2OiJfZmxhc2giO2E6Mjp7czozOiJvbGQiO2E6MDp7fXM6MzoibmV3IjthOjA6e319fQ==', 1725335382),
('xg6n04FNSSBhvw30mM3w4VYBjaETVDQ7pv2PBhut', NULL, '127.0.0.1', 'Mozilla/5.0 (Windows NT 10.0; Win64; x64) AppleWebKit/537.36 (KHTML, like Gecko) Chrome/128.0.0.0 Safari/537.36', 'YToyOntzOjY6Il90b2tlbiI7czo0MDoiZ1FiWDNJZW1LMUZRNGJWU0l2T1VyNHpRbTRPMDhaZWRNMXUxTnNXbSI7czo2OiJfZmxhc2giO2E6Mjp7czozOiJvbGQiO2E6MDp7fXM6MzoibmV3IjthOjA6e319fQ==', 1725335478),
('xhNrRPfAIVytWSQ9WLJLpFWRQTiTQFdwHmo7xmKl', NULL, '127.0.0.1', 'Mozilla/5.0 (Windows NT 10.0; Win64; x64) AppleWebKit/537.36 (KHTML, like Gecko) Chrome/128.0.0.0 Safari/537.36', 'YTozOntzOjY6Il90b2tlbiI7czo0MDoiQ294MDZTSkQxRTRWRlVyNTBFOFd3bmhPTnIzOU9WNU9qaG9OOXk3MiI7czo5OiJfcHJldmlvdXMiO2E6MTp7czozOiJ1cmwiO3M6MzE6Imh0dHA6Ly8xMjcuMC4wLjE6ODAwMC9hcGkvYmxvZ3MiO31zOjY6Il9mbGFzaCI7YToyOntzOjM6Im9sZCI7YTowOnt9czozOiJuZXciO2E6MDp7fX19', 1725334283),
('xOzdwIRvX8su0Dy7huKxwBXarQwHKiORHIcldbu7', NULL, '127.0.0.1', 'Mozilla/5.0 (Windows NT 10.0; Win64; x64) AppleWebKit/537.36 (KHTML, like Gecko) Chrome/128.0.0.0 Safari/537.36', 'YTozOntzOjY6Il90b2tlbiI7czo0MDoib3lBcG5ZdlNHN2dsSDNHYjJpS25rQzFnckdDTHF1VU9neGtzZlQ2NCI7czo5OiJfcHJldmlvdXMiO2E6MTp7czozOiJ1cmwiO3M6Njc6Imh0dHA6Ly8xMjcuMC4wLjE6ODAwMC9hcGkvb3BwZXJ0dW5pdGllcy9nZXRkZXRhaWxzP2lkPTImdHlwZT1ub3RpY2UiO31zOjY6Il9mbGFzaCI7YToyOntzOjM6Im9sZCI7YTowOnt9czozOiJuZXciO2E6MDp7fX19', 1725335484),
('yBbra6scIzlgY4HUSbbyCqJzK4IUqDlxYbX5QJnD', NULL, '127.0.0.1', 'Mozilla/5.0 (Windows NT 10.0; Win64; x64) AppleWebKit/537.36 (KHTML, like Gecko) Chrome/128.0.0.0 Safari/537.36', 'YTozOntzOjY6Il90b2tlbiI7czo0MDoiemFJa3hZREZlR0JJRHRBcE4xcWhqalpSdEtuQzFibktZNTdqcTZocSI7czo5OiJfcHJldmlvdXMiO2E6MTp7czozOiJ1cmwiO3M6NzE6Imh0dHA6Ly8xMjcuMC4wLjE6ODAwMC9hcGkvb3BwZXJ0dW5pdGllcy9nZXRhbGwtYWN0aXZlLWluZm8/cHJlbWl1bT10cnVlIjt9czo2OiJfZmxhc2giO2E6Mjp7czozOiJvbGQiO2E6MDp7fXM6MzoibmV3IjthOjA6e319fQ==', 1725334283),
('YgFtNNI1pvs90gep5W1akJGb6bahlnRj9QPUViQl', NULL, '127.0.0.1', 'Mozilla/5.0 (Windows NT 10.0; Win64; x64) AppleWebKit/537.36 (KHTML, like Gecko) Chrome/128.0.0.0 Safari/537.36', 'YTozOntzOjY6Il90b2tlbiI7czo0MDoibjFlTU1Vc0JMbzc1eUxPTDFjUkxsNW9lUVhQN1MzTzNLV205QWF0dSI7czo5OiJfcHJldmlvdXMiO2E6MTp7czozOiJ1cmwiO3M6NTg6Imh0dHA6Ly8xMjcuMC4wLjE6ODAwMC9hcGkvb3BwZXJ0dW5pdGllcy9nZXRhbGwtYWN0aXZlLWluZm8iO31zOjY6Il9mbGFzaCI7YToyOntzOjM6Im9sZCI7YTowOnt9czozOiJuZXciO2E6MDp7fX19', 1725424080),
('yOYulJbNwZlr1tQofGZW2eU6Z2VNvEc81zavX9n1', NULL, '127.0.0.1', 'Mozilla/5.0 (Windows NT 10.0; Win64; x64) AppleWebKit/537.36 (KHTML, like Gecko) Chrome/128.0.0.0 Safari/537.36', 'YTozOntzOjY6Il90b2tlbiI7czo0MDoiQmJFYlltbFI4dzBtcnFBOXVYY3JBOEYwNDk1a0JMMGJGQXUxWUQzMyI7czo5OiJfcHJldmlvdXMiO2E6MTp7czozOiJ1cmwiO3M6NzE6Imh0dHA6Ly8xMjcuMC4wLjE6ODAwMC9hcGkvb3BwZXJ0dW5pdGllcy9nZXRhbGwtYWN0aXZlLWluZm8/cHJlbWl1bT10cnVlIjt9czo2OiJfZmxhc2giO2E6Mjp7czozOiJvbGQiO2E6MDp7fXM6MzoibmV3IjthOjA6e319fQ==', 1725334309),
('YQUGUqmt9YxJFToxOpiGPJrjgIhWhCiYWRRY36GP', NULL, '127.0.0.1', 'Mozilla/5.0 (Windows NT 10.0; Win64; x64) AppleWebKit/537.36 (KHTML, like Gecko) Chrome/128.0.0.0 Safari/537.36', 'YTozOntzOjY6Il90b2tlbiI7czo0MDoiWXlNNXoxTkNKSkdmRWJpVXZ4TzZwcExXZ2NXdTRrQTRDbTZLU0lsWiI7czo5OiJfcHJldmlvdXMiO2E6MTp7czozOiJ1cmwiO3M6Njc6Imh0dHA6Ly8xMjcuMC4wLjE6ODAwMC9hcGkvb3BwZXJ0dW5pdGllcy9nZXRkZXRhaWxzP2lkPTImdHlwZT1ub3RpY2UiO31zOjY6Il9mbGFzaCI7YToyOntzOjM6Im9sZCI7YTowOnt9czozOiJuZXciO2E6MDp7fX19', 1725335394),
('yRxHPnELHTAfGr7FzvzOeLVTmxxcRP8wWOR2vY9h', NULL, '127.0.0.1', 'Mozilla/5.0 (Windows NT 10.0; Win64; x64) AppleWebKit/537.36 (KHTML, like Gecko) Chrome/128.0.0.0 Safari/537.36', 'YTozOntzOjY6Il90b2tlbiI7czo0MDoiMGdjUmNubURENXB4cEh2NEtQVjlaUGFJSGlVdzFlWHJORFowZzY0eiI7czo5OiJfcHJldmlvdXMiO2E6MTp7czozOiJ1cmwiO3M6Njc6Imh0dHA6Ly8xMjcuMC4wLjE6ODAwMC9hcGkvb3BwZXJ0dW5pdGllcy9nZXRkZXRhaWxzP2lkPTImdHlwZT1ub3RpY2UiO31zOjY6Il9mbGFzaCI7YToyOntzOjM6Im9sZCI7YTowOnt9czozOiJuZXciO2E6MDp7fX19', 1725334376),
('yZMnCX030c803hH7j9XWQQXTlPc3DdadVdjHtc03', NULL, '127.0.0.1', 'Mozilla/5.0 (Windows NT 10.0; Win64; x64) AppleWebKit/537.36 (KHTML, like Gecko) Chrome/128.0.0.0 Safari/537.36', 'YToyOntzOjY6Il90b2tlbiI7czo0MDoiZHkxeFFDdWxTazNUWk9XYjA2U0ZZVGpxVHdrVDZwUmIxaWxXYmZmMyI7czo2OiJfZmxhc2giO2E6Mjp7czozOiJvbGQiO2E6MDp7fXM6MzoibmV3IjthOjA6e319fQ==', 1725335412),
('ZB5ZGUXWI99YRAGeXD3e3Wj1o4up8ZDxijAMz7eG', NULL, '127.0.0.1', 'Mozilla/5.0 (Windows NT 10.0; Win64; x64) AppleWebKit/537.36 (KHTML, like Gecko) Chrome/128.0.0.0 Safari/537.36', 'YToyOntzOjY6Il90b2tlbiI7czo0MDoiUlpNVGhZcUNKb3pTUEhRTGl0YUduVURmR1BrZTRUdFhTa1QwWHdYVyI7czo2OiJfZmxhc2giO2E6Mjp7czozOiJvbGQiO2E6MDp7fXM6MzoibmV3IjthOjA6e319fQ==', 1725335610),
('ZBZsLZYEA0c4Dnu6uBs7NlWOmrBulNlxn8aIYxDZ', NULL, '127.0.0.1', 'Mozilla/5.0 (Windows NT 10.0; Win64; x64) AppleWebKit/537.36 (KHTML, like Gecko) Chrome/128.0.0.0 Safari/537.36', 'YTozOntzOjY6Il90b2tlbiI7czo0MDoiREtSR2tlQk5pYnlMaTVPeGQ5U28yWTR1bFpiS0FRSTZScDY1MDE2QSI7czo5OiJfcHJldmlvdXMiO2E6MTp7czozOiJ1cmwiO3M6Njc6Imh0dHA6Ly8xMjcuMC4wLjE6ODAwMC9hcGkvb3BwZXJ0dW5pdGllcy9nZXRkZXRhaWxzP2lkPTImdHlwZT1ub3RpY2UiO31zOjY6Il9mbGFzaCI7YToyOntzOjM6Im9sZCI7YTowOnt9czozOiJuZXciO2E6MDp7fX19', 1725334872),
('zjTYGatW3O5zDU3TwqWTQcBV6dhgrPVaCE8GIO6g', NULL, '127.0.0.1', 'Mozilla/5.0 (Windows NT 10.0; Win64; x64) AppleWebKit/537.36 (KHTML, like Gecko) Chrome/128.0.0.0 Safari/537.36', 'YTozOntzOjY6Il90b2tlbiI7czo0MDoia0lsZkdmS2NGcU9sM3ZOZWRaR0pzNjZMcTNzdTgwZE9sNVNxaUVmRiI7czo5OiJfcHJldmlvdXMiO2E6MTp7czozOiJ1cmwiO3M6Njc6Imh0dHA6Ly8xMjcuMC4wLjE6ODAwMC9hcGkvb3BwZXJ0dW5pdGllcy9nZXRkZXRhaWxzP2lkPTImdHlwZT1ub3RpY2UiO31zOjY6Il9mbGFzaCI7YToyOntzOjM6Im9sZCI7YTowOnt9czozOiJuZXciO2E6MDp7fX19', 1725334683),
('Zn2ijFdiymytMar14mRslZxhS397CPF6dHcMi0ZI', NULL, '127.0.0.1', 'Mozilla/5.0 (Windows NT 10.0; Win64; x64) AppleWebKit/537.36 (KHTML, like Gecko) Chrome/128.0.0.0 Safari/537.36', 'YTozOntzOjY6Il90b2tlbiI7czo0MDoiNkhCNVdqdElISGhVd2VuRGJDWGV2UmV2ZUpHaWdBSFlLSWZ2Nk5heSI7czo5OiJfcHJldmlvdXMiO2E6MTp7czozOiJ1cmwiO3M6Njc6Imh0dHA6Ly8xMjcuMC4wLjE6ODAwMC9hcGkvb3BwZXJ0dW5pdGllcy9nZXRkZXRhaWxzP2lkPTImdHlwZT1ub3RpY2UiO31zOjY6Il9mbGFzaCI7YToyOntzOjM6Im9sZCI7YTowOnt9czozOiJuZXciO2E6MDp7fX19', 1725334646),
('ZRva88vS5NA7Ouz02klgqy8vHwwpcyqH3qvoQ27u', NULL, '127.0.0.1', 'Mozilla/5.0 (Windows NT 10.0; Win64; x64) AppleWebKit/537.36 (KHTML, like Gecko) Chrome/128.0.0.0 Safari/537.36', 'YToyOntzOjY6Il90b2tlbiI7czo0MDoicExiYmxOMmhRQnFsNzBXdHI2WjU4bll6allpdWZGR0Vxc1hhdFA4UCI7czo2OiJfZmxhc2giO2E6Mjp7czozOiJvbGQiO2E6MDp7fXM6MzoibmV3IjthOjA6e319fQ==', 1725335466),
('ZTpBTcgd1PvyBdXRKHSnoT6TuzMUc6arZHp6dsXy', NULL, '127.0.0.1', 'Mozilla/5.0 (Windows NT 10.0; Win64; x64) AppleWebKit/537.36 (KHTML, like Gecko) Chrome/128.0.0.0 Safari/537.36', 'YToyOntzOjY6Il90b2tlbiI7czo0MDoiUm1SZzExZFczSElvZXN1eGZpNTJ0WjhJSVFVQjd0eE12YmZEM3l6WCI7czo2OiJfZmxhc2giO2E6Mjp7czozOiJvbGQiO2E6MDp7fXM6MzoibmV3IjthOjA6e319fQ==', 1725335531),
('ztUmRxnxybre9tS34lNFIzlJXRcIctbRN2RlgtMP', NULL, '127.0.0.1', 'Mozilla/5.0 (Windows NT 10.0; Win64; x64) AppleWebKit/537.36 (KHTML, like Gecko) Chrome/128.0.0.0 Safari/537.36', 'YTozOntzOjY6Il90b2tlbiI7czo0MDoiaHdCN1VhVjJidVp4U2JMUlllN1ZUczdld0FVRGVDRm83UkpUaVJiUCI7czo5OiJfcHJldmlvdXMiO2E6MTp7czozOiJ1cmwiO3M6Njc6Imh0dHA6Ly8xMjcuMC4wLjE6ODAwMC9hcGkvb3BwZXJ0dW5pdGllcy9nZXRkZXRhaWxzP2lkPTImdHlwZT1ub3RpY2UiO31zOjY6Il9mbGFzaCI7YToyOntzOjM6Im9sZCI7YTowOnt9czozOiJuZXciO2E6MDp7fX19', 1725335609),
('ZVf7gGga6ctwxRjrGAQyoyS2paIH9i9SC6Y8VHni', NULL, '127.0.0.1', 'Mozilla/5.0 (Windows NT 10.0; Win64; x64) AppleWebKit/537.36 (KHTML, like Gecko) Chrome/128.0.0.0 Safari/537.36', 'YToyOntzOjY6Il90b2tlbiI7czo0MDoiMEtrRGJoMUd3VHAzMGZzZEQ3N3d6TWFlRWo2THJNZktjNTk5enVlaCI7czo2OiJfZmxhc2giO2E6Mjp7czozOiJvbGQiO2E6MDp7fXM6MzoibmV3IjthOjA6e319fQ==', 1725334131),
('ZvFFTSUuSCUrKOj7aua9pLugeWPM5kHHNNk1yee2', NULL, '127.0.0.1', 'Mozilla/5.0 (Windows NT 10.0; Win64; x64) AppleWebKit/537.36 (KHTML, like Gecko) Chrome/128.0.0.0 Safari/537.36', 'YTozOntzOjY6Il90b2tlbiI7czo0MDoiWGRGZmNYeFRIR0VYbk5ncGhDSVBpRVd5VWloNFcxRzZaRFNRdHJUNCI7czo5OiJfcHJldmlvdXMiO2E6MTp7czozOiJ1cmwiO3M6Njc6Imh0dHA6Ly8xMjcuMC4wLjE6ODAwMC9hcGkvb3BwZXJ0dW5pdGllcy9nZXRkZXRhaWxzP2lkPTImdHlwZT1ub3RpY2UiO31zOjY6Il9mbGFzaCI7YToyOntzOjM6Im9sZCI7YTowOnt9czozOiJuZXciO2E6MDp7fX19', 1725335317),
('ZvNGlBRs8APn9SNQGv1tcW4b1NcuPIaVnR65e7o2', NULL, '127.0.0.1', 'Mozilla/5.0 (Windows NT 10.0; Win64; x64) AppleWebKit/537.36 (KHTML, like Gecko) Chrome/128.0.0.0 Safari/537.36', 'YTozOntzOjY6Il90b2tlbiI7czo0MDoiWmI2TXNPU1oydEpNVml1THo4ZXJKV0xiUmZtcTNMVk9vaDU0bFNiciI7czo5OiJfcHJldmlvdXMiO2E6MTp7czozOiJ1cmwiO3M6MzE6Imh0dHA6Ly8xMjcuMC4wLjE6ODAwMC9hcGkvYmxvZ3MiO31zOjY6Il9mbGFzaCI7YToyOntzOjM6Im9sZCI7YTowOnt9czozOiJuZXciO2E6MDp7fX19', 1725334722),
('ZVsKmQCnDvFbC9vj6nbegiW7hquO1WyTvqdsqc4t', NULL, '127.0.0.1', 'Mozilla/5.0 (Windows NT 10.0; Win64; x64) AppleWebKit/537.36 (KHTML, like Gecko) Chrome/128.0.0.0 Safari/537.36', 'YToyOntzOjY6Il90b2tlbiI7czo0MDoiZHoyTXVVSzBrYkxmcXluVEJMQVFCaUR6NkRoeTdrOU1QbEM1R3pKdSI7czo2OiJfZmxhc2giO2E6Mjp7czozOiJvbGQiO2E6MDp7fXM6MzoibmV3IjthOjA6e319fQ==', 1725335454),
('zxySYfmAGLAf3LmticTo5tp8HRILT1eipbNIwb9H', NULL, '127.0.0.1', 'Mozilla/5.0 (Windows NT 10.0; Win64; x64) AppleWebKit/537.36 (KHTML, like Gecko) Chrome/128.0.0.0 Safari/537.36', 'YTozOntzOjY6Il90b2tlbiI7czo0MDoiRzRyMXZrUWZDa2JYZEhpVzlNdTFtRExIRWNEeUtKcGVMMWt4eE9LcyI7czo5OiJfcHJldmlvdXMiO2E6MTp7czozOiJ1cmwiO3M6NzE6Imh0dHA6Ly8xMjcuMC4wLjE6ODAwMC9hcGkvb3BwZXJ0dW5pdGllcy9nZXRhbGwtYWN0aXZlLWluZm8/cHJlbWl1bT10cnVlIjt9czo2OiJfZmxhc2giO2E6Mjp7czozOiJvbGQiO2E6MDp7fXM6MzoibmV3IjthOjA6e319fQ==', 1725333904);

-- --------------------------------------------------------

--
-- Table structure for table `targeted_customers`
--

CREATE TABLE `targeted_customers` (
  `id` int(11) NOT NULL,
  `buyer` tinyint(4) NOT NULL,
  `provider` tinyint(4) NOT NULL,
  `org_name` varchar(255) NOT NULL
) ENGINE=InnoDB DEFAULT CHARSET=utf8mb4 COLLATE=utf8mb4_general_ci;

-- --------------------------------------------------------

--
-- Table structure for table `tenders`
--

CREATE TABLE `tenders` (
  `id` bigint(20) UNSIGNED NOT NULL,
  `tender_slug` varchar(255) DEFAULT NULL,
  `tender_code` varchar(255) DEFAULT NULL COMMENT 'RelayAnt Code Number',
  `org_id` bigint(20) UNSIGNED NOT NULL,
  `opportunity_type_id` int(11) NOT NULL DEFAULT 1,
  `tender_location` varchar(255) DEFAULT NULL COMMENT 'tender work execution location eg. distict, city',
  `title` text NOT NULL,
  `tender_number` varchar(255) DEFAULT NULL,
  `start_date` datetime NOT NULL,
  `end_date` datetime NOT NULL,
  `apply_online` int(11) DEFAULT NULL,
  `apply_offline` int(11) DEFAULT NULL,
  `apply_email` int(11) DEFAULT NULL,
  `submission_email` varchar(255) DEFAULT NULL,
  `submission_address` varchar(255) DEFAULT NULL,
  `evaluation_method` int(11) DEFAULT NULL,
  `full_mark` int(11) DEFAULT NULL,
  `pass_mark` int(11) DEFAULT NULL,
  `tp_score_weight` int(11) DEFAULT NULL,
  `fp_score_weight` int(11) DEFAULT NULL,
  `evaluation_criteria_set` tinyint(1) DEFAULT NULL,
  `tender_details` longtext DEFAULT NULL,
  `criteria_details` longtext DEFAULT NULL,
  `evaluation_details` longtext DEFAULT NULL,
  `apply_instruction` longtext DEFAULT NULL,
  `document_charge` decimal(8,2) DEFAULT 0.00,
  `paid_document` varchar(255) DEFAULT NULL COMMENT 'upload here only document charge is >0',
  `can_apply` int(11) NOT NULL,
  `apply_fee` decimal(8,2) DEFAULT 0.00,
  `tender_source` int(11) NOT NULL DEFAULT 1,
  `technical_proposal` tinyint(1) NOT NULL DEFAULT 1 COMMENT 'TC propsoal require',
  `financial_proposal` tinyint(1) NOT NULL DEFAULT 1 COMMENT 'TC propsoal require',
  `separate_proposal` tinyint(1) NOT NULL DEFAULT 0 COMMENT 'seprate TC & FC propsoal require',
  `selected_app_id` bigint(20) UNSIGNED DEFAULT NULL,
  `final_amount` decimal(8,2) DEFAULT NULL,
  `contract_start_date` date DEFAULT NULL,
  `contract_end_date` date DEFAULT NULL,
  `contract_file` varchar(255) DEFAULT NULL,
  `view_count` int(11) NOT NULL DEFAULT 0,
  `like_count` int(11) NOT NULL DEFAULT 0,
  `tender_status` int(11) NOT NULL,
  `creator_id` bigint(20) UNSIGNED NOT NULL,
  `verifier_id` bigint(20) UNSIGNED DEFAULT NULL,
  `verified_at` datetime DEFAULT NULL,
  `service_id` bigint(20) UNSIGNED DEFAULT NULL,
  `service_amount` decimal(8,2) NOT NULL DEFAULT 0.00,
  `coupon_id` bigint(20) UNSIGNED DEFAULT NULL,
  `payment_id` bigint(20) UNSIGNED DEFAULT NULL,
  `form_type` int(11) NOT NULL,
  `deleted_at` timestamp NULL DEFAULT NULL,
  `created_at` timestamp NULL DEFAULT NULL,
  `updated_at` timestamp NULL DEFAULT NULL,
  `payment_method` varchar(50) DEFAULT NULL,
  `payment_remarks` text DEFAULT NULL,
  `publish_requested_at` datetime DEFAULT NULL
) ENGINE=InnoDB DEFAULT CHARSET=utf8mb4 COLLATE=utf8mb4_unicode_ci;

--
-- Dumping data for table `tenders`
--

INSERT INTO `tenders` (`id`, `tender_slug`, `tender_code`, `org_id`, `opportunity_type_id`, `tender_location`, `title`, `tender_number`, `start_date`, `end_date`, `apply_online`, `apply_offline`, `apply_email`, `submission_email`, `submission_address`, `evaluation_method`, `full_mark`, `pass_mark`, `tp_score_weight`, `fp_score_weight`, `evaluation_criteria_set`, `tender_details`, `criteria_details`, `evaluation_details`, `apply_instruction`, `document_charge`, `paid_document`, `can_apply`, `apply_fee`, `tender_source`, `technical_proposal`, `financial_proposal`, `separate_proposal`, `selected_app_id`, `final_amount`, `contract_start_date`, `contract_end_date`, `contract_file`, `view_count`, `like_count`, `tender_status`, `creator_id`, `verifier_id`, `verified_at`, `service_id`, `service_amount`, `coupon_id`, `payment_id`, `form_type`, `deleted_at`, `created_at`, `updated_at`, `payment_method`, `payment_remarks`, `publish_requested_at`) VALUES
(1, '1', '001', 1, 1, 'kathmandu', 'Test tender', '123', '2024-06-25 00:00:00', '2024-07-05 00:00:00', NULL, NULL, NULL, NULL, NULL, 1, 100, 50, 80, 20, 1, '<p>Tender details here</p>', NULL, NULL, NULL, 0.00, NULL, 1, 0.00, 1, 1, 1, 1, NULL, NULL, NULL, NULL, NULL, 0, 0, 3, 2, NULL, NULL, NULL, 0.00, NULL, NULL, 1, NULL, '2024-06-25 10:53:47', '2024-07-21 04:22:57', NULL, NULL, NULL),
(2, '2', '002', 2, 1, 'kathmandu', 'First Tender', '123', '2024-06-29 00:00:00', '2024-07-26 00:00:00', 1, 1, 1, 'info@youngminds.com.np', 'office address here', NULL, NULL, NULL, NULL, NULL, NULL, '<p>Tender details here&nbsp;Tender details hereTender details hereTender details hereTender details hereTender details hereTender details hereTender details hereTender details hereTender details hereTender details hereTender details here</p>', NULL, NULL, NULL, 0.00, NULL, 1, 0.00, 1, 1, 1, 0, NULL, NULL, NULL, NULL, NULL, 89, 1, 5, 3, NULL, NULL, NULL, 0.00, NULL, NULL, 2, NULL, '2024-06-28 02:00:24', '2024-09-02 22:11:36', NULL, NULL, NULL),
(3, '3', NULL, 8, 3, 'kathmandu', 'test tender notice', '123', '2024-07-23 00:00:00', '2024-07-24 00:00:00', 1, 1, 1, 'info@youngminds.com.np', 'office address', NULL, NULL, NULL, NULL, NULL, NULL, '<p>Tender details here</p>', NULL, NULL, NULL, 20.00, NULL, 3, 0.00, 1, 1, 1, 0, NULL, NULL, NULL, NULL, NULL, 0, 0, 1, 7, NULL, NULL, NULL, 0.00, NULL, NULL, 2, NULL, '2024-07-21 04:04:33', '2024-07-21 04:08:38', NULL, NULL, NULL),
(4, '4', NULL, 4, 2, 'kathamndu', 'test tender', '123', '2024-07-23 00:00:00', '2024-07-31 00:00:00', 1, 1, 1, 'info@youngminds.com.np', 'office address', NULL, NULL, NULL, NULL, NULL, NULL, '<p>This is tender details</p>', NULL, NULL, NULL, 50.00, NULL, 3, 0.00, 1, 1, 1, 0, NULL, 10000.00, NULL, NULL, NULL, 0, 0, 1, 5, NULL, NULL, 1, 10000.00, NULL, NULL, 2, NULL, '2024-07-21 04:12:39', '2024-07-21 04:13:15', NULL, NULL, NULL),
(5, '5', NULL, 4, 4, 'kathmandu', 'test title', '123', '2024-07-20 00:00:00', '2024-08-01 00:00:00', 1, 1, 1, 'org4@youngminds.com.np', 'भोजपुर, फिदिम नगरपालिका ,address here', NULL, NULL, NULL, NULL, NULL, 1, '<p>This tender details</p>', NULL, NULL, NULL, NULL, NULL, 1, 0.00, 1, 1, 1, 1, NULL, 0.00, NULL, NULL, NULL, 172, 4, 1, 5, NULL, NULL, 2, 5000.00, 4, NULL, 1, NULL, '2024-07-21 04:15:11', '2024-09-01 05:18:52', NULL, NULL, NULL),
(6, '6', NULL, 4, 3, 'Kathmandu', 'Software Development', '001', '2024-07-23 00:00:00', '2024-07-24 00:00:00', 1, 1, 1, 'org4@youngminds.com.np', 'भोजपुर, फिदिम नगरपालिका ,address here', NULL, NULL, NULL, NULL, NULL, NULL, '<p style=\"text-align:center\">Dalit Janajati Utthan Kendra,Bhojpur</p>\r\n\r\n<p style=\"text-align:center\"><strong>Request for quotation</strong></p>\r\n\r\n<p style=\"text-align:center\"><strong>First Date of Publication&nbsp; 2024-07-23</strong></p>\r\n\r\n<p style=\"text-align:center\"><strong>RFP Number&nbsp; 001</strong></p>\r\n\r\n<p>Dalit Janajati Utthan Kendra is inviting a call for proposal for &ldquo;<strong>Software Development</strong>&rdquo;. The deadline for proposal submission is 2024-07-24. For detail information, kindly refer to attached Terms of Reference (ToR).</p>\r\n\r\n<p><strong>Application Method</strong></p>\r\n\r\n<ul>\r\n	<li>Apply directly from www.rfpnepal.com.</li>\r\n	<li>Send your application at <strong>org4@youngminds.com.np</strong></li>\r\n	<li>Submit your hard copy in the office</li>\r\n</ul>\r\n\r\n<p><strong>Submission Address</strong><br />\r\nDalit Janajati Utthan Kendra,Bhojpur,फिदिम नगरपालिका,address here</p>\r\n\r\n<p>We reserve the right to accept or reject all responses without incurring any obligation to any or all firms and without assigning any reason whatsoever.</p>\r\n\r\n<p>Thank you for your interest and application.</p>\r\n\r\n<p>&nbsp;</p>\r\n\r\n<p>With Regards,</p>\r\n\r\n<p>Dalit Janajati Utthan Kendra</p>\r\n\r\n<p>123456</p>\r\n\r\n<p>org4@youngminds.com.np</p>\r\n\r\n<p>Bhojpur, फिदिम नगरपालिका,address here</p>', NULL, NULL, NULL, NULL, NULL, 1, 0.00, 1, 1, 1, 0, NULL, NULL, NULL, NULL, NULL, 0, 0, 1, 5, NULL, NULL, NULL, 0.00, NULL, NULL, 2, NULL, '2024-07-22 03:42:18', '2024-07-22 03:42:18', NULL, NULL, NULL),
(7, '7', NULL, 4, 1, 'kathmandu', 'RFP for Software development', '123', '2024-07-24 00:00:00', '2024-07-25 00:00:00', NULL, NULL, NULL, NULL, NULL, 2, 100, 75, 80, 20, 1, '<p>Tender details here</p>', NULL, NULL, NULL, NULL, NULL, 1, 0.00, 1, 1, 1, 1, NULL, 10000.00, NULL, NULL, NULL, 105, 0, 1, 5, NULL, NULL, 1, 10000.00, NULL, NULL, 1, NULL, '2024-07-24 03:04:54', '2024-09-01 03:58:50', NULL, NULL, NULL),
(8, '8', NULL, 8, 1, NULL, 'EOI for software development', '001', '2024-07-30 00:00:00', '2024-08-09 00:00:00', 1, 1, 1, 'org6@youngminds.com.np', ',  ,address', NULL, NULL, NULL, NULL, NULL, NULL, '<p style=\"text-align:center\">RFP Nepal.com,</p>\r\n\r\n<p style=\"text-align:center\"><strong>Request for EOI</strong></p>\r\n\r\n<p style=\"text-align:center\"><strong>First Date of Publication&nbsp; 2024-07-30</strong></p>\r\n\r\n<p style=\"text-align:center\"><strong>RFP Number&nbsp; 001</strong></p>\r\n\r\n<p>RFP Nepal.com is inviting a call for proposal for &ldquo;<strong>EOI for software development</strong>&rdquo;. The deadline for proposal submission is 2024-08-09. For detail information, kindly refer to attached Terms of Reference (ToR).</p>\r\n\r\n<p><strong>Application Method</strong></p>\r\n\r\n<ul>\r\n	<li>Apply directly from www.rfpnepal.com.</li>\r\n	<li>Send your application at <strong>org6@youngminds.com.np</strong></li>\r\n	<li>Submit your hard copy in the office</li>\r\n</ul>\r\n\r\n<p><strong>Submission Address</strong><br />\r\nRFP Nepal.com,,,address</p>\r\n\r\n<p>We reserve the right to accept or reject all responses without incurring any obligation to any or all firms and without assigning any reason whatsoever.</p>\r\n\r\n<p>Thank you for your interest and application.</p>\r\n\r\n<p>&nbsp;</p>\r\n\r\n<p>With Regards,</p>\r\n\r\n<p>RFP Nepal.com</p>\r\n\r\n<p>014115132</p>\r\n\r\n<p>org6@youngminds.com.np</p>\r\n\r\n<p>, ,address</p>', NULL, NULL, NULL, NULL, NULL, 1, 0.00, 1, 1, 1, 0, NULL, NULL, NULL, NULL, NULL, 0, 0, 1, 8, NULL, NULL, NULL, 0.00, NULL, NULL, 2, NULL, '2024-07-30 02:12:34', '2024-07-30 02:12:34', NULL, NULL, NULL),
(9, '9', NULL, 8, 1, 'ktm', 'Tender title', '123', '2024-07-31 00:00:00', '2024-08-09 00:00:00', 1, 1, 1, NULL, NULL, NULL, NULL, NULL, NULL, NULL, 1, '<p>Test notice</p>', NULL, NULL, NULL, NULL, NULL, 1, 0.00, 1, 1, 1, 1, NULL, NULL, NULL, NULL, NULL, 0, 0, 1, 8, NULL, NULL, NULL, 0.00, NULL, NULL, 1, NULL, '2024-07-30 02:49:43', '2024-07-30 02:49:43', NULL, NULL, NULL),
(12, '12', NULL, 26, 1, NULL, 'First Tender Notice', '123', '2024-08-02 00:00:00', '2024-08-22 00:00:00', 1, 1, 1, 'sajan@youngminds.com.np', 'address goes here', NULL, NULL, NULL, NULL, NULL, NULL, '<p style=\"text-align:center\">sajan,</p>\r\n\r\n<p style=\"text-align:center\"><strong>Request for EOI</strong></p>\r\n\r\n<p style=\"text-align:center\"><strong>First Date of Publication&nbsp; 2024-08-02</strong></p>\r\n\r\n<p style=\"text-align:center\"><strong>RFP Number&nbsp; 123</strong></p>\r\n\r\n<p>sajan is inviting a call for proposal for &ldquo;<strong>First Tender Notice</strong>&rdquo;. The deadline for proposal submission is 2024-08-22. For detail information, kindly refer to attached Terms of Reference (ToR).</p>\r\n\r\n<p><strong>Application Method</strong></p>\r\n\r\n<ul>\r\n	<li>Apply directly from www.rfpnepal.com.</li>\r\n	<li>Send your application at <strong>sajan@youngminds.com.np</strong></li>\r\n	<li>Submit your hard copy in the office</li>\r\n</ul>\r\n\r\n<p><strong>Submission Address</strong><br />\r\nsajan,,,</p>\r\n\r\n<p>We reserve the right to accept or reject all responses without incurring any obligation to any or all firms and without assigning any reason whatsoever.</p>\r\n\r\n<p>Thank you for your interest and application.</p>\r\n\r\n<p>&nbsp;</p>\r\n\r\n<p>With Regards,</p>\r\n\r\n<p>sajan</p>\r\n\r\n<p>12332</p>\r\n\r\n<p>sajan@youngminds.com.np</p>\r\n\r\n<p>, ,</p>', NULL, NULL, NULL, NULL, NULL, 1, 0.00, 1, 1, 1, 0, NULL, 0.00, NULL, NULL, NULL, 0, 0, 7, 21, NULL, NULL, 1, 10000.00, 19, NULL, 2, NULL, '2024-08-02 01:24:50', '2024-08-02 01:35:11', NULL, NULL, NULL),
(13, '13', NULL, 26, 3, NULL, 'advance form tender notice', '002', '2024-08-14 00:00:00', '2024-08-30 00:00:00', NULL, NULL, NULL, NULL, NULL, 1, 100, 70, 80, 20, 1, '<p style=\"text-align:center\">sajan,</p>\r\n\r\n<p style=\"text-align:center\"><strong>Request for quotation</strong></p>\r\n\r\n<p style=\"text-align:center\"><strong>First Date of Publication&nbsp; 2024-08-14</strong></p>\r\n\r\n<p style=\"text-align:center\"><strong>RFP Number&nbsp; 002</strong></p>\r\n\r\n<p>sajan is inviting a call for proposal for &ldquo;<strong>advance form tender notice</strong>&rdquo;. The deadline for proposal submission is 2024-08-30. For detail information, kindly refer to attached Terms of Reference (ToR).</p>\r\n\r\n<p><strong>Application Method</strong></p>\r\n\r\n<ul>\r\n	<li>Apply directly from www.rfpnepal.com.</li>\r\n	<li>Submit your hard copy in the office</li>\r\n</ul>\r\n\r\n<p><strong>Submission Address</strong><br />\r\nsajan,,,</p>\r\n\r\n<p>We reserve the right to accept or reject all responses without incurring any obligation to any or all firms and without assigning any reason whatsoever.</p>\r\n\r\n<p>Thank you for your interest and application.</p>\r\n\r\n<p>&nbsp;</p>\r\n\r\n<p>With Regards,</p>\r\n\r\n<p>sajan</p>\r\n\r\n<p>12332</p>\r\n\r\n<p>sajan@youngminds.com.np</p>\r\n\r\n<p>, ,</p>', NULL, NULL, NULL, 20.00, 'storage/tenders/13-1722582843.png', 3, 0.00, 1, 1, 1, 1, NULL, 0.00, NULL, NULL, NULL, 0, 0, 7, 21, NULL, NULL, 2, 5000.00, 19, NULL, 1, NULL, '2024-08-02 01:29:03', '2024-08-02 01:32:48', NULL, NULL, NULL),
(14, '14', NULL, 4, 1, NULL, 'Title of the project', '123', '2024-08-06 00:00:00', '2024-08-22 00:00:00', 1, 1, 1, 'org4@youngminds.com.np', 'भोजपुर, फिदिम नगरपालिका ,address here', NULL, NULL, NULL, NULL, NULL, NULL, '<p style=\"text-align:center\">Dalit Janajati Utthan Kendra,Bhojpur</p>\r\n\r\n<p style=\"text-align:center\"><strong>Request for EOI</strong></p>\r\n\r\n<p style=\"text-align:center\"><strong>First Date of Publication&nbsp; 2024-08-06</strong></p>\r\n\r\n<p style=\"text-align:center\"><strong>RFP Number&nbsp; 123</strong></p>\r\n\r\n<p>Dalit Janajati Utthan Kendra is inviting a call for proposal for &ldquo;<strong>Title of the project</strong>&rdquo;. The deadline for proposal submission is 2024-08-22. For detail information, kindly refer to attached Terms of Reference (ToR).</p>\r\n\r\n<p><strong>Application Method</strong></p>\r\n\r\n<ul>\r\n	<li>Apply directly from www.rfpnepal.com.</li>\r\n	<li>Send your application at <strong>org4@youngminds.com.np</strong></li>\r\n	<li>Submit your hard copy in the office</li>\r\n</ul>\r\n\r\n<p><strong>Submission Address</strong><br />\r\nDalit Janajati Utthan Kendra,Bhojpur,फिदिम नगरपालिका,address here</p>\r\n\r\n<p>We reserve the right to accept or reject all responses without incurring any obligation to any or all firms and without assigning any reason whatsoever.</p>\r\n\r\n<p>Thank you for your interest and application.</p>\r\n\r\n<p>&nbsp;</p>\r\n\r\n<p>With Regards,</p>\r\n\r\n<p>Dalit Janajati Utthan Kendra</p>\r\n\r\n<p>123456</p>\r\n\r\n<p>org4@youngminds.com.np</p>\r\n\r\n<p>Bhojpur, फिदिम नगरपालिका,address here</p>', NULL, NULL, NULL, NULL, NULL, 1, 0.00, 1, 1, 1, 0, NULL, 10000.00, NULL, NULL, NULL, 0, 0, 2, 5, NULL, NULL, 1, 10000.00, NULL, NULL, 2, NULL, '2024-08-06 01:49:32', '2024-08-06 02:06:11', 'BankDeposit', 'payment Type  bank deposit testing', '2024-08-06 07:51:11');

-- --------------------------------------------------------

--
-- Table structure for table `tender_applications`
--

CREATE TABLE `tender_applications` (
  `id` bigint(20) UNSIGNED NOT NULL,
  `org_id` bigint(20) UNSIGNED NOT NULL,
  `tender_id` bigint(20) UNSIGNED NOT NULL,
  `org_user_id` bigint(20) UNSIGNED DEFAULT NULL,
  `apply_date` datetime NOT NULL,
  `tec_document` longtext DEFAULT NULL,
  `fin_document` longtext DEFAULT NULL,
  `cover_letter` longtext DEFAULT NULL,
  `tc_document_file` varchar(255) DEFAULT NULL,
  `fc_document_file` varchar(255) DEFAULT NULL,
  `cover_letter_file` varchar(255) DEFAULT NULL,
  `application_fee` decimal(8,2) DEFAULT NULL,
  `payment_method` varchar(255) DEFAULT NULL,
  `payment_details` longtext DEFAULT NULL,
  `payment_status` int(11) NOT NULL DEFAULT 0,
  `payment_paid_date` datetime DEFAULT NULL,
  `application_status` int(11) NOT NULL DEFAULT 0,
  `tec_point` decimal(8,2) DEFAULT NULL,
  `fin_point` decimal(8,2) DEFAULT NULL,
  `total_point` decimal(8,2) DEFAULT NULL,
  `rank_number` int(11) DEFAULT NULL,
  `deleted_at` timestamp NULL DEFAULT NULL,
  `created_at` timestamp NULL DEFAULT NULL,
  `updated_at` timestamp NULL DEFAULT NULL
) ENGINE=InnoDB DEFAULT CHARSET=utf8mb4 COLLATE=utf8mb4_unicode_ci;

--
-- Dumping data for table `tender_applications`
--

INSERT INTO `tender_applications` (`id`, `org_id`, `tender_id`, `org_user_id`, `apply_date`, `tec_document`, `fin_document`, `cover_letter`, `tc_document_file`, `fc_document_file`, `cover_letter_file`, `application_fee`, `payment_method`, `payment_details`, `payment_status`, `payment_paid_date`, `application_status`, `tec_point`, `fin_point`, `total_point`, `rank_number`, `deleted_at`, `created_at`, `updated_at`) VALUES
(1, 8, 5, NULL, '2024-07-21 00:00:00', NULL, NULL, NULL, NULL, NULL, NULL, NULL, NULL, NULL, 0, NULL, 0, NULL, NULL, NULL, NULL, NULL, '2024-07-21 04:26:04', '2024-07-21 04:26:04'),
(2, 4, 13, NULL, '2024-08-02 00:00:00', NULL, NULL, '<p>application details goes here</p>', NULL, NULL, NULL, NULL, NULL, NULL, 0, NULL, 1, NULL, NULL, NULL, NULL, NULL, '2024-08-02 01:36:56', '2024-08-02 01:38:27'),
(3, 4, 12, NULL, '2024-08-02 00:00:00', NULL, NULL, NULL, NULL, NULL, NULL, NULL, NULL, NULL, 0, NULL, 0, NULL, NULL, NULL, NULL, NULL, '2024-08-02 01:39:29', '2024-08-02 01:39:29');

-- --------------------------------------------------------

--
-- Table structure for table `tender_application_documents`
--

CREATE TABLE `tender_application_documents` (
  `id` bigint(20) UNSIGNED NOT NULL,
  `application_id` bigint(20) UNSIGNED NOT NULL,
  `org_user_id` bigint(20) UNSIGNED DEFAULT NULL,
  `document_title` varchar(255) DEFAULT NULL,
  `document_file` varchar(255) DEFAULT NULL,
  `document_external_link` varchar(255) DEFAULT NULL,
  `remarks` varchar(255) DEFAULT NULL,
  `deleted_at` timestamp NULL DEFAULT NULL,
  `created_at` timestamp NULL DEFAULT NULL,
  `updated_at` timestamp NULL DEFAULT NULL
) ENGINE=InnoDB DEFAULT CHARSET=utf8mb4 COLLATE=utf8mb4_unicode_ci;

--
-- Dumping data for table `tender_application_documents`
--

INSERT INTO `tender_application_documents` (`id`, `application_id`, `org_user_id`, `document_title`, `document_file`, `document_external_link`, `remarks`, `deleted_at`, `created_at`, `updated_at`) VALUES
(1, 1, NULL, 'व्यवसाय दर्ता प्रमाण पत्र', 'storage/tender_applications/1-0-1721556664.PNG', NULL, NULL, NULL, '2024-07-21 04:26:04', '2024-07-21 04:26:04'),
(2, 1, NULL, 'व्यवसाय दर्ता प्रमाण पत्र', 'storage/tender_applications/1-1-1721556664.PNG', NULL, NULL, NULL, '2024-07-21 04:26:04', '2024-07-21 04:26:04'),
(3, 2, NULL, 'Last year Clearance Certificate', 'storage/tender_applications/2-0-1722583407.png', NULL, NULL, NULL, '2024-08-02 01:38:27', '2024-08-02 01:38:27'),
(4, 2, NULL, 'Company Registration Certificate', 'storage/tender_applications/2-1-1722583407.png', NULL, NULL, NULL, '2024-08-02 01:38:27', '2024-08-02 01:38:27'),
(5, 2, NULL, 'Gharelu/Small Industry Registration Certificate', 'storage/tender_applications/2-2-1722583407.png', NULL, NULL, NULL, '2024-08-02 01:38:27', '2024-08-02 01:38:27');

-- --------------------------------------------------------

--
-- Table structure for table `tender_documents`
--

CREATE TABLE `tender_documents` (
  `id` bigint(20) UNSIGNED NOT NULL,
  `tender_id` bigint(20) UNSIGNED NOT NULL,
  `document_title` varchar(255) NOT NULL,
  `remarks` varchar(255) DEFAULT NULL,
  `is_require` tinyint(1) NOT NULL DEFAULT 1,
  `deleted_at` timestamp NULL DEFAULT NULL,
  `created_at` timestamp NULL DEFAULT NULL,
  `updated_at` timestamp NULL DEFAULT NULL
) ENGINE=InnoDB DEFAULT CHARSET=utf8mb4 COLLATE=utf8mb4_unicode_ci;

--
-- Dumping data for table `tender_documents`
--

INSERT INTO `tender_documents` (`id`, `tender_id`, `document_title`, `remarks`, `is_require`, `deleted_at`, `created_at`, `updated_at`) VALUES
(1, 1, 'vat pan certificate', NULL, 1, NULL, '2024-06-25 10:56:34', '2024-06-25 10:56:34'),
(2, 1, 'vat pan certificate', NULL, 1, NULL, '2024-06-25 10:57:04', '2024-06-25 10:57:04'),
(3, 1, 'Tax Clearance Certificate', NULL, 1, NULL, '2024-06-25 10:57:04', '2024-06-25 10:57:04'),
(4, 1, 'vat pan certificate', NULL, 1, NULL, '2024-06-25 23:19:13', '2024-06-25 23:19:13'),
(5, 5, 'व्यवसाय दर्ता प्रमाण पत्र', NULL, 1, '2024-07-26 08:37:09', '2024-07-21 04:16:33', '2024-07-26 08:37:09'),
(6, 5, 'व्यवसाय दर्ता प्रमाण पत्र', NULL, 1, '2024-07-26 10:22:23', '2024-07-21 04:16:57', '2024-07-26 10:22:23'),
(7, 5, 'व्यवसाय दर्ता प्रमाण पत्र', NULL, 1, '2024-07-26 10:22:23', '2024-07-26 08:14:52', '2024-07-26 10:22:23'),
(8, 5, 'VAT/PAN Certificate', NULL, 1, '2024-07-26 08:37:05', '2024-07-26 08:14:59', '2024-07-26 08:37:05'),
(9, 5, 'VAT/PAN Certificate', NULL, 1, '2024-07-26 10:22:23', '2024-07-26 08:51:22', '2024-07-26 10:22:23'),
(10, 5, 'व्यवसाय दर्ता प्रमाण पत्र', NULL, 1, '2024-07-26 10:22:23', '2024-07-26 10:00:57', '2024-07-26 10:22:23'),
(11, 5, 'व्यवसाय दर्ता प्रमाण पत्र', NULL, 1, '2024-07-26 10:22:23', '2024-07-26 10:00:57', '2024-07-26 10:22:23'),
(12, 5, 'VAT/PAN Certificate', NULL, 1, '2024-07-26 10:22:23', '2024-07-26 10:00:57', '2024-07-26 10:22:23'),
(13, 5, 'व्यवसाय दर्ता प्रमाण पत्र', NULL, 1, '2024-07-26 10:22:23', '2024-07-26 10:01:05', '2024-07-26 10:22:23'),
(14, 5, 'व्यवसाय दर्ता प्रमाण पत्र', NULL, 1, '2024-07-26 10:22:23', '2024-07-26 10:01:05', '2024-07-26 10:22:23'),
(15, 5, 'VAT/PAN Certificate', NULL, 1, '2024-07-26 10:22:23', '2024-07-26 10:01:05', '2024-07-26 10:22:23'),
(16, 5, 'व्यवसाय दर्ता प्रमाण पत्र', NULL, 1, '2024-07-26 10:22:23', '2024-07-26 10:01:05', '2024-07-26 10:22:23'),
(17, 5, 'व्यवसाय दर्ता प्रमाण पत्र', NULL, 1, '2024-07-26 10:22:23', '2024-07-26 10:01:05', '2024-07-26 10:22:23'),
(18, 5, 'VAT/PAN Certificate', NULL, 1, '2024-07-26 10:22:23', '2024-07-26 10:01:05', '2024-07-26 10:22:23'),
(19, 5, 'Cover Letter', NULL, 1, '2024-07-26 10:22:23', '2024-07-26 10:01:05', '2024-07-26 10:22:23'),
(20, 5, 'VAT/PAN Certificate', NULL, 1, '2024-07-26 10:22:23', '2024-07-26 10:01:22', '2024-07-26 10:22:23'),
(21, 5, 'VAT/PAN Certificate', NULL, 1, '2024-07-26 10:22:23', '2024-07-26 10:01:22', '2024-07-26 10:22:23'),
(22, 5, 'व्यवसाय दर्ता प्रमाण पत्र', NULL, 1, '2024-07-26 10:22:23', '2024-07-26 10:01:22', '2024-07-26 10:22:23'),
(23, 5, 'Cover Letter', NULL, 1, '2024-07-26 10:22:23', '2024-07-26 10:01:22', '2024-07-26 10:22:23'),
(24, 5, 'व्यवसाय दर्ता प्रमाण पत्र', NULL, 1, '2024-07-26 10:22:23', '2024-07-26 10:07:22', '2024-07-26 10:22:23'),
(25, 5, 'व्यवसाय दर्ता प्रमाण पत्र', NULL, 1, '2024-07-26 10:22:23', '2024-07-26 10:07:22', '2024-07-26 10:22:23'),
(26, 5, 'VAT/PAN Certificate', NULL, 1, '2024-07-26 10:22:23', '2024-07-26 10:07:22', '2024-07-26 10:22:23'),
(27, 5, 'व्यवसाय दर्ता प्रमाण पत्र', NULL, 1, '2024-07-26 10:22:23', '2024-07-26 10:07:22', '2024-07-26 10:22:23'),
(28, 5, 'व्यवसाय दर्ता प्रमाण पत्र', NULL, 1, '2024-07-26 10:22:23', '2024-07-26 10:07:22', '2024-07-26 10:22:23'),
(29, 5, 'VAT/PAN Certificate', NULL, 1, '2024-07-26 10:22:23', '2024-07-26 10:07:22', '2024-07-26 10:22:23'),
(30, 5, 'व्यवसाय दर्ता प्रमाण पत्र', NULL, 1, '2024-07-26 10:22:23', '2024-07-26 10:07:22', '2024-07-26 10:22:23'),
(31, 5, 'व्यवसाय दर्ता प्रमाण पत्र', NULL, 1, '2024-07-26 10:22:23', '2024-07-26 10:07:22', '2024-07-26 10:22:23'),
(32, 5, 'VAT/PAN Certificate', NULL, 1, '2024-07-26 10:22:23', '2024-07-26 10:07:22', '2024-07-26 10:22:23'),
(33, 5, 'व्यवसाय दर्ता प्रमाण पत्र', NULL, 1, '2024-07-26 10:22:23', '2024-07-26 10:07:22', '2024-07-26 10:22:23'),
(34, 5, 'व्यवसाय दर्ता प्रमाण पत्र', NULL, 1, '2024-07-26 10:22:23', '2024-07-26 10:07:22', '2024-07-26 10:22:23'),
(35, 5, 'VAT/PAN Certificate', NULL, 1, '2024-07-26 10:22:23', '2024-07-26 10:07:22', '2024-07-26 10:22:23'),
(36, 5, 'Cover Letter', NULL, 1, '2024-07-26 10:22:23', '2024-07-26 10:07:22', '2024-07-26 10:22:23'),
(37, 5, 'VAT/PAN Certificate', NULL, 1, '2024-07-26 10:22:23', '2024-07-26 10:07:22', '2024-07-26 10:22:23'),
(38, 5, 'VAT/PAN Certificate', NULL, 1, '2024-07-26 10:22:23', '2024-07-26 10:07:22', '2024-07-26 10:22:23'),
(39, 5, 'व्यवसाय दर्ता प्रमाण पत्र', NULL, 1, '2024-07-26 10:22:23', '2024-07-26 10:07:22', '2024-07-26 10:22:23'),
(40, 5, 'Cover Letter', NULL, 1, '2024-07-26 10:22:23', '2024-07-26 10:07:22', '2024-07-26 10:22:23'),
(41, 5, 'व्यवसाय दर्ता प्रमाण पत्र', NULL, 1, '2024-07-26 10:22:33', '2024-07-26 10:22:23', '2024-07-26 10:22:33'),
(42, 5, 'Cover Letter', NULL, 1, '2024-07-26 10:22:33', '2024-07-26 10:22:23', '2024-07-26 10:22:33'),
(43, 5, 'व्यवसाय दर्ता प्रमाण पत्र', NULL, 1, '2024-07-26 10:24:07', '2024-07-26 10:22:33', '2024-07-26 10:24:07'),
(44, 5, 'Cover Letter', NULL, 1, '2024-07-26 10:24:07', '2024-07-26 10:22:33', '2024-07-26 10:24:07'),
(45, 5, 'Self-Declaration Letter', NULL, 1, '2024-07-26 10:24:07', '2024-07-26 10:22:33', '2024-07-26 10:24:07'),
(46, 5, 'व्यवसाय दर्ता प्रमाण पत्र', NULL, 1, '2024-07-26 10:26:16', '2024-07-26 10:24:07', '2024-07-26 10:26:16'),
(47, 5, 'Cover Letter', NULL, 1, '2024-07-26 10:26:16', '2024-07-26 10:24:07', '2024-07-26 10:26:16'),
(48, 5, 'Self-Declaration Letter', NULL, 1, '2024-07-26 10:26:16', '2024-07-26 10:24:07', '2024-07-26 10:26:16'),
(49, 5, 'new document', NULL, 1, '2024-07-26 10:26:16', '2024-07-26 10:24:07', '2024-07-26 10:26:16'),
(50, 5, 'व्यवसाय दर्ता प्रमाण पत्र', NULL, 1, '2024-07-26 10:35:22', '2024-07-26 10:26:16', '2024-07-26 10:35:22'),
(51, 5, 'Cover Letter', NULL, 1, '2024-07-26 10:35:22', '2024-07-26 10:26:16', '2024-07-26 10:35:22'),
(52, 5, 'Self-Declaration Letter', NULL, 1, '2024-07-26 10:35:22', '2024-07-26 10:26:16', '2024-07-26 10:35:22'),
(53, 5, 'new document', NULL, 1, '2024-07-26 10:35:22', '2024-07-26 10:26:16', '2024-07-26 10:35:22'),
(54, 5, 'व्यवसाय दर्ता प्रमाण पत्र', NULL, 1, '2024-07-26 10:35:26', '2024-07-26 10:35:22', '2024-07-26 10:35:26'),
(55, 5, 'Cover Letter', NULL, 1, '2024-07-26 10:35:26', '2024-07-26 10:35:22', '2024-07-26 10:35:26'),
(56, 5, 'Self-Declaration Letter', NULL, 1, '2024-07-26 10:35:26', '2024-07-26 10:35:22', '2024-07-26 10:35:26'),
(57, 5, 'new document', NULL, 1, '2024-07-26 10:35:26', '2024-07-26 10:35:22', '2024-07-26 10:35:26'),
(58, 5, 'व्यवसाय दर्ता प्रमाण पत्र', NULL, 1, NULL, '2024-07-26 10:35:26', '2024-07-26 10:35:26'),
(59, 5, 'Cover Letter', NULL, 1, NULL, '2024-07-26 10:35:26', '2024-07-26 10:35:26'),
(60, 5, 'Self-Declaration Letter', NULL, 1, NULL, '2024-07-26 10:35:26', '2024-07-26 10:35:26'),
(61, 5, 'new document', NULL, 1, NULL, '2024-07-26 10:35:26', '2024-07-26 10:35:26'),
(62, 7, 'VAT/PAN Certificate', NULL, 1, '2024-07-30 05:14:02', '2024-07-30 05:12:35', '2024-07-30 05:14:02'),
(63, 7, 'Last year Clearance Certificate', NULL, 1, '2024-07-30 05:14:02', '2024-07-30 05:12:35', '2024-07-30 05:14:02'),
(64, 7, 'VAT/PAN Certificate', NULL, 1, '2024-07-30 05:16:41', '2024-07-30 05:14:02', '2024-07-30 05:16:41'),
(65, 7, 'Last year Clearance Certificate', NULL, 1, '2024-07-30 05:16:41', '2024-07-30 05:14:02', '2024-07-30 05:16:41'),
(66, 7, 'Gharelu/Small Industry Registration Certificate', NULL, 1, '2024-07-30 05:16:41', '2024-07-30 05:14:02', '2024-07-30 05:16:41'),
(67, 7, 'VAT/PAN Certificate', NULL, 1, '2024-07-30 05:24:53', '2024-07-30 05:16:41', '2024-07-30 05:24:53'),
(68, 7, 'Last year Clearance Certificate', NULL, 1, '2024-07-30 05:24:53', '2024-07-30 05:16:41', '2024-07-30 05:24:53'),
(69, 7, 'Gharelu/Small Industry Registration Certificate', NULL, 1, '2024-07-30 05:24:53', '2024-07-30 05:16:41', '2024-07-30 05:24:53'),
(70, 7, 'Gharelu/Small Industry Registration Certificate', NULL, 1, '2024-07-30 05:24:53', '2024-07-30 05:16:41', '2024-07-30 05:24:53'),
(71, 7, 'VAT/PAN Certificate', NULL, 1, NULL, '2024-07-30 05:24:53', '2024-07-30 05:24:53'),
(72, 7, 'Last year Clearance Certificate', NULL, 1, NULL, '2024-07-30 05:24:53', '2024-07-30 05:24:53'),
(73, 7, 'Gharelu/Small Industry Registration Certificate', NULL, 1, NULL, '2024-07-30 05:24:53', '2024-07-30 05:24:53'),
(74, 13, 'Last year Clearance Certificate', NULL, 1, NULL, '2024-08-02 01:29:22', '2024-08-02 01:29:22'),
(75, 13, 'Company Registration Certificate', NULL, 1, NULL, '2024-08-02 01:29:22', '2024-08-02 01:29:22'),
(76, 13, 'Gharelu/Small Industry Registration Certificate', NULL, 1, NULL, '2024-08-02 01:29:22', '2024-08-02 01:29:22');

-- --------------------------------------------------------

--
-- Table structure for table `tender_evaluation_criterias`
--

CREATE TABLE `tender_evaluation_criterias` (
  `id` bigint(20) UNSIGNED NOT NULL,
  `tender_id` bigint(20) UNSIGNED NOT NULL,
  `criteria` varchar(255) NOT NULL,
  `marks` int(11) NOT NULL,
  `remarks` varchar(255) DEFAULT NULL,
  `deleted_at` timestamp NULL DEFAULT NULL,
  `created_at` timestamp NULL DEFAULT NULL,
  `updated_at` timestamp NULL DEFAULT NULL
) ENGINE=InnoDB DEFAULT CHARSET=utf8mb4 COLLATE=utf8mb4_unicode_ci;

--
-- Dumping data for table `tender_evaluation_criterias`
--

INSERT INTO `tender_evaluation_criterias` (`id`, `tender_id`, `criteria`, `marks`, `remarks`, `deleted_at`, `created_at`, `updated_at`) VALUES
(1, 1, 'Company Experience', 20, NULL, NULL, '2024-06-25 10:59:22', '2024-06-25 10:59:22'),
(2, 1, 'Human Resource', 60, NULL, NULL, '2024-06-25 10:59:22', '2024-06-25 10:59:22'),
(3, 1, 'Financial', 20, NULL, NULL, '2024-06-25 10:59:22', '2024-06-25 10:59:22'),
(4, 5, 'Company Experience', 10, '20', '2024-07-26 08:54:13', '2024-07-23 01:45:56', '2024-07-26 08:54:13'),
(5, 7, 'Understanding of the TOR and methodology', 20, NULL, NULL, '2024-07-24 03:54:37', '2024-07-24 03:54:37'),
(6, 7, 'Team Composition and professional expertise', 20, NULL, NULL, '2024-07-24 03:54:37', '2024-07-24 03:54:37'),
(7, 7, 'Similar prior experiencing with prposed task', 25, NULL, '2024-07-30 00:05:55', '2024-07-24 03:54:37', '2024-07-30 00:05:55'),
(8, 7, 'Proposed Work Plan', 25, NULL, '2024-07-30 05:29:09', '2024-07-24 03:54:37', '2024-07-30 05:29:09'),
(9, 7, 'After sales support and maitenance', 10, NULL, NULL, '2024-07-24 03:54:37', '2024-07-24 03:54:37'),
(10, 7, '10', 45, 'sfsfsf', '2024-07-24 04:25:32', '2024-07-24 03:54:51', '2024-07-24 04:25:32'),
(11, 7, 'Understanding of the TOR and methodology', 20, NULL, NULL, '2024-07-24 03:54:51', '2024-07-24 03:54:51'),
(12, 7, 'Team Composition and professional expertise', 20, NULL, '2024-07-30 05:28:55', '2024-07-24 03:54:51', '2024-07-30 05:28:55'),
(13, 7, 'Similar prior experiencing with prposed task', 25, NULL, '2024-07-30 00:05:19', '2024-07-24 03:54:51', '2024-07-30 00:05:19'),
(14, 7, 'Proposed Work Plan', 25, NULL, '2024-07-24 04:36:52', '2024-07-24 03:54:51', '2024-07-24 04:36:52'),
(15, 7, 'After sales support and maitenance', 10, NULL, '2024-07-30 05:29:13', '2024-07-24 03:54:51', '2024-07-30 05:29:13'),
(16, 7, 'Understanding of the TOR and methodology', 20, NULL, '2024-07-30 05:28:50', '2024-07-24 03:55:52', '2024-07-30 05:28:50'),
(17, 7, 'Team Composition and professional expertise', 20, NULL, '2024-07-30 05:29:21', '2024-07-24 03:55:52', '2024-07-30 05:29:21'),
(18, 7, 'Similar prior experiencing with prposed task', 25, NULL, '2024-07-30 05:29:26', '2024-07-24 03:55:52', '2024-07-30 05:29:26'),
(19, 7, 'Proposed Work Plan', 25, NULL, '2024-07-24 04:25:52', '2024-07-24 03:55:52', '2024-07-24 04:25:52'),
(20, 7, 'After sales support and maitenance', 10, NULL, NULL, '2024-07-24 03:55:52', '2024-07-24 03:55:52'),
(21, 7, 'Understanding of the TOR and methodology', 20, NULL, '2024-07-24 04:25:38', '2024-07-24 03:55:53', '2024-07-24 04:25:38'),
(22, 7, 'Team Composition and professional expertise', 20, NULL, '2024-07-30 05:29:40', '2024-07-24 03:55:53', '2024-07-30 05:29:40'),
(23, 7, 'Similar prior experiencing with prposed task', 25, NULL, '2024-07-24 04:25:58', '2024-07-24 03:55:53', '2024-07-24 04:25:58'),
(24, 7, 'Proposed Work Plan', 25, NULL, '2024-07-30 05:29:32', '2024-07-24 03:55:53', '2024-07-30 05:29:32'),
(25, 7, 'After sales support and maitenance', 10, NULL, '2024-07-30 05:29:46', '2024-07-24 03:55:53', '2024-07-30 05:29:46'),
(26, 7, 'Understanding of the TOR and methodology', 20, NULL, '2024-07-30 05:29:37', '2024-07-24 03:55:54', '2024-07-30 05:29:37'),
(27, 7, 'Team Composition and professional expertise', 20, NULL, '2024-07-30 05:29:17', '2024-07-24 03:55:54', '2024-07-30 05:29:17'),
(28, 7, 'Similar prior experiencing with prposed task', 25, NULL, '2024-07-30 05:29:04', '2024-07-24 03:55:54', '2024-07-30 05:29:04'),
(29, 7, 'Proposed Work Plan', 25, NULL, '2024-07-30 05:28:59', '2024-07-24 03:55:54', '2024-07-30 05:28:59'),
(30, 7, 'After sales support and maitenance', 10, NULL, '2024-07-30 05:28:43', '2024-07-24 03:55:54', '2024-07-30 05:28:43'),
(31, 7, 'Understanding of the TOR and methodology', 20, NULL, '2024-07-30 00:05:45', '2024-07-24 03:55:54', '2024-07-30 00:05:45'),
(32, 7, 'Team Composition and professional expertise', 20, NULL, '2024-07-30 05:12:13', '2024-07-24 03:55:54', '2024-07-30 05:12:13'),
(33, 7, 'Similar prior experiencing with prposed task', 25, NULL, '2024-07-30 00:05:36', '2024-07-24 03:55:54', '2024-07-30 00:05:36'),
(34, 7, 'Proposed Work Plan', 25, NULL, '2024-07-30 00:05:27', '2024-07-24 03:55:54', '2024-07-30 00:05:27'),
(35, 7, 'After sales support and maitenance', 10, NULL, '2024-07-24 04:30:43', '2024-07-24 03:55:54', '2024-07-24 04:30:43'),
(36, 7, 'Understanding of the TOR and methodology', 20, NULL, '2024-07-30 00:05:11', '2024-07-24 03:55:55', '2024-07-30 00:05:11'),
(37, 7, 'Team Composition and professional expertise', 20, NULL, '2024-07-24 04:33:03', '2024-07-24 03:55:55', '2024-07-24 04:33:03'),
(38, 7, 'Similar prior experiencing with prposed task', 25, NULL, '2024-07-24 04:25:24', '2024-07-24 03:55:55', '2024-07-24 04:25:24'),
(39, 7, 'Proposed Work Plan', 25, NULL, '2024-07-30 00:05:02', '2024-07-24 03:55:55', '2024-07-30 00:05:02'),
(40, 7, 'After sales support and maitenance', 10, NULL, '2024-07-24 04:25:46', '2024-07-24 03:55:55', '2024-07-24 04:25:46'),
(41, 7, 'ssdfsdf', 10, 'sdfsdfsdf', '2024-07-24 04:25:17', '2024-07-24 03:56:26', '2024-07-24 04:25:17'),
(42, 7, 'sdfsdfs', 10, 'sdfsdf', '2024-07-24 04:21:11', '2024-07-24 03:56:26', '2024-07-24 04:21:11'),
(43, 7, 'Company Experience', 10, NULL, NULL, '2024-07-30 05:38:21', '2024-07-30 05:38:21'),
(44, 7, 'Company Experience', 10, NULL, NULL, '2024-07-30 05:38:36', '2024-07-30 05:38:36'),
(45, 13, 'Understanding of the TOR and methodology', 20, NULL, NULL, '2024-08-02 01:30:29', '2024-08-02 01:30:29'),
(46, 13, 'Team Composition and professional expertise', 20, NULL, NULL, '2024-08-02 01:30:29', '2024-08-02 01:30:29'),
(47, 13, 'Similar prior experiencing with prposed task', 25, NULL, NULL, '2024-08-02 01:30:29', '2024-08-02 01:30:29'),
(48, 13, 'Proposed Work Plan', 25, NULL, NULL, '2024-08-02 01:30:29', '2024-08-02 01:30:29'),
(49, 13, 'After sales support and maitenance', 10, NULL, NULL, '2024-08-02 01:30:29', '2024-08-02 01:30:29');

-- --------------------------------------------------------

--
-- Table structure for table `tender_related_documents`
--

CREATE TABLE `tender_related_documents` (
  `id` bigint(20) UNSIGNED NOT NULL,
  `tender_id` bigint(20) UNSIGNED NOT NULL,
  `document_title` varchar(255) DEFAULT NULL,
  `document_file` varchar(255) DEFAULT NULL,
  `document_external_link` varchar(255) DEFAULT NULL,
  `remarks` varchar(255) DEFAULT NULL,
  `status` tinyint(1) NOT NULL DEFAULT 1,
  `deleted_at` timestamp NULL DEFAULT NULL,
  `created_at` timestamp NULL DEFAULT NULL,
  `updated_at` timestamp NULL DEFAULT NULL
) ENGINE=InnoDB DEFAULT CHARSET=utf8mb4 COLLATE=utf8mb4_unicode_ci;

--
-- Dumping data for table `tender_related_documents`
--

INSERT INTO `tender_related_documents` (`id`, `tender_id`, `document_title`, `document_file`, `document_external_link`, `remarks`, `status`, `deleted_at`, `created_at`, `updated_at`) VALUES
(1, 1, 'ToR', 'storage/tender_related_documents/1-1719333608.pdf', NULL, NULL, 1, NULL, '2024-06-25 10:55:08', '2024-06-25 10:55:08'),
(2, 1, 'RFP Document', 'storage/tender_related_documents/1-1719333628.docx', NULL, NULL, 1, NULL, '2024-06-25 10:55:28', '2024-06-25 10:55:28'),
(3, 5, 'ToR', 'storage/tender_related_documents/5-1721556060.PNG', 'http://google.com', 'this is test', 1, NULL, '2024-07-21 04:16:00', '2024-07-21 04:16:00'),
(4, 5, 'RFP Document', 'storage/tender_related_documents/5-1721556078.PNG', NULL, NULL, 1, NULL, '2024-07-21 04:16:18', '2024-07-21 04:16:18'),
(5, 8, 'TOR', 'storage/tender_related_documents/8-1722326255.xlsx', NULL, NULL, 1, NULL, '2024-07-30 02:12:35', '2024-07-30 02:12:35'),
(6, 7, 'ToR', 'storage/tender_related_documents/7-1722337153.xlsx', NULL, NULL, 1, '2024-07-30 05:15:11', '2024-07-30 05:14:13', '2024-07-30 05:15:11'),
(7, 7, 'ToR', 'storage/tender_related_documents/7-1722337238.xlsx', NULL, NULL, 1, '2024-07-30 05:16:46', '2024-07-30 05:15:38', '2024-07-30 05:16:46'),
(8, 12, 'TOR', 'storage/tender_related_documents/12-1722582590.jpg', NULL, NULL, 1, NULL, '2024-08-02 01:24:51', '2024-08-02 01:24:51'),
(9, 13, 'ToR', 'storage/tender_related_documents/13-1722582856.png', NULL, NULL, 1, NULL, '2024-08-02 01:29:16', '2024-08-02 01:29:16'),
(10, 14, 'TOR', 'storage/tender_related_documents/14-1722929672.png', NULL, NULL, 1, NULL, '2024-08-06 01:49:33', '2024-08-06 01:49:33');

-- --------------------------------------------------------

--
-- Table structure for table `tender_working_area`
--

CREATE TABLE `tender_working_area` (
  `id` bigint(20) UNSIGNED NOT NULL,
  `tender_id` bigint(20) UNSIGNED NOT NULL,
  `working_area_id` bigint(20) UNSIGNED NOT NULL,
  `deleted_at` timestamp NULL DEFAULT NULL,
  `created_at` timestamp NULL DEFAULT NULL,
  `updated_at` timestamp NULL DEFAULT NULL
) ENGINE=InnoDB DEFAULT CHARSET=utf8mb4 COLLATE=utf8mb4_unicode_ci;

--
-- Dumping data for table `tender_working_area`
--

INSERT INTO `tender_working_area` (`id`, `tender_id`, `working_area_id`, `deleted_at`, `created_at`, `updated_at`) VALUES
(1, 1, 1, NULL, '2024-06-25 10:53:47', '2024-06-25 10:53:47'),
(2, 1, 3, NULL, '2024-06-25 10:53:47', '2024-06-25 10:53:47'),
(3, 1, 6, NULL, '2024-06-25 10:53:47', '2024-06-25 10:53:47'),
(4, 1, 5, NULL, '2024-06-25 10:53:47', '2024-06-25 10:53:47'),
(5, 1, 8, NULL, '2024-06-25 10:53:47', '2024-06-25 10:53:47'),
(6, 2, 1, NULL, '2024-06-28 02:00:24', '2024-06-28 02:00:24'),
(7, 2, 4, NULL, '2024-06-28 02:00:24', '2024-06-28 02:00:24'),
(8, 2, 6, NULL, '2024-06-28 02:00:24', '2024-06-28 02:00:24'),
(9, 3, 2, NULL, '2024-07-21 04:04:33', '2024-07-21 04:04:33'),
(10, 3, 5, NULL, '2024-07-21 04:04:33', '2024-07-21 04:04:33'),
(11, 3, 3, NULL, '2024-07-21 04:04:33', '2024-07-21 04:04:33'),
(12, 4, 2, NULL, '2024-07-21 04:12:39', '2024-07-21 04:12:39'),
(13, 4, 5, NULL, '2024-07-21 04:12:39', '2024-07-21 04:12:39'),
(14, 4, 6, NULL, '2024-07-21 04:12:39', '2024-07-21 04:12:39'),
(15, 5, 2, NULL, '2024-07-21 04:15:11', '2024-07-21 04:15:11'),
(16, 5, 4, NULL, '2024-07-21 04:15:11', '2024-07-21 04:15:11'),
(17, 5, 7, NULL, '2024-07-21 04:15:11', '2024-07-21 04:15:11'),
(18, 6, 2, NULL, '2024-07-22 03:42:18', '2024-07-22 03:42:18'),
(19, 6, 4, NULL, '2024-07-22 03:42:18', '2024-07-22 03:42:18'),
(20, 6, 6, NULL, '2024-07-22 03:42:18', '2024-07-22 03:42:18'),
(21, 7, 1, NULL, '2024-07-24 03:04:55', '2024-07-24 03:04:55'),
(22, 7, 3, NULL, '2024-07-24 03:04:55', '2024-07-24 03:04:55'),
(23, 7, 5, NULL, '2024-07-24 03:04:55', '2024-07-24 03:04:55'),
(24, 8, 2, NULL, '2024-07-30 02:12:34', '2024-07-30 02:12:34'),
(25, 8, 4, NULL, '2024-07-30 02:12:35', '2024-07-30 02:12:35'),
(26, 8, 6, NULL, '2024-07-30 02:12:35', '2024-07-30 02:12:35'),
(27, 9, 1, NULL, '2024-07-30 02:49:43', '2024-07-30 02:49:43'),
(28, 9, 2, NULL, '2024-07-30 02:49:43', '2024-07-30 02:49:43'),
(29, 9, 4, NULL, '2024-07-30 02:49:43', '2024-07-30 02:49:43'),
(30, 12, 1, NULL, '2024-08-02 01:24:50', '2024-08-02 01:24:50'),
(31, 12, 2, NULL, '2024-08-02 01:24:50', '2024-08-02 01:24:50'),
(32, 12, 5, NULL, '2024-08-02 01:24:50', '2024-08-02 01:24:50'),
(33, 13, 3, NULL, '2024-08-02 01:29:03', '2024-08-02 01:29:03'),
(34, 13, 5, NULL, '2024-08-02 01:29:03', '2024-08-02 01:29:03'),
(35, 13, 8, NULL, '2024-08-02 01:29:03', '2024-08-02 01:29:03'),
(36, 14, 1, NULL, '2024-08-06 01:49:32', '2024-08-06 01:49:32'),
(37, 14, 4, NULL, '2024-08-06 01:49:32', '2024-08-06 01:49:32'),
(38, 14, 6, NULL, '2024-08-06 01:49:32', '2024-08-06 01:49:32');

-- --------------------------------------------------------

--
-- Table structure for table `web_settings`
--

CREATE TABLE `web_settings` (
  `id` bigint(20) UNSIGNED NOT NULL,
  `name` varchar(255) NOT NULL,
  `display_name` varchar(255) NOT NULL,
  `display_order` int(11) NOT NULL,
  `permission` varchar(255) NOT NULL,
  `values` longtext CHARACTER SET utf8mb4 COLLATE utf8mb4_bin DEFAULT NULL CHECK (json_valid(`values`)),
  `deleted_at` timestamp NULL DEFAULT NULL,
  `created_at` timestamp NULL DEFAULT NULL,
  `updated_at` timestamp NULL DEFAULT NULL
) ENGINE=InnoDB DEFAULT CHARSET=utf8mb4 COLLATE=utf8mb4_unicode_ci;

--
-- Dumping data for table `web_settings`
--

INSERT INTO `web_settings` (`id`, `name`, `display_name`, `display_order`, `permission`, `values`, `deleted_at`, `created_at`, `updated_at`) VALUES
(1, 'general-settings', 'General Settings', 1, 'Manage Settings', NULL, NULL, '2024-06-25 10:39:54', '2024-06-25 10:39:54');

-- --------------------------------------------------------

--
-- Table structure for table `wishlist`
--

CREATE TABLE `wishlist` (
  `id` bigint(20) UNSIGNED NOT NULL,
  `org_id` bigint(20) UNSIGNED NOT NULL,
  `roster_id` bigint(20) UNSIGNED NOT NULL,
  `tender_id` bigint(20) UNSIGNED NOT NULL,
  `remarks` text DEFAULT NULL,
  `deleted_at` timestamp NULL DEFAULT NULL,
  `created_at` timestamp NULL DEFAULT NULL,
  `updated_at` timestamp NULL DEFAULT NULL
) ENGINE=InnoDB DEFAULT CHARSET=utf8mb4 COLLATE=utf8mb4_unicode_ci;

-- --------------------------------------------------------

--
-- Table structure for table `working_areas`
--

CREATE TABLE `working_areas` (
  `id` bigint(20) UNSIGNED NOT NULL,
  `parent_id` int(11) NOT NULL DEFAULT 0,
  `area_name` varchar(255) NOT NULL,
  `status` tinyint(1) NOT NULL DEFAULT 1,
  `is_default` tinyint(1) NOT NULL DEFAULT 1,
  `org_id` int(11) DEFAULT NULL,
  `deleted_at` timestamp NULL DEFAULT NULL,
  `created_at` timestamp NULL DEFAULT NULL,
  `updated_at` timestamp NULL DEFAULT NULL
) ENGINE=InnoDB DEFAULT CHARSET=utf8mb4 COLLATE=utf8mb4_unicode_ci;

--
-- Dumping data for table `working_areas`
--

INSERT INTO `working_areas` (`id`, `parent_id`, `area_name`, `status`, `is_default`, `org_id`, `deleted_at`, `created_at`, `updated_at`) VALUES
(1, 0, 'Information & Communication', 1, 1, NULL, NULL, NULL, NULL),
(2, 0, 'Healthcare and Medicine', 1, 1, NULL, NULL, NULL, NULL),
(3, 0, 'Education', 1, 1, NULL, NULL, NULL, NULL),
(4, 0, 'Technology and Innovation', 1, 1, NULL, NULL, NULL, NULL),
(5, 0, 'Finance and Banking', 1, 1, NULL, NULL, NULL, NULL),
(6, 0, 'Nonprofit and Social Services', 1, 1, NULL, NULL, NULL, NULL),
(7, 0, 'Government and Public Sector', 1, 1, NULL, NULL, NULL, NULL),
(8, 0, 'Manufacturing and Industry', 1, 1, NULL, NULL, NULL, NULL),
(9, 0, 'Retail and Consumer Services', 1, 1, NULL, NULL, NULL, NULL),
(10, 0, 'Energy and Utilities', 1, 1, NULL, NULL, NULL, NULL),
(11, 0, 'Media and Entertainment', 1, 1, NULL, NULL, NULL, NULL),
(12, 0, 'Real Estate and Construction', 1, 1, NULL, NULL, NULL, NULL),
(13, 0, 'Transportation and Logistics', 1, 1, NULL, NULL, NULL, NULL),
(14, 0, 'Agriculture and Food Industry', 1, 1, NULL, NULL, NULL, NULL),
(15, 0, 'Legal and Regulatory', 1, 1, NULL, NULL, NULL, NULL),
(16, 0, 'Human Resources and Staffing', 1, 1, NULL, NULL, NULL, NULL),
(17, 0, 'Environmental and Conservation', 1, 1, NULL, NULL, NULL, NULL),
(18, 0, 'Hospitality and Tourism', 1, 1, NULL, NULL, NULL, NULL),
(19, 0, 'Telecommunications', 1, 1, NULL, NULL, NULL, NULL),
(20, 0, 'Sports and Recreation', 1, 1, NULL, NULL, NULL, NULL),
(21, 0, 'Consulting and Professional Services', 1, 1, NULL, NULL, NULL, NULL),
(22, 0, 'Others', 1, 1, NULL, NULL, NULL, NULL);

--
-- Indexes for dumped tables
--

--
-- Indexes for table `activity_log`
--
ALTER TABLE `activity_log`
  ADD PRIMARY KEY (`id`),
  ADD KEY `subject` (`subject_type`,`subject_id`),
  ADD KEY `causer` (`causer_type`,`causer_id`),
  ADD KEY `activity_log_log_name_index` (`log_name`);

--
-- Indexes for table `audits`
--
ALTER TABLE `audits`
  ADD PRIMARY KEY (`id`),
  ADD KEY `audits_auditable_type_auditable_id_index` (`auditable_type`,`auditable_id`),
  ADD KEY `audits_user_id_user_type_index` (`user_id`,`user_type`);

--
-- Indexes for table `blog`
--
ALTER TABLE `blog`
  ADD PRIMARY KEY (`id`),
  ADD KEY `blog_author_id_foreign` (`author_id`);

--
-- Indexes for table `blog_comment`
--
ALTER TABLE `blog_comment`
  ADD PRIMARY KEY (`id`),
  ADD KEY `blog_comment_blog_id_foreign` (`blog_id`);

--
-- Indexes for table `cms`
--
ALTER TABLE `cms`
  ADD PRIMARY KEY (`id`),
  ADD UNIQUE KEY `slug` (`slug`);

--
-- Indexes for table `contact_us`
--
ALTER TABLE `contact_us`
  ADD PRIMARY KEY (`id`);

--
-- Indexes for table `countries`
--
ALTER TABLE `countries`
  ADD PRIMARY KEY (`id`);

--
-- Indexes for table `coupons`
--
ALTER TABLE `coupons`
  ADD PRIMARY KEY (`id`),
  ADD KEY `coupons_org_id_foreign` (`org_id`);

--
-- Indexes for table `criteria_templates`
--
ALTER TABLE `criteria_templates`
  ADD PRIMARY KEY (`id`);

--
-- Indexes for table `custom_service`
--
ALTER TABLE `custom_service`
  ADD PRIMARY KEY (`id`),
  ADD KEY `custom_service_org_id_foreign` (`org_id`),
  ADD KEY `custom_service_assign_user_id_foreign` (`assign_user_id`);

--
-- Indexes for table `districts`
--
ALTER TABLE `districts`
  ADD PRIMARY KEY (`id`),
  ADD KEY `districts_province_id_foreign` (`province_id`);

--
-- Indexes for table `document_types`
--
ALTER TABLE `document_types`
  ADD PRIMARY KEY (`id`);

--
-- Indexes for table `evaluation_criteria`
--
ALTER TABLE `evaluation_criteria`
  ADD PRIMARY KEY (`id`);

--
-- Indexes for table `evaluators`
--
ALTER TABLE `evaluators`
  ADD PRIMARY KEY (`id`),
  ADD KEY `evaluators_org_id_foreign` (`org_id`),
  ADD KEY `evaluators_org_user_id_foreign` (`org_user_id`),
  ADD KEY `evaluators_tender_id_foreign` (`tender_id`);

--
-- Indexes for table `failed_jobs`
--
ALTER TABLE `failed_jobs`
  ADD PRIMARY KEY (`id`),
  ADD UNIQUE KEY `failed_jobs_uuid_unique` (`uuid`);

--
-- Indexes for table `faq`
--
ALTER TABLE `faq`
  ADD PRIMARY KEY (`id`);

--
-- Indexes for table `fees`
--
ALTER TABLE `fees`
  ADD PRIMARY KEY (`id`);

--
-- Indexes for table `fiscals`
--
ALTER TABLE `fiscals`
  ADD PRIMARY KEY (`id`);

--
-- Indexes for table `industry_types`
--
ALTER TABLE `industry_types`
  ADD PRIMARY KEY (`id`),
  ADD KEY `industry_types_parent_id_foreign` (`parent_id`);

--
-- Indexes for table `jobs`
--
ALTER TABLE `jobs`
  ADD PRIMARY KEY (`id`),
  ADD KEY `jobs_queue_index` (`queue`);

--
-- Indexes for table `job_batches`
--
ALTER TABLE `job_batches`
  ADD PRIMARY KEY (`id`);

--
-- Indexes for table `menus`
--
ALTER TABLE `menus`
  ADD PRIMARY KEY (`id`);

--
-- Indexes for table `migrations`
--
ALTER TABLE `migrations`
  ADD PRIMARY KEY (`id`);

--
-- Indexes for table `mkt_customer`
--
ALTER TABLE `mkt_customer`
  ADD PRIMARY KEY (`id`),
  ADD KEY `mkt_customer_industry_type_id_foreign` (`industry_type_id`);

--
-- Indexes for table `mkt_followup`
--
ALTER TABLE `mkt_followup`
  ADD PRIMARY KEY (`id`),
  ADD KEY `mkt_followup_customer_id_foreign` (`customer_id`);

--
-- Indexes for table `model_has_permissions`
--
ALTER TABLE `model_has_permissions`
  ADD PRIMARY KEY (`permission_id`,`model_id`,`model_type`),
  ADD KEY `model_has_permissions_model_id_model_type_index` (`model_id`,`model_type`);

--
-- Indexes for table `model_has_roles`
--
ALTER TABLE `model_has_roles`
  ADD PRIMARY KEY (`role_id`,`model_id`,`model_type`),
  ADD KEY `model_has_roles_model_id_model_type_index` (`model_id`,`model_type`);

--
-- Indexes for table `municipalities`
--
ALTER TABLE `municipalities`
  ADD PRIMARY KEY (`id`),
  ADD KEY `municipalities_muni_type_id_foreign` (`muni_type_id`),
  ADD KEY `municipalities_district_id_foreign` (`district_id`);

--
-- Indexes for table `muni_types`
--
ALTER TABLE `muni_types`
  ADD PRIMARY KEY (`id`);

--
-- Indexes for table `notice_templates`
--
ALTER TABLE `notice_templates`
  ADD PRIMARY KEY (`id`);

--
-- Indexes for table `notifications`
--
ALTER TABLE `notifications`
  ADD PRIMARY KEY (`id`),
  ADD KEY `notifications_notifiable_type_notifiable_id_index` (`notifiable_type`,`notifiable_id`);

--
-- Indexes for table `organization_documents`
--
ALTER TABLE `organization_documents`
  ADD PRIMARY KEY (`id`),
  ADD KEY `organization_documents_org_id_foreign` (`org_id`),
  ADD KEY `organization_documents_doc_type_id_foreign` (`doc_type_id`);

--
-- Indexes for table `organization_working_area`
--
ALTER TABLE `organization_working_area`
  ADD PRIMARY KEY (`id`),
  ADD KEY `organization_working_area_org_id_foreign` (`org_id`),
  ADD KEY `organization_working_area_working_area_id_foreign` (`working_area_id`);

--
-- Indexes for table `org_users`
--
ALTER TABLE `org_users`
  ADD PRIMARY KEY (`id`),
  ADD UNIQUE KEY `org_users_email_unique` (`email`),
  ADD KEY `org_users_org_id_foreign` (`org_id`);

--
-- Indexes for table `org_user_permissions`
--
ALTER TABLE `org_user_permissions`
  ADD PRIMARY KEY (`id`),
  ADD KEY `org_user_permissions_org_id_foreign` (`org_id`),
  ADD KEY `org_user_permissions_org_user_id_foreign` (`org_user_id`);

--
-- Indexes for table `payments`
--
ALTER TABLE `payments`
  ADD PRIMARY KEY (`id`),
  ADD KEY `payments_org_id_foreign` (`org_id`),
  ADD KEY `payments_payby_org_id_foreign` (`payby_org_id`),
  ADD KEY `payments_fee_id_foreign` (`fee_id`);

--
-- Indexes for table `permissions`
--
ALTER TABLE `permissions`
  ADD PRIMARY KEY (`id`),
  ADD UNIQUE KEY `permissions_name_guard_name_unique` (`name`,`guard_name`);

--
-- Indexes for table `provinces`
--
ALTER TABLE `provinces`
  ADD PRIMARY KEY (`id`);

--
-- Indexes for table `push_notifications`
--
ALTER TABLE `push_notifications`
  ADD PRIMARY KEY (`id`);

--
-- Indexes for table `roles`
--
ALTER TABLE `roles`
  ADD PRIMARY KEY (`id`),
  ADD UNIQUE KEY `roles_name_guard_name_unique` (`name`,`guard_name`);

--
-- Indexes for table `role_has_permissions`
--
ALTER TABLE `role_has_permissions`
  ADD PRIMARY KEY (`permission_id`,`role_id`),
  ADD KEY `role_has_permissions_role_id_foreign` (`role_id`);

--
-- Indexes for table `rosters`
--
ALTER TABLE `rosters`
  ADD PRIMARY KEY (`id`),
  ADD KEY `rosters_fy_id_foreign` (`fy_id`),
  ADD KEY `rosters_org_id_foreign` (`org_id`),
  ADD KEY `rosters_creator_id_foreign` (`creator_id`),
  ADD KEY `rosters_verifyer_id_foreign` (`verifyer_id`),
  ADD KEY `rosters_service_id_foreign` (`service_id`),
  ADD KEY `rosters_coupon_id_foreign` (`coupon_id`),
  ADD KEY `rosters_payment_id_foreign` (`payment_id`);

--
-- Indexes for table `roster_applications`
--
ALTER TABLE `roster_applications`
  ADD PRIMARY KEY (`id`),
  ADD KEY `roster_applications_roster_id_foreign` (`roster_id`),
  ADD KEY `roster_applications_org_id_foreign` (`org_id`);

--
-- Indexes for table `roster_application_documents`
--
ALTER TABLE `roster_application_documents`
  ADD PRIMARY KEY (`id`),
  ADD KEY `roster_application_documents_app_id_foreign` (`app_id`),
  ADD KEY `roster_application_documents_doc_type_id_foreign` (`doc_type_id`);

--
-- Indexes for table `roster_application_services`
--
ALTER TABLE `roster_application_services`
  ADD PRIMARY KEY (`id`),
  ADD KEY `roster_application_services_app_id_foreign` (`app_id`),
  ADD KEY `roster_application_services_roster_open_id_foreign` (`roster_open_id`),
  ADD KEY `roster_application_services_org_id_foreign` (`org_id`);

--
-- Indexes for table `roster_documents`
--
ALTER TABLE `roster_documents`
  ADD PRIMARY KEY (`id`),
  ADD KEY `roster_documents_roster_id_foreign` (`roster_id`),
  ADD KEY `roster_documents_doc_type_id_foreign` (`doc_type_id`);

--
-- Indexes for table `roster_opens`
--
ALTER TABLE `roster_opens`
  ADD PRIMARY KEY (`id`),
  ADD KEY `roster_opens_roster_id_foreign` (`roster_id`),
  ADD KEY `roster_opens_roster_service_id_foreign` (`roster_service_id`);

--
-- Indexes for table `roster_open_services`
--
ALTER TABLE `roster_open_services`
  ADD PRIMARY KEY (`id`),
  ADD KEY `roster_open_services_roster_id_foreign` (`roster_id`),
  ADD KEY `roster_open_services_roster_service_id_foreign` (`roster_service_id`),
  ADD KEY `roster_open_services_org_id_foreign` (`org_id`);

--
-- Indexes for table `roster_services`
--
ALTER TABLE `roster_services`
  ADD PRIMARY KEY (`id`),
  ADD KEY `roster_services_working_area_id_foreign` (`working_area_id`),
  ADD KEY `roster_services_org_id_foreign` (`org_id`);

--
-- Indexes for table `services`
--
ALTER TABLE `services`
  ADD PRIMARY KEY (`id`);

--
-- Indexes for table `sessions`
--
ALTER TABLE `sessions`
  ADD PRIMARY KEY (`id`),
  ADD KEY `sessions_user_id_index` (`user_id`),
  ADD KEY `sessions_last_activity_index` (`last_activity`);

--
-- Indexes for table `targeted_customers`
--
ALTER TABLE `targeted_customers`
  ADD PRIMARY KEY (`id`);

--
-- Indexes for table `tenders`
--
ALTER TABLE `tenders`
  ADD PRIMARY KEY (`id`),
  ADD UNIQUE KEY `tender-unique-slug` (`tender_slug`),
  ADD KEY `tenders_org_id_foreign` (`org_id`),
  ADD KEY `tenders_creator_id_foreign` (`creator_id`),
  ADD KEY `tenders_verifier_id_foreign` (`verifier_id`),
  ADD KEY `tenders_service_id_foreign` (`service_id`),
  ADD KEY `tenders_coupon_id_foreign` (`coupon_id`),
  ADD KEY `tenders_payment_id_foreign` (`payment_id`);

--
-- Indexes for table `tender_applications`
--
ALTER TABLE `tender_applications`
  ADD PRIMARY KEY (`id`),
  ADD KEY `tender_applications_org_id_foreign` (`org_id`),
  ADD KEY `tender_applications_tender_id_foreign` (`tender_id`),
  ADD KEY `tender_applications_org_user_id_foreign` (`org_user_id`);

--
-- Indexes for table `tender_application_documents`
--
ALTER TABLE `tender_application_documents`
  ADD PRIMARY KEY (`id`),
  ADD KEY `tender_application_documents_application_id_foreign` (`application_id`),
  ADD KEY `tender_application_documents_org_user_id_foreign` (`org_user_id`);

--
-- Indexes for table `tender_documents`
--
ALTER TABLE `tender_documents`
  ADD PRIMARY KEY (`id`),
  ADD KEY `tender_documents_tender_id_foreign` (`tender_id`);

--
-- Indexes for table `tender_evaluation_criterias`
--
ALTER TABLE `tender_evaluation_criterias`
  ADD PRIMARY KEY (`id`),
  ADD KEY `tender_evaluation_criterias_tender_id_foreign` (`tender_id`);

--
-- Indexes for table `tender_related_documents`
--
ALTER TABLE `tender_related_documents`
  ADD PRIMARY KEY (`id`),
  ADD KEY `tender_related_documents_tender_id_foreign` (`tender_id`);

--
-- Indexes for table `tender_working_area`
--
ALTER TABLE `tender_working_area`
  ADD PRIMARY KEY (`id`),
  ADD KEY `tender_working_area_tender_id_foreign` (`tender_id`),
  ADD KEY `tender_working_area_working_area_id_foreign` (`working_area_id`);

--
-- Indexes for table `web_settings`
--
ALTER TABLE `web_settings`
  ADD PRIMARY KEY (`id`);

--
-- Indexes for table `wishlist`
--
ALTER TABLE `wishlist`
  ADD PRIMARY KEY (`id`),
  ADD KEY `wishlist_org_id_foreign` (`org_id`),
  ADD KEY `wishlist_roster_id_foreign` (`roster_id`),
  ADD KEY `wishlist_tender_id_foreign` (`tender_id`);

--
-- Indexes for table `working_areas`
--
ALTER TABLE `working_areas`
  ADD PRIMARY KEY (`id`);

--
-- AUTO_INCREMENT for dumped tables
--

--
-- AUTO_INCREMENT for table `activity_log`
--
ALTER TABLE `activity_log`
  MODIFY `id` bigint(20) UNSIGNED NOT NULL AUTO_INCREMENT, AUTO_INCREMENT=302;

--
-- AUTO_INCREMENT for table `audits`
--
ALTER TABLE `audits`
  MODIFY `id` bigint(20) UNSIGNED NOT NULL AUTO_INCREMENT, AUTO_INCREMENT=1436;

--
-- AUTO_INCREMENT for table `blog`
--
ALTER TABLE `blog`
  MODIFY `id` bigint(20) UNSIGNED NOT NULL AUTO_INCREMENT, AUTO_INCREMENT=3;

--
-- AUTO_INCREMENT for table `blog_comment`
--
ALTER TABLE `blog_comment`
  MODIFY `id` bigint(20) UNSIGNED NOT NULL AUTO_INCREMENT;

--
-- AUTO_INCREMENT for table `cms`
--
ALTER TABLE `cms`
  MODIFY `id` bigint(20) UNSIGNED NOT NULL AUTO_INCREMENT, AUTO_INCREMENT=6;

--
-- AUTO_INCREMENT for table `contact_us`
--
ALTER TABLE `contact_us`
  MODIFY `id` bigint(20) UNSIGNED NOT NULL AUTO_INCREMENT, AUTO_INCREMENT=14;

--
-- AUTO_INCREMENT for table `countries`
--
ALTER TABLE `countries`
  MODIFY `id` bigint(20) UNSIGNED NOT NULL AUTO_INCREMENT, AUTO_INCREMENT=250;

--
-- AUTO_INCREMENT for table `coupons`
--
ALTER TABLE `coupons`
  MODIFY `id` bigint(20) UNSIGNED NOT NULL AUTO_INCREMENT, AUTO_INCREMENT=21;

--
-- AUTO_INCREMENT for table `criteria_templates`
--
ALTER TABLE `criteria_templates`
  MODIFY `id` bigint(20) UNSIGNED NOT NULL AUTO_INCREMENT, AUTO_INCREMENT=7;

--
-- AUTO_INCREMENT for table `custom_service`
--
ALTER TABLE `custom_service`
  MODIFY `id` bigint(20) UNSIGNED NOT NULL AUTO_INCREMENT;

--
-- AUTO_INCREMENT for table `districts`
--
ALTER TABLE `districts`
  MODIFY `id` bigint(20) UNSIGNED NOT NULL AUTO_INCREMENT, AUTO_INCREMENT=78;

--
-- AUTO_INCREMENT for table `document_types`
--
ALTER TABLE `document_types`
  MODIFY `id` bigint(20) UNSIGNED NOT NULL AUTO_INCREMENT, AUTO_INCREMENT=21;

--
-- AUTO_INCREMENT for table `evaluation_criteria`
--
ALTER TABLE `evaluation_criteria`
  MODIFY `id` bigint(20) UNSIGNED NOT NULL AUTO_INCREMENT;

--
-- AUTO_INCREMENT for table `evaluators`
--
ALTER TABLE `evaluators`
  MODIFY `id` bigint(20) UNSIGNED NOT NULL AUTO_INCREMENT, AUTO_INCREMENT=7;

--
-- AUTO_INCREMENT for table `failed_jobs`
--
ALTER TABLE `failed_jobs`
  MODIFY `id` bigint(20) UNSIGNED NOT NULL AUTO_INCREMENT;

--
-- AUTO_INCREMENT for table `faq`
--
ALTER TABLE `faq`
  MODIFY `id` bigint(20) UNSIGNED NOT NULL AUTO_INCREMENT, AUTO_INCREMENT=7;

--
-- AUTO_INCREMENT for table `fees`
--
ALTER TABLE `fees`
  MODIFY `id` bigint(20) UNSIGNED NOT NULL AUTO_INCREMENT;

--
-- AUTO_INCREMENT for table `fiscals`
--
ALTER TABLE `fiscals`
  MODIFY `id` bigint(20) UNSIGNED NOT NULL AUTO_INCREMENT;

--
-- AUTO_INCREMENT for table `industry_types`
--
ALTER TABLE `industry_types`
  MODIFY `id` bigint(20) UNSIGNED NOT NULL AUTO_INCREMENT, AUTO_INCREMENT=17;

--
-- AUTO_INCREMENT for table `jobs`
--
ALTER TABLE `jobs`
  MODIFY `id` bigint(20) UNSIGNED NOT NULL AUTO_INCREMENT;

--
-- AUTO_INCREMENT for table `menus`
--
ALTER TABLE `menus`
  MODIFY `id` bigint(20) UNSIGNED NOT NULL AUTO_INCREMENT, AUTO_INCREMENT=19;

--
-- AUTO_INCREMENT for table `migrations`
--
ALTER TABLE `migrations`
  MODIFY `id` int(10) UNSIGNED NOT NULL AUTO_INCREMENT, AUTO_INCREMENT=65;

--
-- AUTO_INCREMENT for table `mkt_customer`
--
ALTER TABLE `mkt_customer`
  MODIFY `id` bigint(20) UNSIGNED NOT NULL AUTO_INCREMENT, AUTO_INCREMENT=2;

--
-- AUTO_INCREMENT for table `mkt_followup`
--
ALTER TABLE `mkt_followup`
  MODIFY `id` bigint(20) UNSIGNED NOT NULL AUTO_INCREMENT;

--
-- AUTO_INCREMENT for table `municipalities`
--
ALTER TABLE `municipalities`
  MODIFY `id` bigint(20) UNSIGNED NOT NULL AUTO_INCREMENT, AUTO_INCREMENT=754;

--
-- AUTO_INCREMENT for table `muni_types`
--
ALTER TABLE `muni_types`
  MODIFY `id` bigint(20) UNSIGNED NOT NULL AUTO_INCREMENT, AUTO_INCREMENT=5;

--
-- AUTO_INCREMENT for table `notice_templates`
--
ALTER TABLE `notice_templates`
  MODIFY `id` bigint(20) UNSIGNED NOT NULL AUTO_INCREMENT, AUTO_INCREMENT=4;

--
-- AUTO_INCREMENT for table `organization_documents`
--
ALTER TABLE `organization_documents`
  MODIFY `id` bigint(20) UNSIGNED NOT NULL AUTO_INCREMENT;

--
-- AUTO_INCREMENT for table `organization_working_area`
--
ALTER TABLE `organization_working_area`
  MODIFY `id` bigint(20) UNSIGNED NOT NULL AUTO_INCREMENT, AUTO_INCREMENT=78;

--
-- AUTO_INCREMENT for table `org_users`
--
ALTER TABLE `org_users`
  MODIFY `id` bigint(20) UNSIGNED NOT NULL AUTO_INCREMENT, AUTO_INCREMENT=2;

--
-- AUTO_INCREMENT for table `org_user_permissions`
--
ALTER TABLE `org_user_permissions`
  MODIFY `id` bigint(20) UNSIGNED NOT NULL AUTO_INCREMENT, AUTO_INCREMENT=4;

--
-- AUTO_INCREMENT for table `payments`
--
ALTER TABLE `payments`
  MODIFY `id` bigint(20) UNSIGNED NOT NULL AUTO_INCREMENT;

--
-- AUTO_INCREMENT for table `permissions`
--
ALTER TABLE `permissions`
  MODIFY `id` bigint(20) UNSIGNED NOT NULL AUTO_INCREMENT, AUTO_INCREMENT=62;

--
-- AUTO_INCREMENT for table `provinces`
--
ALTER TABLE `provinces`
  MODIFY `id` bigint(20) UNSIGNED NOT NULL AUTO_INCREMENT, AUTO_INCREMENT=8;

--
-- AUTO_INCREMENT for table `push_notifications`
--
ALTER TABLE `push_notifications`
  MODIFY `id` bigint(20) UNSIGNED NOT NULL AUTO_INCREMENT, AUTO_INCREMENT=3;

--
-- AUTO_INCREMENT for table `roles`
--
ALTER TABLE `roles`
  MODIFY `id` bigint(20) UNSIGNED NOT NULL AUTO_INCREMENT, AUTO_INCREMENT=2;

--
-- AUTO_INCREMENT for table `rosters`
--
ALTER TABLE `rosters`
  MODIFY `id` bigint(20) UNSIGNED NOT NULL AUTO_INCREMENT, AUTO_INCREMENT=34;

--
-- AUTO_INCREMENT for table `roster_applications`
--
ALTER TABLE `roster_applications`
  MODIFY `id` bigint(20) UNSIGNED NOT NULL AUTO_INCREMENT, AUTO_INCREMENT=13;

--
-- AUTO_INCREMENT for table `roster_application_documents`
--
ALTER TABLE `roster_application_documents`
  MODIFY `id` bigint(20) UNSIGNED NOT NULL AUTO_INCREMENT, AUTO_INCREMENT=29;

--
-- AUTO_INCREMENT for table `roster_application_services`
--
ALTER TABLE `roster_application_services`
  MODIFY `id` bigint(20) UNSIGNED NOT NULL AUTO_INCREMENT, AUTO_INCREMENT=154;

--
-- AUTO_INCREMENT for table `roster_documents`
--
ALTER TABLE `roster_documents`
  MODIFY `id` bigint(20) UNSIGNED NOT NULL AUTO_INCREMENT, AUTO_INCREMENT=228;

--
-- AUTO_INCREMENT for table `roster_opens`
--
ALTER TABLE `roster_opens`
  MODIFY `id` bigint(20) UNSIGNED NOT NULL AUTO_INCREMENT, AUTO_INCREMENT=440;

--
-- AUTO_INCREMENT for table `roster_open_services`
--
ALTER TABLE `roster_open_services`
  MODIFY `id` bigint(20) UNSIGNED NOT NULL AUTO_INCREMENT;

--
-- AUTO_INCREMENT for table `roster_services`
--
ALTER TABLE `roster_services`
  MODIFY `id` bigint(20) UNSIGNED NOT NULL AUTO_INCREMENT, AUTO_INCREMENT=21;

--
-- AUTO_INCREMENT for table `services`
--
ALTER TABLE `services`
  MODIFY `id` bigint(20) UNSIGNED NOT NULL AUTO_INCREMENT, AUTO_INCREMENT=8;

--
-- AUTO_INCREMENT for table `targeted_customers`
--
ALTER TABLE `targeted_customers`
  MODIFY `id` int(11) NOT NULL AUTO_INCREMENT;

--
-- AUTO_INCREMENT for table `tenders`
--
ALTER TABLE `tenders`
  MODIFY `id` bigint(20) UNSIGNED NOT NULL AUTO_INCREMENT, AUTO_INCREMENT=15;

--
-- AUTO_INCREMENT for table `tender_applications`
--
ALTER TABLE `tender_applications`
  MODIFY `id` bigint(20) UNSIGNED NOT NULL AUTO_INCREMENT, AUTO_INCREMENT=4;

--
-- AUTO_INCREMENT for table `tender_application_documents`
--
ALTER TABLE `tender_application_documents`
  MODIFY `id` bigint(20) UNSIGNED NOT NULL AUTO_INCREMENT, AUTO_INCREMENT=6;

--
-- AUTO_INCREMENT for table `tender_documents`
--
ALTER TABLE `tender_documents`
  MODIFY `id` bigint(20) UNSIGNED NOT NULL AUTO_INCREMENT, AUTO_INCREMENT=77;

--
-- AUTO_INCREMENT for table `tender_evaluation_criterias`
--
ALTER TABLE `tender_evaluation_criterias`
  MODIFY `id` bigint(20) UNSIGNED NOT NULL AUTO_INCREMENT, AUTO_INCREMENT=50;

--
-- AUTO_INCREMENT for table `tender_related_documents`
--
ALTER TABLE `tender_related_documents`
  MODIFY `id` bigint(20) UNSIGNED NOT NULL AUTO_INCREMENT, AUTO_INCREMENT=11;

--
-- AUTO_INCREMENT for table `tender_working_area`
--
ALTER TABLE `tender_working_area`
  MODIFY `id` bigint(20) UNSIGNED NOT NULL AUTO_INCREMENT, AUTO_INCREMENT=39;

--
-- AUTO_INCREMENT for table `web_settings`
--
ALTER TABLE `web_settings`
  MODIFY `id` bigint(20) UNSIGNED NOT NULL AUTO_INCREMENT, AUTO_INCREMENT=2;

--
-- AUTO_INCREMENT for table `wishlist`
--
ALTER TABLE `wishlist`
  MODIFY `id` bigint(20) UNSIGNED NOT NULL AUTO_INCREMENT;

--
-- AUTO_INCREMENT for table `working_areas`
--
ALTER TABLE `working_areas`
  MODIFY `id` bigint(20) UNSIGNED NOT NULL AUTO_INCREMENT, AUTO_INCREMENT=23;

--
-- Constraints for dumped tables
--

--
-- Constraints for table `blog`
--
ALTER TABLE `blog`
  ADD CONSTRAINT `blog_author_id_foreign` FOREIGN KEY (`author_id`) REFERENCES `users` (`id`);

--
-- Constraints for table `blog_comment`
--
ALTER TABLE `blog_comment`
  ADD CONSTRAINT `blog_comment_blog_id_foreign` FOREIGN KEY (`blog_id`) REFERENCES `blog` (`id`);

--
-- Constraints for table `coupons`
--
ALTER TABLE `coupons`
  ADD CONSTRAINT `coupons_org_id_foreign` FOREIGN KEY (`org_id`) REFERENCES `organizations` (`id`);

--
-- Constraints for table `custom_service`
--
ALTER TABLE `custom_service`
  ADD CONSTRAINT `custom_service_assign_user_id_foreign` FOREIGN KEY (`assign_user_id`) REFERENCES `users` (`id`),
  ADD CONSTRAINT `custom_service_org_id_foreign` FOREIGN KEY (`org_id`) REFERENCES `organizations` (`id`);

--
-- Constraints for table `districts`
--
ALTER TABLE `districts`
  ADD CONSTRAINT `districts_province_id_foreign` FOREIGN KEY (`province_id`) REFERENCES `provinces` (`id`);

--
-- Constraints for table `evaluators`
--
ALTER TABLE `evaluators`
  ADD CONSTRAINT `evaluators_org_id_foreign` FOREIGN KEY (`org_id`) REFERENCES `organizations` (`id`),
  ADD CONSTRAINT `evaluators_org_user_id_foreign` FOREIGN KEY (`org_user_id`) REFERENCES `org_users` (`id`),
  ADD CONSTRAINT `evaluators_tender_id_foreign` FOREIGN KEY (`tender_id`) REFERENCES `tenders` (`id`);

--
-- Constraints for table `industry_types`
--
ALTER TABLE `industry_types`
  ADD CONSTRAINT `industry_types_parent_id_foreign` FOREIGN KEY (`parent_id`) REFERENCES `industry_types` (`id`);

--
-- Constraints for table `mkt_customer`
--
ALTER TABLE `mkt_customer`
  ADD CONSTRAINT `mkt_customer_industry_type_id_foreign` FOREIGN KEY (`industry_type_id`) REFERENCES `industry_types` (`id`);

--
-- Constraints for table `mkt_followup`
--
ALTER TABLE `mkt_followup`
  ADD CONSTRAINT `mkt_followup_customer_id_foreign` FOREIGN KEY (`customer_id`) REFERENCES `mkt_customer` (`id`);

--
-- Constraints for table `model_has_permissions`
--
ALTER TABLE `model_has_permissions`
  ADD CONSTRAINT `model_has_permissions_permission_id_foreign` FOREIGN KEY (`permission_id`) REFERENCES `permissions` (`id`) ON DELETE CASCADE;

--
-- Constraints for table `model_has_roles`
--
ALTER TABLE `model_has_roles`
  ADD CONSTRAINT `model_has_roles_role_id_foreign` FOREIGN KEY (`role_id`) REFERENCES `roles` (`id`) ON DELETE CASCADE;

--
-- Constraints for table `municipalities`
--
ALTER TABLE `municipalities`
  ADD CONSTRAINT `municipalities_district_id_foreign` FOREIGN KEY (`district_id`) REFERENCES `districts` (`id`),
  ADD CONSTRAINT `municipalities_muni_type_id_foreign` FOREIGN KEY (`muni_type_id`) REFERENCES `muni_types` (`id`);

--
-- Constraints for table `organization_documents`
--
ALTER TABLE `organization_documents`
  ADD CONSTRAINT `organization_documents_doc_type_id_foreign` FOREIGN KEY (`doc_type_id`) REFERENCES `document_types` (`id`),
  ADD CONSTRAINT `organization_documents_org_id_foreign` FOREIGN KEY (`org_id`) REFERENCES `organizations` (`id`);

--
-- Constraints for table `organization_working_area`
--
ALTER TABLE `organization_working_area`
  ADD CONSTRAINT `organization_working_area_org_id_foreign` FOREIGN KEY (`org_id`) REFERENCES `organizations` (`id`),
  ADD CONSTRAINT `organization_working_area_working_area_id_foreign` FOREIGN KEY (`working_area_id`) REFERENCES `working_areas` (`id`);

--
-- Constraints for table `org_users`
--
ALTER TABLE `org_users`
  ADD CONSTRAINT `org_users_org_id_foreign` FOREIGN KEY (`org_id`) REFERENCES `organizations` (`id`);

--
-- Constraints for table `org_user_permissions`
--
ALTER TABLE `org_user_permissions`
  ADD CONSTRAINT `org_user_permissions_org_id_foreign` FOREIGN KEY (`org_id`) REFERENCES `organizations` (`id`),
  ADD CONSTRAINT `org_user_permissions_org_user_id_foreign` FOREIGN KEY (`org_user_id`) REFERENCES `org_users` (`id`);

--
-- Constraints for table `payments`
--
ALTER TABLE `payments`
  ADD CONSTRAINT `payments_fee_id_foreign` FOREIGN KEY (`fee_id`) REFERENCES `fees` (`id`),
  ADD CONSTRAINT `payments_org_id_foreign` FOREIGN KEY (`org_id`) REFERENCES `organizations` (`id`),
  ADD CONSTRAINT `payments_payby_org_id_foreign` FOREIGN KEY (`payby_org_id`) REFERENCES `organizations` (`id`);

--
-- Constraints for table `role_has_permissions`
--
ALTER TABLE `role_has_permissions`
  ADD CONSTRAINT `role_has_permissions_permission_id_foreign` FOREIGN KEY (`permission_id`) REFERENCES `permissions` (`id`) ON DELETE CASCADE,
  ADD CONSTRAINT `role_has_permissions_role_id_foreign` FOREIGN KEY (`role_id`) REFERENCES `roles` (`id`) ON DELETE CASCADE;

--
-- Constraints for table `rosters`
--
ALTER TABLE `rosters`
  ADD CONSTRAINT `rosters_coupon_id_foreign` FOREIGN KEY (`coupon_id`) REFERENCES `coupons` (`id`),
  ADD CONSTRAINT `rosters_creator_id_foreign` FOREIGN KEY (`creator_id`) REFERENCES `users` (`id`),
  ADD CONSTRAINT `rosters_fy_id_foreign` FOREIGN KEY (`fy_id`) REFERENCES `fiscals` (`id`),
  ADD CONSTRAINT `rosters_org_id_foreign` FOREIGN KEY (`org_id`) REFERENCES `organizations` (`id`),
  ADD CONSTRAINT `rosters_payment_id_foreign` FOREIGN KEY (`payment_id`) REFERENCES `payments` (`id`),
  ADD CONSTRAINT `rosters_service_id_foreign` FOREIGN KEY (`service_id`) REFERENCES `services` (`id`),
  ADD CONSTRAINT `rosters_verifyer_id_foreign` FOREIGN KEY (`verifyer_id`) REFERENCES `users` (`id`);

--
-- Constraints for table `roster_applications`
--
ALTER TABLE `roster_applications`
  ADD CONSTRAINT `roster_applications_org_id_foreign` FOREIGN KEY (`org_id`) REFERENCES `organizations` (`id`),
  ADD CONSTRAINT `roster_applications_roster_id_foreign` FOREIGN KEY (`roster_id`) REFERENCES `rosters` (`id`);

--
-- Constraints for table `roster_application_documents`
--
ALTER TABLE `roster_application_documents`
  ADD CONSTRAINT `roster_application_documents_app_id_foreign` FOREIGN KEY (`app_id`) REFERENCES `roster_applications` (`id`),
  ADD CONSTRAINT `roster_application_documents_doc_type_id_foreign` FOREIGN KEY (`doc_type_id`) REFERENCES `document_types` (`id`);

--
-- Constraints for table `roster_application_services`
--
ALTER TABLE `roster_application_services`
  ADD CONSTRAINT `roster_application_services_app_id_foreign` FOREIGN KEY (`app_id`) REFERENCES `roster_applications` (`id`),
  ADD CONSTRAINT `roster_application_services_org_id_foreign` FOREIGN KEY (`org_id`) REFERENCES `organizations` (`id`),
  ADD CONSTRAINT `roster_application_services_roster_open_id_foreign` FOREIGN KEY (`roster_open_id`) REFERENCES `roster_opens` (`id`);

--
-- Constraints for table `roster_documents`
--
ALTER TABLE `roster_documents`
  ADD CONSTRAINT `roster_documents_doc_type_id_foreign` FOREIGN KEY (`doc_type_id`) REFERENCES `document_types` (`id`),
  ADD CONSTRAINT `roster_documents_roster_id_foreign` FOREIGN KEY (`roster_id`) REFERENCES `rosters` (`id`);

--
-- Constraints for table `roster_opens`
--
ALTER TABLE `roster_opens`
  ADD CONSTRAINT `roster_opens_roster_id_foreign` FOREIGN KEY (`roster_id`) REFERENCES `rosters` (`id`),
  ADD CONSTRAINT `roster_opens_roster_service_id_foreign` FOREIGN KEY (`roster_service_id`) REFERENCES `roster_services` (`id`);

--
-- Constraints for table `roster_open_services`
--
ALTER TABLE `roster_open_services`
  ADD CONSTRAINT `roster_open_services_org_id_foreign` FOREIGN KEY (`org_id`) REFERENCES `organizations` (`id`),
  ADD CONSTRAINT `roster_open_services_roster_id_foreign` FOREIGN KEY (`roster_id`) REFERENCES `rosters` (`id`),
  ADD CONSTRAINT `roster_open_services_roster_service_id_foreign` FOREIGN KEY (`roster_service_id`) REFERENCES `roster_services` (`id`);

--
-- Constraints for table `roster_services`
--
ALTER TABLE `roster_services`
  ADD CONSTRAINT `roster_services_org_id_foreign` FOREIGN KEY (`org_id`) REFERENCES `organizations` (`id`),
  ADD CONSTRAINT `roster_services_working_area_id_foreign` FOREIGN KEY (`working_area_id`) REFERENCES `working_areas` (`id`);

--
-- Constraints for table `tenders`
--
ALTER TABLE `tenders`
  ADD CONSTRAINT `tenders_coupon_id_foreign` FOREIGN KEY (`coupon_id`) REFERENCES `coupons` (`id`),
  ADD CONSTRAINT `tenders_creator_id_foreign` FOREIGN KEY (`creator_id`) REFERENCES `users` (`id`),
  ADD CONSTRAINT `tenders_org_id_foreign` FOREIGN KEY (`org_id`) REFERENCES `organizations` (`id`),
  ADD CONSTRAINT `tenders_payment_id_foreign` FOREIGN KEY (`payment_id`) REFERENCES `payments` (`id`),
  ADD CONSTRAINT `tenders_service_id_foreign` FOREIGN KEY (`service_id`) REFERENCES `services` (`id`),
  ADD CONSTRAINT `tenders_verifier_id_foreign` FOREIGN KEY (`verifier_id`) REFERENCES `users` (`id`);

--
-- Constraints for table `tender_applications`
--
ALTER TABLE `tender_applications`
  ADD CONSTRAINT `tender_applications_org_id_foreign` FOREIGN KEY (`org_id`) REFERENCES `organizations` (`id`),
  ADD CONSTRAINT `tender_applications_org_user_id_foreign` FOREIGN KEY (`org_user_id`) REFERENCES `org_users` (`id`),
  ADD CONSTRAINT `tender_applications_tender_id_foreign` FOREIGN KEY (`tender_id`) REFERENCES `tenders` (`id`);

--
-- Constraints for table `tender_application_documents`
--
ALTER TABLE `tender_application_documents`
  ADD CONSTRAINT `tender_application_documents_application_id_foreign` FOREIGN KEY (`application_id`) REFERENCES `tender_applications` (`id`),
  ADD CONSTRAINT `tender_application_documents_org_user_id_foreign` FOREIGN KEY (`org_user_id`) REFERENCES `org_users` (`id`);

--
-- Constraints for table `tender_documents`
--
ALTER TABLE `tender_documents`
  ADD CONSTRAINT `tender_documents_tender_id_foreign` FOREIGN KEY (`tender_id`) REFERENCES `tenders` (`id`);

--
-- Constraints for table `tender_evaluation_criterias`
--
ALTER TABLE `tender_evaluation_criterias`
  ADD CONSTRAINT `tender_evaluation_criterias_tender_id_foreign` FOREIGN KEY (`tender_id`) REFERENCES `tenders` (`id`);

--
-- Constraints for table `tender_related_documents`
--
ALTER TABLE `tender_related_documents`
  ADD CONSTRAINT `tender_related_documents_tender_id_foreign` FOREIGN KEY (`tender_id`) REFERENCES `tenders` (`id`);

--
-- Constraints for table `tender_working_area`
--
ALTER TABLE `tender_working_area`
  ADD CONSTRAINT `tender_working_area_tender_id_foreign` FOREIGN KEY (`tender_id`) REFERENCES `tenders` (`id`),
  ADD CONSTRAINT `tender_working_area_working_area_id_foreign` FOREIGN KEY (`working_area_id`) REFERENCES `working_areas` (`id`);

--
-- Constraints for table `wishlist`
--
ALTER TABLE `wishlist`
  ADD CONSTRAINT `wishlist_org_id_foreign` FOREIGN KEY (`org_id`) REFERENCES `organizations` (`id`),
  ADD CONSTRAINT `wishlist_roster_id_foreign` FOREIGN KEY (`roster_id`) REFERENCES `rosters` (`id`),
  ADD CONSTRAINT `wishlist_tender_id_foreign` FOREIGN KEY (`tender_id`) REFERENCES `tenders` (`id`);
COMMIT;

